{"id":5618,"date":"2025-06-28T17:24:31","date_gmt":"2025-06-28T15:24:31","guid":{"rendered":"https:\/\/uj.adatbank.ro\/lexikon\/termek\/cengher-simion\/"},"modified":"2025-06-28T17:24:31","modified_gmt":"2025-06-28T15:24:31","slug":"cengher-simion","status":"publish","type":"product","link":"https:\/\/uj.adatbank.ro\/lexikon\/termek\/cengher-simion\/","title":{"rendered":"CENGHER Simion"},"content":{"rendered":"<p>? \u2020 ? : polg\u00e1rmester. \u2013 Erd\u0151szak\u00e1lban polg\u00e1rmester (1918\u201322; 1924\u201325; 1936\u201340). Csend\u0151rt\u00f6rzs\u0151rmester volt a Sz\u00e9kelyf\u00f6ld\u00f6n, ahol j\u00f3l megtanult magyarul, ez\u00e9rt lehetett polg\u00e1rmesternek a m. id\u0151ben is (1942\u2013). Polg\u00e1rmesters\u00e9ge idej\u00e9ben \u00e9p\u00edtett\u00e9k ki k\u00f6zmunk\u00e1val az Obreja hegy k\u00f6r\u00fcl a szerpentinutat, amely a falut \u00f6sszek\u00f6t\u00f6tte a 15. orsz\u00e1g\u00fattal \u00e9s a Maros v\u00f6lggyel, jelent\u0151s m\u00e9rt\u00e9kben fellend\u00edtve az addig eldugott, elmaradt falu gazdas\u00e1gi \u00e9let\u00e9t. <br \/><strong>Irod.:<\/strong> S\u0103calu de P\u0103dure<\/br><\/p>\n","protected":false},"excerpt":{"rendered":"<p>? \u2020 ? : polg\u00e1rmester. \u2013 Erd\u0151szak\u00e1lban polg\u00e1rmester (1918\u201322; 1924\u201325; 1936\u201340). Csend\u0151rt\u00f6rzs\u0151rmester volt a Sz\u00e9kelyf\u00f6ld\u00f6n, ahol j\u00f3l megtanult magyarul, ez\u00e9rt lehetett polg\u00e1rmesternek a m. id\u0151ben is (1942\u2013). Polg\u00e1rmesters\u00e9ge idej\u00e9ben \u00e9p\u00edtett\u00e9k ki k\u00f6zmunk\u00e1val az Obreja hegy k\u00f6r\u00fcl a szerpentinutat, amely a falut \u00f6sszek\u00f6t\u00f6tte a 15. orsz\u00e1g\u00fattal \u00e9s a Maros v\u00f6lggyel, jelent\u0151s m\u00e9rt\u00e9kben fellend\u00edtve az addig eldugott, [&hellip;]<\/p>\n","protected":false},"featured_media":0,"comment_status":"open","ping_status":"closed","template":"","meta":[],"product_brand":[],"product_cat":[137],"product_tag":[],"class_list":{"0":"post-5618","1":"product","2":"type-product","3":"status-publish","5":"product_cat-maros-megyei-eletrajzi-lexikon","7":"first","8":"instock","9":"shipping-taxable","10":"product-type-simple"},"_links":{"self":[{"href":"https:\/\/uj.adatbank.ro\/lexikon\/wp-json\/wp\/v2\/product\/5618","targetHints":{"allow":["GET"]}}],"collection":[{"href":"https:\/\/uj.adatbank.ro\/lexikon\/wp-json\/wp\/v2\/product"}],"about":[{"href":"https:\/\/uj.adatbank.ro\/lexikon\/wp-json\/wp\/v2\/types\/product"}],"replies":[{"embeddable":true,"href":"https:\/\/uj.adatbank.ro\/lexikon\/wp-json\/wp\/v2\/comments?post=5618"}],"wp:attachment":[{"href":"https:\/\/uj.adatbank.ro\/lexikon\/wp-json\/wp\/v2\/media?parent=5618"}],"wp:term":[{"taxonomy":"product_brand","embeddable":true,"href":"https:\/\/uj.adatbank.ro\/lexikon\/wp-json\/wp\/v2\/product_brand?post=5618"},{"taxonomy":"product_cat","embeddable":true,"href":"https:\/\/uj.adatbank.ro\/lexikon\/wp-json\/wp\/v2\/product_cat?post=5618"},{"taxonomy":"product_tag","embeddable":true,"href":"https:\/\/uj.adatbank.ro\/lexikon\/wp-json\/wp\/v2\/product_tag?post=5618"}],"curies":[{"name":"wp","href":"https:\/\/api.w.org\/{rel}","templated":true}]}}

<p>? † ? : polgármester. – Erdőszakálban polgármester (1918–22; 1924–25; 1936–40). Csendőrtörzsőrmester volt a Székelyföldön, ahol jól megtanult magyarul, ezért lehetett polgármesternek a m. időben is (1942–). Polgármestersége idejében építették ki közmunkával az Obreja hegy körül a szerpentinutat, amely a falut összekötötte a 15. országúttal és a Maros völggyel, jelentős mértékben fellendítve az addig eldugott, elmaradt falu gazdasági életét. <br /><strong>Irod.:</strong> Săcalu de Pădure</br></p>

<p>? † ? : polgármester. – Erdőszakálban polgármester (1918–22; 1924–25; 1936–40). Csendőrtörzsőrmester volt a Székelyföldön, ahol jól megtanult magyarul, ezért lehetett polgármesternek a m. időben is (1942–). Polgármestersége idejében építették ki közmunkával az Obreja hegy körül a szerpentinutat, amely a falut összekötötte a 15. országúttal és a Maros völggyel, jelentős mértékben fellendítve az addig eldugott, [&hellip;]</p>
