{"id":5622,"date":"2025-06-28T17:24:37","date_gmt":"2025-06-28T15:24:37","guid":{"rendered":"https:\/\/uj.adatbank.ro\/lexikon\/termek\/ceontea-radu-%c2%a7-ciontea-radu\/"},"modified":"2025-06-28T17:24:37","modified_gmt":"2025-06-28T15:24:37","slug":"ceontea-radu-%c2%a7-ciontea-radu","status":"publish","type":"product","link":"https:\/\/uj.adatbank.ro\/lexikon\/termek\/ceontea-radu-%c2%a7-ciontea-radu\/","title":{"rendered":"CEONTEA Radu, \u00a7 Ciontea Radu"},"content":{"rendered":"<p>F\u00fcleh\u00e1za, 1946. nov. 10., \u2020 Mv., 2006. dec. 13. a mv.-i K\u0151templom temet\u0151j\u00e9ben nyugszik. fest\u0151m\u0171v\u00e9sz, tan\u00e1r, politikus. \u2013 Az elemi iskol\u00e1t a sz\u00fcl\u0151faluban v\u00e9gezte, D\u00e9d\u00e1n folytatta, l\u00edc. -ot Marosh\u00e9v\u00edzen a \u201eVasile Roait\u0103\u201d K\u00f6z\u00e9piskol\u00e1ban fejezte be (1964), Kv.-on a \u201eIon Andreescu\u201d Int\u00e9zetben rajztan\u00e1ri oklevelet szerzett (1969). Piatra Neam\u0163ra helyezt\u00e9k, ahol rajztan\u00e1rk\u00e9nt m\u0171k\u00f6d\u00f6tt (1969\u201377), k\u00f6zben t\u00e1jk\u00e9peket festett. Mv.-re ker\u00fclt (1977\u2013) kirakatrendez\u0151 \u00e9s kereskedelmi rekl\u00e1mk\u00e9sz\u00edt\u0151, azut\u00e1n a tan\u00fcgyben kapott \u00e1ll\u00e1st. Szerkeszt\u0151je, majd szerkeszt\u0151s\u00e9gi titk\u00e1ra volt a Vatra c. Mv.-en megjelen\u0151 rom\u00e1n \u00edr\u00f3sz\u00f6vets\u00e9gi foly\u00f3iratnak (1985\u201390). Megalakult Mv.-en a Vatra Rom\u00e2neasc\u0103 Egyes\u00fclet (1990. m\u00e1rc. 15.), amelynek kezdem\u00e9nyez\u0151je, az alap\u00edt\u00f3 bizotts\u00e1g tagja, els\u0151 eln\u00f6ke (1990\u201391), \u00e9s amiut\u00e1n ez az egyes\u00fclet Rom\u00e1n Nemzeti Egys\u00e9gp\u00e1rtt\u00e1 (PUNR.) alakult, ennek is eln\u00f6ke volt. Ennek a p\u00e1rtnak a sz\u00edneben volt a Rom\u00e1n Parlament szen\u00e1tora (1990\u201396). Ezen funkci\u00f3kban sz\u00f3noklatokat tartott, amelyekben a politikai n\u00e9zeteit fejtette ki, \u00fajs\u00e1gcikkeket k\u00f6z\u00f6lt. A p\u00e1rton bel\u00fcli n\u00e9zetelt\u00e9r\u00e9sek miatt lemondott a PUNR eln\u00f6ks\u00e9g\u00e9r\u0151l. F\u00fcggetlen szen\u00e1tor (1992\u2013). A Nemzei Liber\u00e1lis P\u00e1rt tagja (1995). A 90-es \u00e9vek v\u00e9g\u00e9n ki\u00e1br\u00e1ndult a politik\u00e1b\u00f3, Dob\u00eerca faluban v\u00e1s\u00e1rolt egy h\u00e1zat, ahol visszavonultan \u00e9lt. Sz\u00edvroham k\u00f6vetkezt\u00e9ben Mv.-re sz\u00e1ll\u00edtott\u00e1k, ahol m\u00e1r nem tudt\u00e1k megmenteni. K\u00e9pz\u0151m\u0171v\u00e9szeti alkot\u00e1saival el\u0151sz\u00f6r Kv.-on tanul\u00f3 \u00e9vei alatt jelentkezett (1969). Festm\u00e9nyei, \u00fcvegre festett ikonjai N\u00e9metorsz\u00e1g-, Sv\u00e1jc-, Izrael-, Hollandia-, Magyaro. &#8211; \u00e9s az USA-ban tal\u00e1lhat\u00f3k. Grafik\u00e1kat \u00e9s k\u00f6nyvill. -kat is alkotott a Junimea; Dacia; Cartea Rom\u00e2neasc\u0103; Ion Creang\u0103; Tipomur; Columna; Ulise kiad\u00f3knak. T\u00f6bb foly\u00f3irat munkat\u00e1rsak\u00e9nt cikkeket k\u00f6z\u00f6lt \u00e9s ill.-i jelentek meg az Ateneu, Tribuna, Cronica, Arta, Contemporanul, Flac\u0103ra, Steaua, Revista literar\u0103, Vatra, Igaz Sz\u00f3, \u00daj \u00c9let, \u00datunk, A H\u00e9t, Volk und Kultur c. foly\u00f3iratokban (1990-ig). \u2013 <strong>F. ki\u00e1ll.:<\/strong> egy\u00e9ni: fest\u00e9szeti ki\u00e1ll\u00edt\u00e1sai: Piatra Neam\u0163 (1970; 1971; 1974; 1976; 1985); Kv. (1976); Ia\u015fi (1977); Mv. (1977, 1978, 1980, 1982, 1986, 1988); kollekt\u00edv: Buk. &#8211; nemzeti ki\u00e1ll\u00edt\u00e1sokon vett r\u00e9szt a Dalles Teremben (1980, 1984, 1986); ill, bor\u00edt\u00f3: Epopeea de pe Mure\u015f (G. Ploie\u015fteanu, V. T. Suciu-val, TgM., 1985); Starea de veghe (L. L\u0103dariuval, TgM, 1992); Visul. De la medicin\u0103 la psihoanaliz\u0103, cultur\u0103, filosofie (L. Popoviciu, V. Foi\u015foreanu-val, Buc., 1994). <br \/><strong>Irod.:<\/strong> Bosoanc\u0103\u2013Opri\u015f; Ceontea macsk\u00e1ja = Farkas \u00c1rp\u00e1d: Nemilyen lovat akartam (Bp., 2020); Traian Du\u015fa: Pagini de istorie, art\u0103 \u015fi cultur\u0103, 2. (Tg. M., 2002); Id\u0151t\u00e1r 4.; Kincses 2016; Lapozgat\u00f3 (N\u00fa., 1991. jan. 11.); L\u00e1szl\u00f3 \u2013 Nov\u00e1k; Todea 2013<\/br><\/p>\n","protected":false},"excerpt":{"rendered":"<p>F\u00fcleh\u00e1za, 1946. nov. 10., \u2020 Mv., 2006. dec. 13. a mv.-i K\u0151templom temet\u0151j\u00e9ben nyugszik. fest\u0151m\u0171v\u00e9sz, tan\u00e1r, politikus. \u2013 Az elemi iskol\u00e1t a sz\u00fcl\u0151faluban v\u00e9gezte, D\u00e9d\u00e1n folytatta, l\u00edc. -ot Marosh\u00e9v\u00edzen a \u201eVasile Roait\u0103\u201d K\u00f6z\u00e9piskol\u00e1ban fejezte be (1964), Kv.-on a \u201eIon Andreescu\u201d Int\u00e9zetben rajztan\u00e1ri oklevelet szerzett (1969). Piatra Neam\u0163ra helyezt\u00e9k, ahol rajztan\u00e1rk\u00e9nt m\u0171k\u00f6d\u00f6tt (1969\u201377), k\u00f6zben t\u00e1jk\u00e9peket festett. [&hellip;]<\/p>\n","protected":false},"featured_media":0,"comment_status":"open","ping_status":"closed","template":"","meta":[],"product_brand":[],"product_cat":[137],"product_tag":[],"class_list":{"0":"post-5622","1":"product","2":"type-product","3":"status-publish","5":"product_cat-maros-megyei-eletrajzi-lexikon","7":"first","8":"instock","9":"shipping-taxable","10":"product-type-simple"},"_links":{"self":[{"href":"https:\/\/uj.adatbank.ro\/lexikon\/wp-json\/wp\/v2\/product\/5622","targetHints":{"allow":["GET"]}}],"collection":[{"href":"https:\/\/uj.adatbank.ro\/lexikon\/wp-json\/wp\/v2\/product"}],"about":[{"href":"https:\/\/uj.adatbank.ro\/lexikon\/wp-json\/wp\/v2\/types\/product"}],"replies":[{"embeddable":true,"href":"https:\/\/uj.adatbank.ro\/lexikon\/wp-json\/wp\/v2\/comments?post=5622"}],"wp:attachment":[{"href":"https:\/\/uj.adatbank.ro\/lexikon\/wp-json\/wp\/v2\/media?parent=5622"}],"wp:term":[{"taxonomy":"product_brand","embeddable":true,"href":"https:\/\/uj.adatbank.ro\/lexikon\/wp-json\/wp\/v2\/product_brand?post=5622"},{"taxonomy":"product_cat","embeddable":true,"href":"https:\/\/uj.adatbank.ro\/lexikon\/wp-json\/wp\/v2\/product_cat?post=5622"},{"taxonomy":"product_tag","embeddable":true,"href":"https:\/\/uj.adatbank.ro\/lexikon\/wp-json\/wp\/v2\/product_tag?post=5622"}],"curies":[{"name":"wp","href":"https:\/\/api.w.org\/{rel}","templated":true}]}}

<p>Füleháza, 1946. nov. 10., † Mv., 2006. dec. 13. a mv.-i Kőtemplom temetőjében nyugszik. festőművész, tanár, politikus. – Az elemi iskolát a szülőfaluban végezte, Dédán folytatta, líc. -ot Maroshévízen a „Vasile Roaită” Középiskolában fejezte be (1964), Kv.-on a „Ion Andreescu” Intézetben rajztanári oklevelet szerzett (1969). Piatra Neamţra helyezték, ahol rajztanárként működött (1969–77), közben tájképeket festett. Mv.-re került (1977–) kirakatrendező és kereskedelmi reklámkészítő, azután a tanügyben kapott állást. Szerkesztője, majd szerkesztőségi titkára volt a Vatra c. Mv.-en megjelenő román írószövetségi folyóiratnak (1985–90). Megalakult Mv.-en a Vatra Românească Egyesület (1990. márc. 15.), amelynek kezdeményezője, az alapító bizottság tagja, első elnöke (1990–91), és amiután ez az egyesület Román Nemzeti Egységpárttá (PUNR.) alakult, ennek is elnöke volt. Ennek a pártnak a színeben volt a Román Parlament szenátora (1990–96). Ezen funkciókban szónoklatokat tartott, amelyekben a politikai nézeteit fejtette ki, újságcikkeket közölt. A párton belüli nézeteltérések miatt lemondott a PUNR elnökségéről. Független szenátor (1992–). A Nemzei Liberális Párt tagja (1995). A 90-es évek végén kiábrándult a politikábó, Dobîrca faluban vásárolt egy házat, ahol visszavonultan élt. Szívroham következtében Mv.-re szállították, ahol már nem tudták megmenteni. Képzőművészeti alkotásaival először Kv.-on tanuló évei alatt jelentkezett (1969). Festményei, üvegre festett ikonjai Németország-, Svájc-, Izrael-, Hollandia-, Magyaro. &#8211; és az USA-ban találhatók. Grafikákat és könyvill. -kat is alkotott a Junimea; Dacia; Cartea Românească; Ion Creangă; Tipomur; Columna; Ulise kiadóknak. Több folyóirat munkatársaként cikkeket közölt és ill.-i jelentek meg az Ateneu, Tribuna, Cronica, Arta, Contemporanul, Flacăra, Steaua, Revista literară, Vatra, Igaz Szó, Új Élet, Útunk, A Hét, Volk und Kultur c. folyóiratokban (1990-ig). – <strong>F. kiáll.:</strong> egyéni: festészeti kiállításai: Piatra Neamţ (1970; 1971; 1974; 1976; 1985); Kv. (1976); Iaşi (1977); Mv. (1977, 1978, 1980, 1982, 1986, 1988); kollektív: Buk. &#8211; nemzeti kiállításokon vett részt a Dalles Teremben (1980, 1984, 1986); ill, borító: Epopeea de pe Mureş (G. Ploieşteanu, V. T. Suciu-val, TgM., 1985); Starea de veghe (L. Lădariuval, TgM, 1992); Visul. De la medicină la psihoanaliză, cultură, filosofie (L. Popoviciu, V. Foişoreanu-val, Buc., 1994). <br /><strong>Irod.:</strong> Bosoancă–Opriş; Ceontea macskája = Farkas Árpád: Nemilyen lovat akartam (Bp., 2020); Traian Duşa: Pagini de istorie, artă şi cultură, 2. (Tg. M., 2002); Időtár 4.; Kincses 2016; Lapozgató (Nú., 1991. jan. 11.); László – Novák; Todea 2013</br></p>

<p>Füleháza, 1946. nov. 10., † Mv., 2006. dec. 13. a mv.-i Kőtemplom temetőjében nyugszik. festőművész, tanár, politikus. – Az elemi iskolát a szülőfaluban végezte, Dédán folytatta, líc. -ot Maroshévízen a „Vasile Roaită” Középiskolában fejezte be (1964), Kv.-on a „Ion Andreescu” Intézetben rajztanári oklevelet szerzett (1969). Piatra Neamţra helyezték, ahol rajztanárként működött (1969–77), közben tájképeket festett. [&hellip;]</p>
