{"id":5623,"date":"2025-06-28T17:24:38","date_gmt":"2025-06-28T15:24:38","guid":{"rendered":"https:\/\/uj.adatbank.ro\/lexikon\/termek\/ceontea-stefan-%c2%a7\/"},"modified":"2025-06-28T17:24:38","modified_gmt":"2025-06-28T15:24:38","slug":"ceontea-stefan-%c2%a7","status":"publish","type":"product","link":"https:\/\/uj.adatbank.ro\/lexikon\/termek\/ceontea-stefan-%c2%a7\/","title":{"rendered":"CEONTEA \u015etefan, \u00a7"},"content":{"rendered":"<p>D\u00e9da, 1908. m\u00e1j. 23. \u2020 Mv., 1985. okt., D\u00e9d\u00e1n temett\u00e9k: tan\u00edt\u00f3. \u2013 Feles\u00e9ge: Hortenzia, tan\u00edt\u00f3n\u0151. \u2013 Tan\u00edt\u00f3i okl. -t Kv.-on szerzett (1925). D\u00e9d\u00e1ra (1926\u201330), onnan Mez\u0151b\u00e1ndra helyezt\u00e9k, ahol iskolaigazgat\u00f3 is volt (1930\u201340). Tiszti rangban vett r\u00e9szt a II. vh.-ban, szovjet fogs\u00e1gba esett (1941\u2013). Kiszabadul\u00e1sa ut\u00e1n hazat\u00e9rt (1946). Mv.-en a p\u00e1rtiskola tan\u00e1ra lett (1948\u2013). Tisztvisel\u0151 volt a mv.-i 8. \u00c9p\u00edtkez\u00e9si Tr\u00f6sztn\u00e9l. Tagja volt a Faliboga vezette kommunistaellenes csoportnak. Letart\u00f3ztatt\u00e1k (1956. nov. 16.), \u00e9s 18 \u00e9vi b\u00f6rt\u00f6nre \u00edt\u00e9lt\u00e9k. B\u00f6rt\u00f6n\u00e9veit Szebenben, Enyeden, Pite\u015fti-en \u00e9s Szamos\u00fajv\u00e1ron t\u00f6lt\u00f6tte. Gh. Dej hatalomra jut\u00e1sakor, a t\u00f6bbi politikai el\u00edt\u00e9lttel egy\u00fctt, amneszti\u00e1val szabadult (1964). Egykori tan\u00edtv\u00e1nyai D\u00e9d\u00e1n helyezt\u00e9k \u00f6r\u00f6k nyugalomra. <br \/><strong>Irod.:<\/strong> \u00c1ldozatok; Balint, Nicolae; Bosoanc\u0103\u2013Opri\u015f; Deda \u00een spa\u0163iu<\/br><\/p>\n","protected":false},"excerpt":{"rendered":"<p>D\u00e9da, 1908. m\u00e1j. 23. \u2020 Mv., 1985. okt., D\u00e9d\u00e1n temett\u00e9k: tan\u00edt\u00f3. \u2013 Feles\u00e9ge: Hortenzia, tan\u00edt\u00f3n\u0151. \u2013 Tan\u00edt\u00f3i okl. -t Kv.-on szerzett (1925). D\u00e9d\u00e1ra (1926\u201330), onnan Mez\u0151b\u00e1ndra helyezt\u00e9k, ahol iskolaigazgat\u00f3 is volt (1930\u201340). Tiszti rangban vett r\u00e9szt a II. vh.-ban, szovjet fogs\u00e1gba esett (1941\u2013). Kiszabadul\u00e1sa ut\u00e1n hazat\u00e9rt (1946). Mv.-en a p\u00e1rtiskola tan\u00e1ra lett (1948\u2013). Tisztvisel\u0151 volt [&hellip;]<\/p>\n","protected":false},"featured_media":0,"comment_status":"open","ping_status":"closed","template":"","meta":[],"product_brand":[],"product_cat":[137],"product_tag":[],"class_list":{"0":"post-5623","1":"product","2":"type-product","3":"status-publish","5":"product_cat-maros-megyei-eletrajzi-lexikon","7":"first","8":"instock","9":"shipping-taxable","10":"product-type-simple"},"_links":{"self":[{"href":"https:\/\/uj.adatbank.ro\/lexikon\/wp-json\/wp\/v2\/product\/5623","targetHints":{"allow":["GET"]}}],"collection":[{"href":"https:\/\/uj.adatbank.ro\/lexikon\/wp-json\/wp\/v2\/product"}],"about":[{"href":"https:\/\/uj.adatbank.ro\/lexikon\/wp-json\/wp\/v2\/types\/product"}],"replies":[{"embeddable":true,"href":"https:\/\/uj.adatbank.ro\/lexikon\/wp-json\/wp\/v2\/comments?post=5623"}],"wp:attachment":[{"href":"https:\/\/uj.adatbank.ro\/lexikon\/wp-json\/wp\/v2\/media?parent=5623"}],"wp:term":[{"taxonomy":"product_brand","embeddable":true,"href":"https:\/\/uj.adatbank.ro\/lexikon\/wp-json\/wp\/v2\/product_brand?post=5623"},{"taxonomy":"product_cat","embeddable":true,"href":"https:\/\/uj.adatbank.ro\/lexikon\/wp-json\/wp\/v2\/product_cat?post=5623"},{"taxonomy":"product_tag","embeddable":true,"href":"https:\/\/uj.adatbank.ro\/lexikon\/wp-json\/wp\/v2\/product_tag?post=5623"}],"curies":[{"name":"wp","href":"https:\/\/api.w.org\/{rel}","templated":true}]}}

CEONTEA Ştefan, §

<p>Déda, 1908. máj. 23. † Mv., 1985. okt., Dédán temették: tanító. – Felesége: Hortenzia, tanítónő. – Tanítói okl. -t Kv.-on szerzett (1925). Dédára (1926–30), onnan Mezőbándra helyezték, ahol iskolaigazgató is volt (1930–40). Tiszti rangban vett részt a II. vh.-ban, szovjet fogságba esett (1941–). Kiszabadulása után hazatért (1946). Mv.-en a pártiskola tanára lett (1948–). Tisztviselő volt a mv.-i 8. Építkezési Trösztnél. Tagja volt a Faliboga vezette kommunistaellenes csoportnak. Letartóztatták (1956. nov. 16.), és 18 évi börtönre ítélték. Börtönéveit Szebenben, Enyeden, Piteşti-en és Szamosújváron töltötte. Gh. Dej hatalomra jutásakor, a többi politikai elítélttel együtt, amnesztiával szabadult (1964). Egykori tanítványai Dédán helyezték örök nyugalomra. <br /><strong>Irod.:</strong> Áldozatok; Balint, Nicolae; Bosoancă–Opriş; Deda în spaţiu</br></p>

<p>Déda, 1908. máj. 23. † Mv., 1985. okt., Dédán temették: tanító. – Felesége: Hortenzia, tanítónő. – Tanítói okl. -t Kv.-on szerzett (1925). Dédára (1926–30), onnan Mezőbándra helyezték, ahol iskolaigazgató is volt (1930–40). Tiszti rangban vett részt a II. vh.-ban, szovjet fogságba esett (1941–). Kiszabadulása után hazatért (1946). Mv.-en a pártiskola tanára lett (1948–). Tisztviselő volt [&hellip;]</p>
