{"id":5624,"date":"2025-06-28T17:24:39","date_gmt":"2025-06-28T15:24:39","guid":{"rendered":"https:\/\/uj.adatbank.ro\/lexikon\/termek\/ceontea-teodor\/"},"modified":"2025-06-28T17:24:39","modified_gmt":"2025-06-28T15:24:39","slug":"ceontea-teodor","status":"publish","type":"product","link":"https:\/\/uj.adatbank.ro\/lexikon\/termek\/ceontea-teodor\/","title":{"rendered":"CEONTEA Teodor"},"content":{"rendered":"<p>D\u00e9da, 1846. aug. 10., \u2020\u00a0Arad, 1906. dec. 28.: matematika-fizika tan\u00e1r. \u2013 Apja birtokos. Feles\u00e9ge: Rea Silvia Boc\u0219an. Gyermekei: Emil, Minerva, Felicia. \u2013 A tan\u00edt\u00f3k\u00e9pz\u0151t Sz\u00e1szr\u00e9genben, a f\u0151gimn. -ot Bal\u00e1zsfalv\u00e1n a g\u00f6r. kat. gimn.-ban v\u00e9gezte. Olasz nyelvet tanult (1869\u201370), majd a szebeni ortodox p\u00fcsp\u00f6ks\u00e9g \u00f6szt\u00f6nd\u00edj\u00e1val a gr\u00e1ci (1870\u201373) \u00e9s b\u00e9csi (1873\u201374) egyetemek B\u00f6lcs\u00e9szeti Kar\u00e1n matematika-fizika szakon tanult. B\u00e9csben a \u201eRom\u00e2nia Jun\u0103 \u201d egylet egyik alap\u00edt\u00f3 tagja. Ott k\u00f6t\u00f6tt bar\u00e1ts\u00e1got M. Eminescuval, aki n\u00e1luk is volt D\u00e9d\u00e1n (1866). Hazat\u00e9rve Aradon a g\u00f6r\u00f6g-keleti rom\u00e1n tan\u00edt\u00f3k\u00e9pz\u0151 tan\u00e1ra, f\u00f6ldrajzot \u00e9s biol\u00f3gi\u00e1t tan\u00edtott (1876\u20131903). Egyike volt a rom\u00e1n egyes\u00fcl\u00e9si mozgalom \u00e9lharcosainak. Munkat\u00e1rs volt a Telegraful Rom\u00e2n, Federa\u0163iunea, Familia, Biserica \u015fi \u015ecoala c. lapokn\u00e1l, cikkeit a bp.-i Familia, a szebeni Transilvania is k\u00f6z\u00f6lte. Tank\u00f6nyveket is szerkesztett: Geografia universal\u0103, Aritmetica general\u0103 \u015fi special\u0103 (1880\u20131884). Sz\u00e1mos tudom\u00e1nyos dolgozata jelent meg, tudom\u00e1nyos el\u0151ad\u00e1sokat tartott; tagja volt az Encicopedia rom\u00e2n\u0103 szerkeszt\u0151s\u00e9g\u00e9nek. Iosif Moldovannal egy\u00fctt Aradon l\u00e9trehozt\u00e1k a Tan\u00edt\u00f3k Egyes\u00fclet\u00e9t (1891), annak eln\u0151k\u00e9v\u00e9 v\u00e1lasztott\u00e1k. Aradon ma a V\u00edztorony udvar\u00e1n \u00e1ll a mellszobra (1912\u2013), utca viseli a nev\u00e9t. v\u00e9gezte, a gr\u00e1ci (1870\u201373) \u00e9s b\u00e9csi (1873\u201374) egyetemek B\u00f6lcs\u00e9szeti Kar\u00e1n matematika-fizik\u00e1t tanult. B\u00e9csben a \u201eRom\u00e2nia Jun\u0103 \u201d Egylet egyik alap\u00edt\u00f3 tagja. Ott k\u00f6t\u00f6tt bar\u00e1ts\u00e1got M. Eminescuval, aki n\u00e1luk is volt D\u00e9d\u00e1n (1866). Hazat\u00e9rva Aradon a g\u00f6r\u00f6g-keleti rom\u00e1n tan\u00edt\u00f3k\u00e9pz\u0151 tan\u00e1ra (1876\u20131903). Munkat\u00e1rs volt a Telegraful Rom\u00e2n, Federa\u0163iunea, Familia, Biserica \u015fi \u015ecoala c. lapokn\u00e1l, cikkeit a bp.-i Familia, a szebeni Transilvania is k\u00f6z\u00f6lte. Tank\u00f6nyveket is szerkesztett: Geografia universal\u0103, Aritmetica general\u0103 \u015fi special\u0103 (1880\u20131884). Sz\u00e1mos tudom\u00e1nyos dolgozata is megjelent, tudom\u00e1nyos el\u0151ad\u00e1sokat tartott. Iosif Moldovannal egy\u00fctt Aradon l\u00e9trehozt\u00e1k a Tan\u00edt\u00f3k Egyes\u00fclet\u00e9t (1891), tagja volt az Encicopedia rom\u00e2n\u0103 szerkeszt\u0151s\u00e9g\u00e9nek. \u2013 <strong>F. m.:<\/strong> Crea\u0163iunea \u015fi desvoltarea spiritual\u0103 primitiv\u0103 a oamenimei (Arad, 1878); Compendiu de geografie universal\u0103 (Arad, 1880, 1884); Aritmetica general\u0103 \u015fi special\u0103 (Arad, 1884, 1899); Pluralitatea lumilor locuite (1887). <br \/><strong>Irod.:<\/strong> Albu, Nicoale: Dr. Zaharie Pop un erou \u015fi martir al neamului (Blaj, 1943); Bengean; Bor\u015fianu: Deda; Guly\u00e1s; Predescu; Regh. Cult. (5., 2001); Szab\u00f3\u2013Simon\u2013Sz\u00f6gi; Szinnyei; Todea\u2013F\u00fcl\u00f6p\u2013Avram<\/br><\/p>\n","protected":false},"excerpt":{"rendered":"<p>D\u00e9da, 1846. aug. 10., \u2020\u00a0Arad, 1906. dec. 28.: matematika-fizika tan\u00e1r. \u2013 Apja birtokos. Feles\u00e9ge: Rea Silvia Boc\u0219an. Gyermekei: Emil, Minerva, Felicia. \u2013 A tan\u00edt\u00f3k\u00e9pz\u0151t Sz\u00e1szr\u00e9genben, a f\u0151gimn. -ot Bal\u00e1zsfalv\u00e1n a g\u00f6r. kat. gimn.-ban v\u00e9gezte. Olasz nyelvet tanult (1869\u201370), majd a szebeni ortodox p\u00fcsp\u00f6ks\u00e9g \u00f6szt\u00f6nd\u00edj\u00e1val a gr\u00e1ci (1870\u201373) \u00e9s b\u00e9csi (1873\u201374) egyetemek B\u00f6lcs\u00e9szeti Kar\u00e1n matematika-fizika szakon [&hellip;]<\/p>\n","protected":false},"featured_media":0,"comment_status":"open","ping_status":"closed","template":"","meta":[],"product_brand":[],"product_cat":[137],"product_tag":[],"class_list":{"0":"post-5624","1":"product","2":"type-product","3":"status-publish","5":"product_cat-maros-megyei-eletrajzi-lexikon","7":"first","8":"instock","9":"shipping-taxable","10":"product-type-simple"},"_links":{"self":[{"href":"https:\/\/uj.adatbank.ro\/lexikon\/wp-json\/wp\/v2\/product\/5624","targetHints":{"allow":["GET"]}}],"collection":[{"href":"https:\/\/uj.adatbank.ro\/lexikon\/wp-json\/wp\/v2\/product"}],"about":[{"href":"https:\/\/uj.adatbank.ro\/lexikon\/wp-json\/wp\/v2\/types\/product"}],"replies":[{"embeddable":true,"href":"https:\/\/uj.adatbank.ro\/lexikon\/wp-json\/wp\/v2\/comments?post=5624"}],"wp:attachment":[{"href":"https:\/\/uj.adatbank.ro\/lexikon\/wp-json\/wp\/v2\/media?parent=5624"}],"wp:term":[{"taxonomy":"product_brand","embeddable":true,"href":"https:\/\/uj.adatbank.ro\/lexikon\/wp-json\/wp\/v2\/product_brand?post=5624"},{"taxonomy":"product_cat","embeddable":true,"href":"https:\/\/uj.adatbank.ro\/lexikon\/wp-json\/wp\/v2\/product_cat?post=5624"},{"taxonomy":"product_tag","embeddable":true,"href":"https:\/\/uj.adatbank.ro\/lexikon\/wp-json\/wp\/v2\/product_tag?post=5624"}],"curies":[{"name":"wp","href":"https:\/\/api.w.org\/{rel}","templated":true}]}}

<p>Déda, 1846. aug. 10., † Arad, 1906. dec. 28.: matematika-fizika tanár. – Apja birtokos. Felesége: Rea Silvia Bocșan. Gyermekei: Emil, Minerva, Felicia. – A tanítóképzőt Szászrégenben, a főgimn. -ot Balázsfalván a gör. kat. gimn.-ban végezte. Olasz nyelvet tanult (1869–70), majd a szebeni ortodox püspökség ösztöndíjával a gráci (1870–73) és bécsi (1873–74) egyetemek Bölcsészeti Karán matematika-fizika szakon tanult. Bécsben a „România Jună ” egylet egyik alapító tagja. Ott kötött barátságot M. Eminescuval, aki náluk is volt Dédán (1866). Hazatérve Aradon a görög-keleti román tanítóképző tanára, földrajzot és biológiát tanított (1876–1903). Egyike volt a román egyesülési mozgalom élharcosainak. Munkatárs volt a Telegraful Român, Federaţiunea, Familia, Biserica şi Şcoala c. lapoknál, cikkeit a bp.-i Familia, a szebeni Transilvania is közölte. Tankönyveket is szerkesztett: Geografia universală, Aritmetica generală şi specială (1880–1884). Számos tudományos dolgozata jelent meg, tudományos előadásokat tartott; tagja volt az Encicopedia română szerkesztőségének. Iosif Moldovannal együtt Aradon létrehozták a Tanítók Egyesületét (1891), annak elnőkévé választották. Aradon ma a Víztorony udvarán áll a mellszobra (1912–), utca viseli a nevét. végezte, a gráci (1870–73) és bécsi (1873–74) egyetemek Bölcsészeti Karán matematika-fizikát tanult. Bécsben a „România Jună ” Egylet egyik alapító tagja. Ott kötött barátságot M. Eminescuval, aki náluk is volt Dédán (1866). Hazatérva Aradon a görög-keleti román tanítóképző tanára (1876–1903). Munkatárs volt a Telegraful Român, Federaţiunea, Familia, Biserica şi Şcoala c. lapoknál, cikkeit a bp.-i Familia, a szebeni Transilvania is közölte. Tankönyveket is szerkesztett: Geografia universală, Aritmetica generală şi specială (1880–1884). Számos tudományos dolgozata is megjelent, tudományos előadásokat tartott. Iosif Moldovannal együtt Aradon létrehozták a Tanítók Egyesületét (1891), tagja volt az Encicopedia română szerkesztőségének. – <strong>F. m.:</strong> Creaţiunea şi desvoltarea spirituală primitivă a oamenimei (Arad, 1878); Compendiu de geografie universală (Arad, 1880, 1884); Aritmetica generală şi specială (Arad, 1884, 1899); Pluralitatea lumilor locuite (1887). <br /><strong>Irod.:</strong> Albu, Nicoale: Dr. Zaharie Pop un erou şi martir al neamului (Blaj, 1943); Bengean; Borşianu: Deda; Gulyás; Predescu; Regh. Cult. (5., 2001); Szabó–Simon–Szögi; Szinnyei; Todea–Fülöp–Avram</br></p>

<p>Déda, 1846. aug. 10., † Arad, 1906. dec. 28.: matematika-fizika tanár. – Apja birtokos. Felesége: Rea Silvia Bocșan. Gyermekei: Emil, Minerva, Felicia. – A tanítóképzőt Szászrégenben, a főgimn. -ot Balázsfalván a gör. kat. gimn.-ban végezte. Olasz nyelvet tanult (1869–70), majd a szebeni ortodox püspökség ösztöndíjával a gráci (1870–73) és bécsi (1873–74) egyetemek Bölcsészeti Karán matematika-fizika szakon [&hellip;]</p>
