{"id":5625,"date":"2025-06-28T17:24:41","date_gmt":"2025-06-28T15:24:41","guid":{"rendered":"https:\/\/uj.adatbank.ro\/lexikon\/termek\/cerbu-carmen\/"},"modified":"2025-06-28T17:24:41","modified_gmt":"2025-06-28T15:24:41","slug":"cerbu-carmen","status":"publish","type":"product","link":"https:\/\/uj.adatbank.ro\/lexikon\/termek\/cerbu-carmen\/","title":{"rendered":"CERBU Carmen"},"content":{"rendered":"<p>Mv., 1969. j\u00fan. 24., \u2020 Mv., 1992. j\u00fan. 24.: sportol\u00f3, rep\u00fcl\u0151- \u00e9s ejt\u0151erny\u0151s. \u2013 Tragikus hal\u00e1l\u00e1nak els\u0151 \u00e9vfordul\u00f3j\u00e1n els\u0151 izben szervezt\u00e9k meg Mv.-en a Carmen Cerbu Eml\u00e9kkup\u00e1t. Tisztelet\u00e9re eml\u00e9kt\u00e1bl\u00e1t avattak.?. <br \/><strong>Irod.:<\/strong> Carmen Cerbu eml\u00e9kkupa (N\u00fa., 1993. j\u00fan. 18.); Carmen Cerbu eml\u00e9kverseny \u00e9s Erd\u00e9ly-kupa (N\u00fa., 1994. okt. 7.); Carmen Cerbu eml\u00e9kkupa (N\u00fa., 1993. j\u00fan. 18.)<\/br><\/p>\n","protected":false},"excerpt":{"rendered":"<p>Mv., 1969. j\u00fan. 24., \u2020 Mv., 1992. j\u00fan. 24.: sportol\u00f3, rep\u00fcl\u0151- \u00e9s ejt\u0151erny\u0151s. \u2013 Tragikus hal\u00e1l\u00e1nak els\u0151 \u00e9vfordul\u00f3j\u00e1n els\u0151 izben szervezt\u00e9k meg Mv.-en a Carmen Cerbu Eml\u00e9kkup\u00e1t. Tisztelet\u00e9re eml\u00e9kt\u00e1bl\u00e1t avattak.?. Irod.: Carmen Cerbu eml\u00e9kkupa (N\u00fa., 1993. j\u00fan. 18.); Carmen Cerbu eml\u00e9kverseny \u00e9s Erd\u00e9ly-kupa (N\u00fa., 1994. okt. 7.); Carmen Cerbu eml\u00e9kkupa (N\u00fa., 1993. j\u00fan. 18.)<\/p>\n","protected":false},"featured_media":0,"comment_status":"open","ping_status":"closed","template":"","meta":[],"product_brand":[],"product_cat":[137],"product_tag":[],"class_list":{"0":"post-5625","1":"product","2":"type-product","3":"status-publish","5":"product_cat-maros-megyei-eletrajzi-lexikon","7":"first","8":"instock","9":"shipping-taxable","10":"product-type-simple"},"_links":{"self":[{"href":"https:\/\/uj.adatbank.ro\/lexikon\/wp-json\/wp\/v2\/product\/5625","targetHints":{"allow":["GET"]}}],"collection":[{"href":"https:\/\/uj.adatbank.ro\/lexikon\/wp-json\/wp\/v2\/product"}],"about":[{"href":"https:\/\/uj.adatbank.ro\/lexikon\/wp-json\/wp\/v2\/types\/product"}],"replies":[{"embeddable":true,"href":"https:\/\/uj.adatbank.ro\/lexikon\/wp-json\/wp\/v2\/comments?post=5625"}],"wp:attachment":[{"href":"https:\/\/uj.adatbank.ro\/lexikon\/wp-json\/wp\/v2\/media?parent=5625"}],"wp:term":[{"taxonomy":"product_brand","embeddable":true,"href":"https:\/\/uj.adatbank.ro\/lexikon\/wp-json\/wp\/v2\/product_brand?post=5625"},{"taxonomy":"product_cat","embeddable":true,"href":"https:\/\/uj.adatbank.ro\/lexikon\/wp-json\/wp\/v2\/product_cat?post=5625"},{"taxonomy":"product_tag","embeddable":true,"href":"https:\/\/uj.adatbank.ro\/lexikon\/wp-json\/wp\/v2\/product_tag?post=5625"}],"curies":[{"name":"wp","href":"https:\/\/api.w.org\/{rel}","templated":true}]}}