{"id":5627,"date":"2025-06-28T17:24:47","date_gmt":"2025-06-28T15:24:47","guid":{"rendered":"https:\/\/uj.adatbank.ro\/lexikon\/termek\/cerghizan-ioan\/"},"modified":"2025-06-28T17:24:47","modified_gmt":"2025-06-28T15:24:47","slug":"cerghizan-ioan","status":"publish","type":"product","link":"https:\/\/uj.adatbank.ro\/lexikon\/termek\/cerghizan-ioan\/","title":{"rendered":"CERGHIZAN Ioan"},"content":{"rendered":"<p>? \u2020\u00a0? : g\u00f6r. kat. pap. \u2013 Sz\u00e9lk\u00fat-on szolg\u00e1lt (1931\u201346). Az \u00e1llam \u00e9s h\u00edvek adom\u00e1nyaib\u00f3l vezet\u00e9s\u00e9vel \u00e9s Vasile Popa gondnok seg\u00edts\u00e9g\u00e9vel \u00e9p\u00edtett\u00e9k a g\u00f6r. kat. templomot (1937). A toronyban harang \u00e9s t\u00f3ka van. A templomot Ioan Dom\u015fa, radn\u00f3ti pl\u00e9b\u00e1nos szentelte fel (1937. m\u00e1j. 9.). Paps\u00e1ga ideje alatt \u00e9p\u00edtett\u00e9k a par\u00f3ki\u00e1t \u00e9s a templom k\u00f6zel\u00e9ben \u00e1ll\u00f3 papi lakot (1943. nov. 19.). A g\u00f6r. kat. -ok sz\u00e1ma viszonylag kicsi volt, m\u00e9gis seg\u00e9lyeket k\u00fcldtek \u00f3kir\u00e1lys\u00e1g szeg\u00e9ny par\u00f3ki\u00e1inak (1938), p\u00e9nzt gy\u0171jt\u00f6ttek a falu egyetemist\u00e1inak a megseg\u00edt\u00e9s\u00e9re. <br \/><strong>Irod.:<\/strong> S\u0103lcud<\/br><\/p>\n","protected":false},"excerpt":{"rendered":"<p>? \u2020\u00a0? : g\u00f6r. kat. pap. \u2013 Sz\u00e9lk\u00fat-on szolg\u00e1lt (1931\u201346). Az \u00e1llam \u00e9s h\u00edvek adom\u00e1nyaib\u00f3l vezet\u00e9s\u00e9vel \u00e9s Vasile Popa gondnok seg\u00edts\u00e9g\u00e9vel \u00e9p\u00edtett\u00e9k a g\u00f6r. kat. templomot (1937). A toronyban harang \u00e9s t\u00f3ka van. A templomot Ioan Dom\u015fa, radn\u00f3ti pl\u00e9b\u00e1nos szentelte fel (1937. m\u00e1j. 9.). Paps\u00e1ga ideje alatt \u00e9p\u00edtett\u00e9k a par\u00f3ki\u00e1t \u00e9s a templom k\u00f6zel\u00e9ben \u00e1ll\u00f3 [&hellip;]<\/p>\n","protected":false},"featured_media":0,"comment_status":"open","ping_status":"closed","template":"","meta":[],"product_brand":[],"product_cat":[137],"product_tag":[],"class_list":{"0":"post-5627","1":"product","2":"type-product","3":"status-publish","5":"product_cat-maros-megyei-eletrajzi-lexikon","7":"first","8":"instock","9":"shipping-taxable","10":"product-type-simple"},"_links":{"self":[{"href":"https:\/\/uj.adatbank.ro\/lexikon\/wp-json\/wp\/v2\/product\/5627","targetHints":{"allow":["GET"]}}],"collection":[{"href":"https:\/\/uj.adatbank.ro\/lexikon\/wp-json\/wp\/v2\/product"}],"about":[{"href":"https:\/\/uj.adatbank.ro\/lexikon\/wp-json\/wp\/v2\/types\/product"}],"replies":[{"embeddable":true,"href":"https:\/\/uj.adatbank.ro\/lexikon\/wp-json\/wp\/v2\/comments?post=5627"}],"wp:attachment":[{"href":"https:\/\/uj.adatbank.ro\/lexikon\/wp-json\/wp\/v2\/media?parent=5627"}],"wp:term":[{"taxonomy":"product_brand","embeddable":true,"href":"https:\/\/uj.adatbank.ro\/lexikon\/wp-json\/wp\/v2\/product_brand?post=5627"},{"taxonomy":"product_cat","embeddable":true,"href":"https:\/\/uj.adatbank.ro\/lexikon\/wp-json\/wp\/v2\/product_cat?post=5627"},{"taxonomy":"product_tag","embeddable":true,"href":"https:\/\/uj.adatbank.ro\/lexikon\/wp-json\/wp\/v2\/product_tag?post=5627"}],"curies":[{"name":"wp","href":"https:\/\/api.w.org\/{rel}","templated":true}]}}

<p>? † ? : gör. kat. pap. – Szélkút-on szolgált (1931–46). Az állam és hívek adományaiból vezetésével és Vasile Popa gondnok segítségével építették a gör. kat. templomot (1937). A toronyban harang és tóka van. A templomot Ioan Domşa, radnóti plébános szentelte fel (1937. máj. 9.). Papsága ideje alatt építették a parókiát és a templom közelében álló papi lakot (1943. nov. 19.). A gör. kat. -ok száma viszonylag kicsi volt, mégis segélyeket küldtek ókirályság szegény parókiáinak (1938), pénzt gyűjtöttek a falu egyetemistáinak a megsegítésére. <br /><strong>Irod.:</strong> Sălcud</br></p>

<p>? † ? : gör. kat. pap. – Szélkút-on szolgált (1931–46). Az állam és hívek adományaiból vezetésével és Vasile Popa gondnok segítségével építették a gör. kat. templomot (1937). A toronyban harang és tóka van. A templomot Ioan Domşa, radnóti plébános szentelte fel (1937. máj. 9.). Papsága ideje alatt építették a parókiát és a templom közelében álló [&hellip;]</p>
