{"id":5631,"date":"2025-06-28T17:24:54","date_gmt":"2025-06-28T15:24:54","guid":{"rendered":"https:\/\/uj.adatbank.ro\/lexikon\/termek\/cerseba-gheorghe\/"},"modified":"2025-06-28T17:24:54","modified_gmt":"2025-06-28T15:24:54","slug":"cerseba-gheorghe","status":"publish","type":"product","link":"https:\/\/uj.adatbank.ro\/lexikon\/termek\/cerseba-gheorghe\/","title":{"rendered":"CERSEBA Gheorghe"},"content":{"rendered":"<p>Niculitei, 1919. m\u00e1rc. 8., \u2020\u00a0Als\u00f3k\u00f6h\u00e9r, 1944. szept. 27.: k\u00e1pl\u00e1r. \u2013 A bak\u00f3i hat\u00e1r\u0151r ezredn\u00e9l volt katona (1941\u2013). \u00d6nk\u00e9ntesen bel\u00e9pett a rom\u00e1n hegyivad\u00e1sz hadoszt\u00e1lyba, r\u00e9szt vett a szovjet csapatokkal egy\u00fctt az \u00c9szaknyugat-Erd\u00e9ly felszabad\u00edt\u00e1s\u00e1\u00e9rt v\u00edvott harcokban G\u00f6rg\u00e9nyn\u00e1das, G\u00f6rg\u00e9nykakucs, Als\u00f3b\u00f6lk\u00e9ny, Als\u00f3- \u00e9s Fels\u0151k\u00f6h\u00e9r helys\u00e9gekben. Ezekben a harcokban esett el. Als\u00f3k\u00f6h\u00e9r hat\u00e1r\u00e1ban temett\u00e9k el 56 rom\u00e1n h\u0151ssel egy\u00fctt. <br \/><strong>Irod.:<\/strong> Vasile T. Suciu: A k\u00e1pl\u00e1r (V. Z., 1989. okt. 15.)<\/br><\/p>\n","protected":false},"excerpt":{"rendered":"<p>Niculitei, 1919. m\u00e1rc. 8., \u2020\u00a0Als\u00f3k\u00f6h\u00e9r, 1944. szept. 27.: k\u00e1pl\u00e1r. \u2013 A bak\u00f3i hat\u00e1r\u0151r ezredn\u00e9l volt katona (1941\u2013). \u00d6nk\u00e9ntesen bel\u00e9pett a rom\u00e1n hegyivad\u00e1sz hadoszt\u00e1lyba, r\u00e9szt vett a szovjet csapatokkal egy\u00fctt az \u00c9szaknyugat-Erd\u00e9ly felszabad\u00edt\u00e1s\u00e1\u00e9rt v\u00edvott harcokban G\u00f6rg\u00e9nyn\u00e1das, G\u00f6rg\u00e9nykakucs, Als\u00f3b\u00f6lk\u00e9ny, Als\u00f3- \u00e9s Fels\u0151k\u00f6h\u00e9r helys\u00e9gekben. Ezekben a harcokban esett el. Als\u00f3k\u00f6h\u00e9r hat\u00e1r\u00e1ban temett\u00e9k el 56 rom\u00e1n h\u0151ssel egy\u00fctt. Irod.: [&hellip;]<\/p>\n","protected":false},"featured_media":0,"comment_status":"open","ping_status":"closed","template":"","meta":[],"product_brand":[],"product_cat":[137],"product_tag":[],"class_list":{"0":"post-5631","1":"product","2":"type-product","3":"status-publish","5":"product_cat-maros-megyei-eletrajzi-lexikon","7":"first","8":"instock","9":"shipping-taxable","10":"product-type-simple"},"_links":{"self":[{"href":"https:\/\/uj.adatbank.ro\/lexikon\/wp-json\/wp\/v2\/product\/5631","targetHints":{"allow":["GET"]}}],"collection":[{"href":"https:\/\/uj.adatbank.ro\/lexikon\/wp-json\/wp\/v2\/product"}],"about":[{"href":"https:\/\/uj.adatbank.ro\/lexikon\/wp-json\/wp\/v2\/types\/product"}],"replies":[{"embeddable":true,"href":"https:\/\/uj.adatbank.ro\/lexikon\/wp-json\/wp\/v2\/comments?post=5631"}],"wp:attachment":[{"href":"https:\/\/uj.adatbank.ro\/lexikon\/wp-json\/wp\/v2\/media?parent=5631"}],"wp:term":[{"taxonomy":"product_brand","embeddable":true,"href":"https:\/\/uj.adatbank.ro\/lexikon\/wp-json\/wp\/v2\/product_brand?post=5631"},{"taxonomy":"product_cat","embeddable":true,"href":"https:\/\/uj.adatbank.ro\/lexikon\/wp-json\/wp\/v2\/product_cat?post=5631"},{"taxonomy":"product_tag","embeddable":true,"href":"https:\/\/uj.adatbank.ro\/lexikon\/wp-json\/wp\/v2\/product_tag?post=5631"}],"curies":[{"name":"wp","href":"https:\/\/api.w.org\/{rel}","templated":true}]}}

<p>Niculitei, 1919. márc. 8., † Alsóköhér, 1944. szept. 27.: káplár. – A bakói határőr ezrednél volt katona (1941–). Önkéntesen belépett a román hegyivadász hadosztályba, részt vett a szovjet csapatokkal együtt az Északnyugat-Erdély felszabadításáért vívott harcokban Görgénynádas, Görgénykakucs, Alsóbölkény, Alsó- és Felsőköhér helységekben. Ezekben a harcokban esett el. Alsóköhér határában temették el 56 román hőssel együtt. <br /><strong>Irod.:</strong> Vasile T. Suciu: A káplár (V. Z., 1989. okt. 15.)</br></p>

<p>Niculitei, 1919. márc. 8., † Alsóköhér, 1944. szept. 27.: káplár. – A bakói határőr ezrednél volt katona (1941–). Önkéntesen belépett a román hegyivadász hadosztályba, részt vett a szovjet csapatokkal együtt az Északnyugat-Erdély felszabadításáért vívott harcokban Görgénynádas, Görgénykakucs, Alsóbölkény, Alsó- és Felsőköhér helységekben. Ezekben a harcokban esett el. Alsóköhér határában temették el 56 román hőssel együtt. Irod.: [&hellip;]</p>
