{"id":5637,"date":"2025-06-28T17:25:05","date_gmt":"2025-06-28T15:25:05","guid":{"rendered":"https:\/\/uj.adatbank.ro\/lexikon\/termek\/chelbezan-ioan-gunyneve-nucu-vodului\/"},"modified":"2025-06-28T17:25:05","modified_gmt":"2025-06-28T15:25:05","slug":"chelbezan-ioan-gunyneve-nucu-vodului","status":"publish","type":"product","link":"https:\/\/uj.adatbank.ro\/lexikon\/termek\/chelbezan-ioan-gunyneve-nucu-vodului\/","title":{"rendered":"CHELBEZAN Ioan, g\u00fanyneve: Nucu Vodului"},"content":{"rendered":"<p>Marosszentgy\u00f6rgy, 1892., \u2020 Marosszentgy\u00f6rgy, 1969.: f\u00f6ldm\u0171ves, polg\u00e1rmester. \u2013 A helyb\u00e9li rom\u00e1n egyh\u00e1zi iskol\u00e1ban 7 oszt. -t v\u00e9gzett. F\u00f6ldm\u0171vel\u00e9ssel foglalkozott. A m. hadsereg katon\u00e1jak\u00e9nt az els\u0151 vh.-ban r\u00e9szt vett az oroszo.-i harcokban. Fogs\u00e1gba esett, \u00e9s 10 \u00e9vig egy munkat\u00e1borban szolg\u00e1lt. Rom\u00e1n \u00e9s m. tolm\u00e1csok, mindh\u00e1rom nyelvet j\u00f3l besz\u00e9lte. Hazat\u00e9r\u00e9se ut\u00e1n r\u00e9szt vett a k\u00f6zs\u00e9g t\u00e1rsadalmi \u00e9s m\u0171vel\u0151d\u00e9si \u00e9let\u00e9ben (1930\u201340). A 2. vh. befejez\u00e9se ut\u00e1n, mivel j\u00f3l besz\u00e9lte az orosz nyelvet, kinevezt\u00e9k a Marosszentgy\u00f6rgy polg\u00e1rmester\u00e9v\u00e9 (1944. nov. \u2013). Igyekezett min\u00e9l hamarabb felsz\u00e1molni a h\u00e1bor\u00fa nyomait, megseg\u00edtette az \u00e1rv\u00e1n maradottakat, rendbe tette a k\u00f6zs\u00e9gi iratt\u00e1rat, \u00fajraind\u00edtotta a rom\u00e1n nyelv\u0171 elemi oktat\u00e1st, folytatta a megkezdett m\u0171vel\u0151d\u00e9si h\u00e1z \u00e9p\u00edt\u00e9s\u00e9t \u00e9s rendbe tette a k\u00f6zs\u00e9gi utakat. <br \/><strong>Irod.:<\/strong> S\u00e2ngeorgiu de Mure\u015f: 1940\u20131944<\/br><\/p>\n","protected":false},"excerpt":{"rendered":"<p>Marosszentgy\u00f6rgy, 1892., \u2020 Marosszentgy\u00f6rgy, 1969.: f\u00f6ldm\u0171ves, polg\u00e1rmester. \u2013 A helyb\u00e9li rom\u00e1n egyh\u00e1zi iskol\u00e1ban 7 oszt. -t v\u00e9gzett. F\u00f6ldm\u0171vel\u00e9ssel foglalkozott. A m. hadsereg katon\u00e1jak\u00e9nt az els\u0151 vh.-ban r\u00e9szt vett az oroszo.-i harcokban. Fogs\u00e1gba esett, \u00e9s 10 \u00e9vig egy munkat\u00e1borban szolg\u00e1lt. Rom\u00e1n \u00e9s m. tolm\u00e1csok, mindh\u00e1rom nyelvet j\u00f3l besz\u00e9lte. Hazat\u00e9r\u00e9se ut\u00e1n r\u00e9szt vett a k\u00f6zs\u00e9g t\u00e1rsadalmi \u00e9s [&hellip;]<\/p>\n","protected":false},"featured_media":0,"comment_status":"open","ping_status":"closed","template":"","meta":[],"product_brand":[],"product_cat":[137],"product_tag":[],"class_list":{"0":"post-5637","1":"product","2":"type-product","3":"status-publish","5":"product_cat-maros-megyei-eletrajzi-lexikon","7":"first","8":"instock","9":"shipping-taxable","10":"product-type-simple"},"_links":{"self":[{"href":"https:\/\/uj.adatbank.ro\/lexikon\/wp-json\/wp\/v2\/product\/5637","targetHints":{"allow":["GET"]}}],"collection":[{"href":"https:\/\/uj.adatbank.ro\/lexikon\/wp-json\/wp\/v2\/product"}],"about":[{"href":"https:\/\/uj.adatbank.ro\/lexikon\/wp-json\/wp\/v2\/types\/product"}],"replies":[{"embeddable":true,"href":"https:\/\/uj.adatbank.ro\/lexikon\/wp-json\/wp\/v2\/comments?post=5637"}],"wp:attachment":[{"href":"https:\/\/uj.adatbank.ro\/lexikon\/wp-json\/wp\/v2\/media?parent=5637"}],"wp:term":[{"taxonomy":"product_brand","embeddable":true,"href":"https:\/\/uj.adatbank.ro\/lexikon\/wp-json\/wp\/v2\/product_brand?post=5637"},{"taxonomy":"product_cat","embeddable":true,"href":"https:\/\/uj.adatbank.ro\/lexikon\/wp-json\/wp\/v2\/product_cat?post=5637"},{"taxonomy":"product_tag","embeddable":true,"href":"https:\/\/uj.adatbank.ro\/lexikon\/wp-json\/wp\/v2\/product_tag?post=5637"}],"curies":[{"name":"wp","href":"https:\/\/api.w.org\/{rel}","templated":true}]}}

CHELBEZAN Ioan, gúnyneve: Nucu Vodului

<p>Marosszentgyörgy, 1892., † Marosszentgyörgy, 1969.: földműves, polgármester. – A helybéli román egyházi iskolában 7 oszt. -t végzett. Földműveléssel foglalkozott. A m. hadsereg katonájaként az első vh.-ban részt vett az oroszo.-i harcokban. Fogságba esett, és 10 évig egy munkatáborban szolgált. Román és m. tolmácsok, mindhárom nyelvet jól beszélte. Hazatérése után részt vett a község társadalmi és művelődési életében (1930–40). A 2. vh. befejezése után, mivel jól beszélte az orosz nyelvet, kinevezték a Marosszentgyörgy polgármesterévé (1944. nov. –). Igyekezett minél hamarabb felszámolni a háború nyomait, megsegítette az árván maradottakat, rendbe tette a községi irattárat, újraindította a román nyelvű elemi oktatást, folytatta a megkezdett művelődési ház építését és rendbe tette a községi utakat. <br /><strong>Irod.:</strong> Sângeorgiu de Mureş: 1940–1944</br></p>

<p>Marosszentgyörgy, 1892., † Marosszentgyörgy, 1969.: földműves, polgármester. – A helybéli román egyházi iskolában 7 oszt. -t végzett. Földműveléssel foglalkozott. A m. hadsereg katonájaként az első vh.-ban részt vett az oroszo.-i harcokban. Fogságba esett, és 10 évig egy munkatáborban szolgált. Román és m. tolmácsok, mindhárom nyelvet jól beszélte. Hazatérése után részt vett a község társadalmi és [&hellip;]</p>
