{"id":5640,"date":"2025-06-28T17:25:11","date_gmt":"2025-06-28T15:25:11","guid":{"rendered":"https:\/\/uj.adatbank.ro\/lexikon\/termek\/chelza-ioan-%c2%a7-chelsa-ioan\/"},"modified":"2025-06-28T17:25:11","modified_gmt":"2025-06-28T15:25:11","slug":"chelza-ioan-%c2%a7-chelsa-ioan","status":"publish","type":"product","link":"https:\/\/uj.adatbank.ro\/lexikon\/termek\/chelza-ioan-%c2%a7-chelsa-ioan\/","title":{"rendered":"CHELZA Ioan, \u00a7 Chelsa Ioan"},"content":{"rendered":"<p>Gyul\u00e1s, 1900. aug. 23., \u2020 Gyul\u00e1s, 1996. \u00e1pr.: k\u00e1ntor. \u2013 E. Nistor, monogr\u00e1fia\u00edr\u00f3 anyai nagyapja. \u2013 G\u00f6r. kat. k\u00e1ntor a sz\u00fcl\u0151faluj\u00e1ban. \u00d6ner\u0151b\u0151l csend\u0151riskol\u00e1t v\u00e9gzett, azut\u00e1n k\u00f6zjegyz\u0151i- \u00e9s k\u00e1ntor iskol\u00e1t Bal\u00e1zsfalv\u00e1n. \u00d6nk\u00e9ntesk\u00e9nt r\u00e9szt vett a gyulafeh\u00e9rv\u00e1ri egyes\u00fcl\u00e9si naggy\u0171l\u00e9sen (1918. dec. 1.). Ezut\u00e1n hal\u00e1l\u00e1ig a sz\u00fcl\u0151faluja k\u00e1ntorak\u00e9nt szolg\u00e1lt (1920\u201396). Bal\u00e1zsfalv\u00e1n k\u00e9nyszerrel \u00edratt\u00e1k vele al\u00e1 a g\u00f6r. kat. vall\u00e1sr\u00f3l az ort. vall\u00e1sra val\u00f3 \u00e1tt\u00e9r\u00e9si nyilatozatot (1948). Ez\u00e9rt el\u0151bb a g\u00f6r. kat. k\u00e9s\u0151bb ort. templom k\u00e1ntorak\u00e9nt \u00e9lte meg a k\u00e9t vh. -t. A kommunista rendszerben kul\u00e1kk\u00e1 ny\u00edlv\u00e1n\u00edtott\u00e1k, fi\u00e1t kitett\u00e9k a katonas\u00e1gb\u00f3l \u00e9s munkaszolg\u00e1latra rendelt\u00e9k. Munkat\u00e1rsa volt a dics\u0151i T\u00e2rnava c. \u00fajs\u00e1gnak (1921\u201338), majd indul\u00e1s\u00e1t\u00f3l kezdve az azonos c\u00edm\u0171 m\u0171vel\u0151d\u00e9si foly\u00f3iratnak is, amelyben tud\u00f3s\u00edt\u00e1sokat, \u00e9s saj\u00e1t \u00edr\u00e1sait, verseit tette k\u00f6zz\u00e9 (1991\u2013), a falu kr\u00f3nik\u00e1s\u00e1nak nevezt\u00e9k. <br \/><strong>Irod.:<\/strong> Giulu\u015f; Ogra<\/br><\/p>\n","protected":false},"excerpt":{"rendered":"<p>Gyul\u00e1s, 1900. aug. 23., \u2020 Gyul\u00e1s, 1996. \u00e1pr.: k\u00e1ntor. \u2013 E. Nistor, monogr\u00e1fia\u00edr\u00f3 anyai nagyapja. \u2013 G\u00f6r. kat. k\u00e1ntor a sz\u00fcl\u0151faluj\u00e1ban. \u00d6ner\u0151b\u0151l csend\u0151riskol\u00e1t v\u00e9gzett, azut\u00e1n k\u00f6zjegyz\u0151i- \u00e9s k\u00e1ntor iskol\u00e1t Bal\u00e1zsfalv\u00e1n. \u00d6nk\u00e9ntesk\u00e9nt r\u00e9szt vett a gyulafeh\u00e9rv\u00e1ri egyes\u00fcl\u00e9si naggy\u0171l\u00e9sen (1918. dec. 1.). Ezut\u00e1n hal\u00e1l\u00e1ig a sz\u00fcl\u0151faluja k\u00e1ntorak\u00e9nt szolg\u00e1lt (1920\u201396). Bal\u00e1zsfalv\u00e1n k\u00e9nyszerrel \u00edratt\u00e1k vele al\u00e1 a g\u00f6r. kat. [&hellip;]<\/p>\n","protected":false},"featured_media":0,"comment_status":"open","ping_status":"closed","template":"","meta":[],"product_brand":[],"product_cat":[137],"product_tag":[],"class_list":{"0":"post-5640","1":"product","2":"type-product","3":"status-publish","5":"product_cat-maros-megyei-eletrajzi-lexikon","7":"first","8":"instock","9":"shipping-taxable","10":"product-type-simple"},"_links":{"self":[{"href":"https:\/\/uj.adatbank.ro\/lexikon\/wp-json\/wp\/v2\/product\/5640","targetHints":{"allow":["GET"]}}],"collection":[{"href":"https:\/\/uj.adatbank.ro\/lexikon\/wp-json\/wp\/v2\/product"}],"about":[{"href":"https:\/\/uj.adatbank.ro\/lexikon\/wp-json\/wp\/v2\/types\/product"}],"replies":[{"embeddable":true,"href":"https:\/\/uj.adatbank.ro\/lexikon\/wp-json\/wp\/v2\/comments?post=5640"}],"wp:attachment":[{"href":"https:\/\/uj.adatbank.ro\/lexikon\/wp-json\/wp\/v2\/media?parent=5640"}],"wp:term":[{"taxonomy":"product_brand","embeddable":true,"href":"https:\/\/uj.adatbank.ro\/lexikon\/wp-json\/wp\/v2\/product_brand?post=5640"},{"taxonomy":"product_cat","embeddable":true,"href":"https:\/\/uj.adatbank.ro\/lexikon\/wp-json\/wp\/v2\/product_cat?post=5640"},{"taxonomy":"product_tag","embeddable":true,"href":"https:\/\/uj.adatbank.ro\/lexikon\/wp-json\/wp\/v2\/product_tag?post=5640"}],"curies":[{"name":"wp","href":"https:\/\/api.w.org\/{rel}","templated":true}]}}

<p>Gyulás, 1900. aug. 23., † Gyulás, 1996. ápr.: kántor. – E. Nistor, monográfiaíró anyai nagyapja. – Gör. kat. kántor a szülőfalujában. Önerőből csendőriskolát végzett, azután közjegyzői- és kántor iskolát Balázsfalván. Önkéntesként részt vett a gyulafehérvári egyesülési naggyűlésen (1918. dec. 1.). Ezután haláláig a szülőfaluja kántoraként szolgált (1920–96). Balázsfalván kényszerrel íratták vele alá a gör. kat. vallásról az ort. vallásra való áttérési nyilatozatot (1948). Ezért előbb a gör. kat. később ort. templom kántoraként élte meg a két vh. -t. A kommunista rendszerben kulákká nyílvánították, fiát kitették a katonaságból és munkaszolgálatra rendelték. Munkatársa volt a dicsői Târnava c. újságnak (1921–38), majd indulásától kezdve az azonos című művelődési folyóiratnak is, amelyben tudósításokat, és saját írásait, verseit tette közzé (1991–), a falu krónikásának nevezték. <br /><strong>Irod.:</strong> Giuluş; Ogra</br></p>

<p>Gyulás, 1900. aug. 23., † Gyulás, 1996. ápr.: kántor. – E. Nistor, monográfiaíró anyai nagyapja. – Gör. kat. kántor a szülőfalujában. Önerőből csendőriskolát végzett, azután közjegyzői- és kántor iskolát Balázsfalván. Önkéntesként részt vett a gyulafehérvári egyesülési naggyűlésen (1918. dec. 1.). Ezután haláláig a szülőfaluja kántoraként szolgált (1920–96). Balázsfalván kényszerrel íratták vele alá a gör. kat. [&hellip;]</p>
