{"id":5641,"date":"2025-06-28T17:25:13","date_gmt":"2025-06-28T15:25:13","guid":{"rendered":"https:\/\/uj.adatbank.ro\/lexikon\/termek\/chendi-ilarie-%c2%a7\/"},"modified":"2025-06-28T17:25:13","modified_gmt":"2025-06-28T15:25:13","slug":"chendi-ilarie-%c2%a7","status":"publish","type":"product","link":"https:\/\/uj.adatbank.ro\/lexikon\/termek\/chendi-ilarie-%c2%a7\/","title":{"rendered":"CHENDI Ilarie, \u00a7"},"content":{"rendered":"<p>Darlac, 1871. nov. 14., \u2020 Buk., 1913. j\u00fan. 25.: irodalm\u00e1r, szerkeszt\u0151. \u2013 Any\u00e1r\u00f3l rokons\u00e1gban \u00e1llt Papiu Ilarian-nal. \u2013 Gyermekkor\u00e1t Mez\u0151b\u00e1ndon t\u00f6lt\u00f6tte, itt volt elemista, l\u00edc.-ban Meggyesen \u00e9s Segesv\u00e1ron j\u00e1rt, a teol\u00f3gi\u00e1t Szebenben (1891\u201394), a filol\u00f3gi\u00e1t Bp.-en v\u00e9gezte (1894\u201398). Munkat\u00e1rsa a Tribuna, Familia, Convorbiri literare, Luceaf\u0103rul c. lapoknak, kiadja a Curierul literar, Cump\u0103na-t. Octavian Gog\u00e1val r\u00e9sztvesz az erd\u00e9lyi politikai harcokban. A segesv\u00e1ri n\u00e9pkertben (M\u00e1rcius 6 u.) \u00e1ll az I. Ch. mellszobra, \u201eB\u201d kateg\u00f3ri\u00e1ba tartoz\u00f3 m\u0171eml\u00e9k. \u2013 <strong>F. m.:<\/strong> Preludii (1903); Foiletoane (1904); Fragmente. Informa\u0163iuni literare (1905); Impresii (1908); Portrete literare (1911); Schi\u0163e de critic\u0103 literar\u0103 (1924); Pagini de critic\u0103 (Buc., 1969); Scrieri 1\u20133 (Buc., 1988\u20131990). <br \/><strong>Irod.:<\/strong> MIIB; Popa, Mircea: I. C. (Buc., 1973); Valori mure\u015fene de patrimoniu; VIL<\/br><\/p>\n","protected":false},"excerpt":{"rendered":"<p>Darlac, 1871. nov. 14., \u2020 Buk., 1913. j\u00fan. 25.: irodalm\u00e1r, szerkeszt\u0151. \u2013 Any\u00e1r\u00f3l rokons\u00e1gban \u00e1llt Papiu Ilarian-nal. \u2013 Gyermekkor\u00e1t Mez\u0151b\u00e1ndon t\u00f6lt\u00f6tte, itt volt elemista, l\u00edc.-ban Meggyesen \u00e9s Segesv\u00e1ron j\u00e1rt, a teol\u00f3gi\u00e1t Szebenben (1891\u201394), a filol\u00f3gi\u00e1t Bp.-en v\u00e9gezte (1894\u201398). Munkat\u00e1rsa a Tribuna, Familia, Convorbiri literare, Luceaf\u0103rul c. lapoknak, kiadja a Curierul literar, Cump\u0103na-t. Octavian Gog\u00e1val r\u00e9sztvesz [&hellip;]<\/p>\n","protected":false},"featured_media":0,"comment_status":"open","ping_status":"closed","template":"","meta":[],"product_brand":[],"product_cat":[137],"product_tag":[],"class_list":{"0":"post-5641","1":"product","2":"type-product","3":"status-publish","5":"product_cat-maros-megyei-eletrajzi-lexikon","7":"first","8":"instock","9":"shipping-taxable","10":"product-type-simple"},"_links":{"self":[{"href":"https:\/\/uj.adatbank.ro\/lexikon\/wp-json\/wp\/v2\/product\/5641","targetHints":{"allow":["GET"]}}],"collection":[{"href":"https:\/\/uj.adatbank.ro\/lexikon\/wp-json\/wp\/v2\/product"}],"about":[{"href":"https:\/\/uj.adatbank.ro\/lexikon\/wp-json\/wp\/v2\/types\/product"}],"replies":[{"embeddable":true,"href":"https:\/\/uj.adatbank.ro\/lexikon\/wp-json\/wp\/v2\/comments?post=5641"}],"wp:attachment":[{"href":"https:\/\/uj.adatbank.ro\/lexikon\/wp-json\/wp\/v2\/media?parent=5641"}],"wp:term":[{"taxonomy":"product_brand","embeddable":true,"href":"https:\/\/uj.adatbank.ro\/lexikon\/wp-json\/wp\/v2\/product_brand?post=5641"},{"taxonomy":"product_cat","embeddable":true,"href":"https:\/\/uj.adatbank.ro\/lexikon\/wp-json\/wp\/v2\/product_cat?post=5641"},{"taxonomy":"product_tag","embeddable":true,"href":"https:\/\/uj.adatbank.ro\/lexikon\/wp-json\/wp\/v2\/product_tag?post=5641"}],"curies":[{"name":"wp","href":"https:\/\/api.w.org\/{rel}","templated":true}]}}

<p>Darlac, 1871. nov. 14., † Buk., 1913. jún. 25.: irodalmár, szerkesztő. – Anyáról rokonságban állt Papiu Ilarian-nal. – Gyermekkorát Mezőbándon töltötte, itt volt elemista, líc.-ban Meggyesen és Segesváron járt, a teológiát Szebenben (1891–94), a filológiát Bp.-en végezte (1894–98). Munkatársa a Tribuna, Familia, Convorbiri literare, Luceafărul c. lapoknak, kiadja a Curierul literar, Cumpăna-t. Octavian Gogával résztvesz az erdélyi politikai harcokban. A segesvári népkertben (Március 6 u.) áll az I. Ch. mellszobra, „B” kategóriába tartozó műemlék. – <strong>F. m.:</strong> Preludii (1903); Foiletoane (1904); Fragmente. Informaţiuni literare (1905); Impresii (1908); Portrete literare (1911); Schiţe de critică literară (1924); Pagini de critică (Buc., 1969); Scrieri 1–3 (Buc., 1988–1990). <br /><strong>Irod.:</strong> MIIB; Popa, Mircea: I. C. (Buc., 1973); Valori mureşene de patrimoniu; VIL</br></p>

<p>Darlac, 1871. nov. 14., † Buk., 1913. jún. 25.: irodalmár, szerkesztő. – Anyáról rokonságban állt Papiu Ilarian-nal. – Gyermekkorát Mezőbándon töltötte, itt volt elemista, líc.-ban Meggyesen és Segesváron járt, a teológiát Szebenben (1891–94), a filológiát Bp.-en végezte (1894–98). Munkatársa a Tribuna, Familia, Convorbiri literare, Luceafărul c. lapoknak, kiadja a Curierul literar, Cumpăna-t. Octavian Gogával résztvesz [&hellip;]</p>
