{"id":5642,"date":"2025-06-28T17:25:16","date_gmt":"2025-06-28T15:25:16","guid":{"rendered":"https:\/\/uj.adatbank.ro\/lexikon\/termek\/cherebetiu-ileana\/"},"modified":"2025-06-28T17:25:16","modified_gmt":"2025-06-28T15:25:16","slug":"cherebetiu-ileana","status":"publish","type":"product","link":"https:\/\/uj.adatbank.ro\/lexikon\/termek\/cherebetiu-ileana\/","title":{"rendered":"CHEREBE\u0162IU Ileana"},"content":{"rendered":"<p>? \u2020\u00a0? : k\u00e9pvisel\u0151, sz\u00f6vetkezeti eln\u00f6k. &#8211; Maros megye k\u00e9pvisel\u0151je (1980. m\u00e1rc. 9.); a Sz\u00f6vetkezetek Uni\u00f3j\u00e1nak eln\u00f6ke Mv.-en (1980) \u00e9s Marosszentgy\u00f6rgy\u00f6n (1985). <br \/><strong>Irod.:<\/strong> Cri\u015fan; Id\u0151t\u00e1r 4.<\/br><\/p>\n","protected":false},"excerpt":{"rendered":"<p>? \u2020\u00a0? : k\u00e9pvisel\u0151, sz\u00f6vetkezeti eln\u00f6k. &#8211; Maros megye k\u00e9pvisel\u0151je (1980. m\u00e1rc. 9.); a Sz\u00f6vetkezetek Uni\u00f3j\u00e1nak eln\u00f6ke Mv.-en (1980) \u00e9s Marosszentgy\u00f6rgy\u00f6n (1985). Irod.: Cri\u015fan; Id\u0151t\u00e1r 4.<\/p>\n","protected":false},"featured_media":0,"comment_status":"open","ping_status":"closed","template":"","meta":[],"product_brand":[],"product_cat":[137],"product_tag":[],"class_list":{"0":"post-5642","1":"product","2":"type-product","3":"status-publish","5":"product_cat-maros-megyei-eletrajzi-lexikon","7":"first","8":"instock","9":"shipping-taxable","10":"product-type-simple"},"_links":{"self":[{"href":"https:\/\/uj.adatbank.ro\/lexikon\/wp-json\/wp\/v2\/product\/5642","targetHints":{"allow":["GET"]}}],"collection":[{"href":"https:\/\/uj.adatbank.ro\/lexikon\/wp-json\/wp\/v2\/product"}],"about":[{"href":"https:\/\/uj.adatbank.ro\/lexikon\/wp-json\/wp\/v2\/types\/product"}],"replies":[{"embeddable":true,"href":"https:\/\/uj.adatbank.ro\/lexikon\/wp-json\/wp\/v2\/comments?post=5642"}],"wp:attachment":[{"href":"https:\/\/uj.adatbank.ro\/lexikon\/wp-json\/wp\/v2\/media?parent=5642"}],"wp:term":[{"taxonomy":"product_brand","embeddable":true,"href":"https:\/\/uj.adatbank.ro\/lexikon\/wp-json\/wp\/v2\/product_brand?post=5642"},{"taxonomy":"product_cat","embeddable":true,"href":"https:\/\/uj.adatbank.ro\/lexikon\/wp-json\/wp\/v2\/product_cat?post=5642"},{"taxonomy":"product_tag","embeddable":true,"href":"https:\/\/uj.adatbank.ro\/lexikon\/wp-json\/wp\/v2\/product_tag?post=5642"}],"curies":[{"name":"wp","href":"https:\/\/api.w.org\/{rel}","templated":true}]}}