{"id":5643,"date":"2025-06-28T17:25:17","date_gmt":"2025-06-28T15:25:17","guid":{"rendered":"https:\/\/uj.adatbank.ro\/lexikon\/termek\/chereji-peris-maria-terezia\/"},"modified":"2025-06-28T17:25:17","modified_gmt":"2025-06-28T15:25:17","slug":"chereji-peris-maria-terezia","status":"publish","type":"product","link":"https:\/\/uj.adatbank.ro\/lexikon\/termek\/chereji-peris-maria-terezia\/","title":{"rendered":"CHEREJI \u2013 PERIS M\u00e1ria Ter\u00e9zia"},"content":{"rendered":"<p>Kv., 1932 okt. 19. , \u2020\u00a0Mv., 2016. febr. 15.: sz\u00ednh\u00e1zt\u00f6rt\u00e9n\u00e9sz, m\u0171ford\u00edt\u00f3, sz\u00edn\u00e9sz. \u2013 F\u00e9rje: Chereji Ion, egyetemi tan\u00e1r. \u2013 K\u00f6z\u00e9piskolai tanulm\u00e1nyait Kv.-on v\u00e9gezte, majd a mv.-i Szentgy\u00f6rgyi Istv\u00e1n Sz\u00ednm\u0171v\u00e9szeti Int\u00e9zetben v\u00e9gzett \u00e9s szerzett sz\u00edn\u00e9szi oklevelet. A Mv.-i \u00c1llami Sz\u00e9kely Sz\u00ednh\u00e1z tagja (1955. aug. 1. \u2013 1959. \u00e1pr. 1). F\u0151bb szerepei: Ani\u021ba a Felsz\u00e1ll a k\u00f6d c. darabban; Duszj\u00e1t: M\u00e1sodik szerelem; Gianetta A n\u00e9ma levente. A Mv.-i B\u00e1bsz\u00ednh\u00e1z tagja (1955\u201390). A Szentgy\u00f6rgyi Istv\u00e1n Sz\u00ednm\u0171v\u00e9szeti Int\u00e9zet tan\u00e1ra, sz\u00ednh\u00e1zelm\u00e9letet \u00e9s sz\u00ednh\u00e1zt\u00f6rt\u00e9netettan\u00edtott nyugd\u00edjaz\u00e1s\u00e1ig (1990). A Rom\u00e1n Tud. Akad\u00e9mia keret\u00e9ben m\u0171k\u00f6d\u0151, etnikai k\u00e9rd\u00e9seket \u00e9s t\u00e1rsadalmi kommunik\u00e1ci\u00f3t vizsg\u00e1l\u00f3 eur\u00f3pai k\u00f6zpont kutat\u00f3ja volt. Tanulm\u00e1nyaival, \u00edr\u00e1saival, szolg\u00e1lta a sz\u00ednj\u00e1tsz\u00e1s \u00fcgy\u00e9t. \u2013 <strong>F. m.:<\/strong> Rom\u00e1n-magyar sz\u00ednh\u00e1zi kapcsolatok \u2013 1860\u20131940 (rom\u00e1nul), (Mv., 2000); Sz\u00ednh\u00e1zt\u00f6rt\u00e9neti morzs\u00e1k (Mv., 2003). Rom\u00e1n-magyar-n\u00e9met irodalmi-m\u0171v\u00e9szeti kapcsolatok vannak az \u00e9rdekl\u0151d\u00e9se, kutat\u00e1sa k\u00f6z\u00e9ppontj\u00e1ban. Tanulm\u00e1nyokat k\u00f6z\u00f6lt hazai rom\u00e1n \u00e9s magyar lapokban. A buk.-i, kv.-i, mv.-i r\u00e1di\u00f3k k\u00fcls\u0151 munkat\u00e1rsa \u00e9s k\u00fclf\u00f6ldi lapokban is k\u00f6z\u00f6lt tanulm\u00e1nyokat, tudom\u00e1nyos \u00e9rtekezleteken is szerepelt. A filol\u00f3giai tudom\u00e1nyok doktora (1973). D\u00edjai: Kiv\u00e1l\u00f3s\u00e1gi d\u00edj \u00e9s Pro Libro Senato-d\u00edj (2002), a Rom\u00e1n \u00cdr\u00f3sz\u00f6vets\u00e9g d\u00edja (2007) <br \/><strong>Irod.:<\/strong> Nekrol\u00f3g (N\u00fa., 2016. febr. 17.); EMKK2010<\/br><\/p>\n","protected":false},"excerpt":{"rendered":"<p>Kv., 1932 okt. 19. , \u2020\u00a0Mv., 2016. febr. 15.: sz\u00ednh\u00e1zt\u00f6rt\u00e9n\u00e9sz, m\u0171ford\u00edt\u00f3, sz\u00edn\u00e9sz. \u2013 F\u00e9rje: Chereji Ion, egyetemi tan\u00e1r. \u2013 K\u00f6z\u00e9piskolai tanulm\u00e1nyait Kv.-on v\u00e9gezte, majd a mv.-i Szentgy\u00f6rgyi Istv\u00e1n Sz\u00ednm\u0171v\u00e9szeti Int\u00e9zetben v\u00e9gzett \u00e9s szerzett sz\u00edn\u00e9szi oklevelet. A Mv.-i \u00c1llami Sz\u00e9kely Sz\u00ednh\u00e1z tagja (1955. aug. 1. \u2013 1959. \u00e1pr. 1). F\u0151bb szerepei: Ani\u021ba a Felsz\u00e1ll a k\u00f6d [&hellip;]<\/p>\n","protected":false},"featured_media":0,"comment_status":"open","ping_status":"closed","template":"","meta":[],"product_brand":[],"product_cat":[137],"product_tag":[],"class_list":{"0":"post-5643","1":"product","2":"type-product","3":"status-publish","5":"product_cat-maros-megyei-eletrajzi-lexikon","7":"first","8":"instock","9":"shipping-taxable","10":"product-type-simple"},"_links":{"self":[{"href":"https:\/\/uj.adatbank.ro\/lexikon\/wp-json\/wp\/v2\/product\/5643","targetHints":{"allow":["GET"]}}],"collection":[{"href":"https:\/\/uj.adatbank.ro\/lexikon\/wp-json\/wp\/v2\/product"}],"about":[{"href":"https:\/\/uj.adatbank.ro\/lexikon\/wp-json\/wp\/v2\/types\/product"}],"replies":[{"embeddable":true,"href":"https:\/\/uj.adatbank.ro\/lexikon\/wp-json\/wp\/v2\/comments?post=5643"}],"wp:attachment":[{"href":"https:\/\/uj.adatbank.ro\/lexikon\/wp-json\/wp\/v2\/media?parent=5643"}],"wp:term":[{"taxonomy":"product_brand","embeddable":true,"href":"https:\/\/uj.adatbank.ro\/lexikon\/wp-json\/wp\/v2\/product_brand?post=5643"},{"taxonomy":"product_cat","embeddable":true,"href":"https:\/\/uj.adatbank.ro\/lexikon\/wp-json\/wp\/v2\/product_cat?post=5643"},{"taxonomy":"product_tag","embeddable":true,"href":"https:\/\/uj.adatbank.ro\/lexikon\/wp-json\/wp\/v2\/product_tag?post=5643"}],"curies":[{"name":"wp","href":"https:\/\/api.w.org\/{rel}","templated":true}]}}

CHEREJI – PERIS Mária Terézia

<p>Kv., 1932 okt. 19. , † Mv., 2016. febr. 15.: színháztörténész, műfordító, színész. – Férje: Chereji Ion, egyetemi tanár. – Középiskolai tanulmányait Kv.-on végezte, majd a mv.-i Szentgyörgyi István Színművészeti Intézetben végzett és szerzett színészi oklevelet. A Mv.-i Állami Székely Színház tagja (1955. aug. 1. – 1959. ápr. 1). Főbb szerepei: Anița a Felszáll a köd c. darabban; Duszját: Második szerelem; Gianetta A néma levente. A Mv.-i Bábszínház tagja (1955–90). A Szentgyörgyi István Színművészeti Intézet tanára, színházelméletet és színháztörténetettanított nyugdíjazásáig (1990). A Román Tud. Akadémia keretében működő, etnikai kérdéseket és társadalmi kommunikációt vizsgáló európai központ kutatója volt. Tanulmányaival, írásaival, szolgálta a színjátszás ügyét. – <strong>F. m.:</strong> Román-magyar színházi kapcsolatok – 1860–1940 (románul), (Mv., 2000); Színháztörténeti morzsák (Mv., 2003). Román-magyar-német irodalmi-művészeti kapcsolatok vannak az érdeklődése, kutatása középpontjában. Tanulmányokat közölt hazai román és magyar lapokban. A buk.-i, kv.-i, mv.-i rádiók külső munkatársa és külföldi lapokban is közölt tanulmányokat, tudományos értekezleteken is szerepelt. A filológiai tudományok doktora (1973). Díjai: Kiválósági díj és Pro Libro Senato-díj (2002), a Román Írószövetség díja (2007) <br /><strong>Irod.:</strong> Nekrológ (Nú., 2016. febr. 17.); EMKK2010</br></p>

<p>Kv., 1932 okt. 19. , † Mv., 2016. febr. 15.: színháztörténész, műfordító, színész. – Férje: Chereji Ion, egyetemi tanár. – Középiskolai tanulmányait Kv.-on végezte, majd a mv.-i Szentgyörgyi István Színművészeti Intézetben végzett és szerzett színészi oklevelet. A Mv.-i Állami Székely Színház tagja (1955. aug. 1. – 1959. ápr. 1). Főbb szerepei: Anița a Felszáll a köd [&hellip;]</p>
