{"id":5644,"date":"2025-06-28T17:25:19","date_gmt":"2025-06-28T15:25:19","guid":{"rendered":"https:\/\/uj.adatbank.ro\/lexikon\/termek\/chereji-ion-%c2%a7-cherejan-ioan-cherehan-ion\/"},"modified":"2025-06-28T17:25:19","modified_gmt":"2025-06-28T15:25:19","slug":"chereji-ion-%c2%a7-cherejan-ioan-cherehan-ion","status":"publish","type":"product","link":"https:\/\/uj.adatbank.ro\/lexikon\/termek\/chereji-ion-%c2%a7-cherejan-ioan-cherehan-ion\/","title":{"rendered":"CHEREJI Ion, \u00a7 Cherejan Ioan, Cherehan Ion"},"content":{"rendered":"<p>Szaniszl\u00f3, 1918. szept. 26., \u2020 Mv., 1986. j\u00fan. 15., Kv.-on a h\u00e1zsong\u00e1rdi temet\u0151ben nyugszik\u00a0: filogus, k\u00f6lt\u0151, sz\u00ednh\u00e1zt\u00f6rt\u00e9n\u00e9sz- \u00e9s kritikus, egyetemi tan\u00e1r. \u2013 Sz\u00fcl\u0151faluj\u00e1ban az elemi iskol\u00e1ban, Nagyv\u00e1radon a E. Gojdu L\u00edc.-ban tanult (1938) \u00e9s ott g\u00f6r. kat. teol\u00f3gi\u00e1t v\u00e9gzett (1942); majd francia-rom\u00e1n szakon v\u00e9gzett a kv.-i egyetemen (1950); a BBTE-en Dinamica regiei teatrale c. tanulm\u00e1ny\u00e1val szerezte meg a doktor\u00e1tus\u00e1t (1978). Tan\u00e1rk\u00e9nt dolgozott Nagyv\u00e1radon (1942), Nagyk\u00e1rolyban (1946\u201347), \u00c9lesdszurdukon (1948). Nagyk\u00e1rolyban kiad\u00f3t \u00e9s foly\u00f3iratot alap\u00edtott Prietenii artei c. (1947). Tan\u00e1rseg\u00e9d volt a kv.-i Rom\u00e1n M\u0171v\u00e9szeti Int\u00e9zetben (1949\u201351), a kv.-i Szentgy\u00f6rgyi Istv\u00e1n Sz\u00ednm\u0171v\u00e9szeti Akad. -\u00e1n (1951\u201354); majd a Mv.-re k\u00f6lt\u00f6ztetett Sz\u00ednm\u0171v\u00e9szeti F\u0151iskol\u00e1n tan\u00edtott hal\u00e1l\u00e1ig (tan\u00e1rseg\u00e9dt\u0151l a professzori rangig, katedraf\u0151n\u00f6k, prorektor) rom\u00e1n irodalmat, egyetemes \u00e9s rom\u00e1n sz\u00ednh\u00e1zt\u00f6rt\u00e9netet. Rektorhelyettes \u00e9s tansz\u00e9kvezet\u0151 volt (1957\u201370). P\u00e1rhuzamosan a didaktikai munk\u00e1j\u00e1val, sz\u00ednh\u00e1zkritikusi tev\u00e9kenys\u00e9get fejtett ki, hal\u00e1l\u00e1ig. Versekkel jelentkezett a nagyv\u00e1radi: Vestitorul, \u0162ara visurilor noastre, Curentul literar, Cele trei Cri\u015furi, Familia c. lapokban (1937), publik\u00e1lt a Gazeta de Vest, Afirmare (szatm\u00e1ri), Decalog, Universul literar (buk.-i), Tribuna Ardealului, Via\u0163a ilustrat\u0103, S\u0103pt\u0103m\u00e2na (besztercei) lapokban is, majd (1945 ut\u00e1n) k\u00f6z\u00f6lt Almanahul literar, F\u0103clia, Steaua, Utunk kv.-i periodik\u00e1kban. F\u0151szerk.-je a nagyk\u00e1rolyi Democratul c. \u00fajs\u00e1gnak (1947\u201349). Mv.-en a St. R., V. Z., Cadran mure\u015fan, Vatra, Igaz Sz\u00f3, \u00daj \u00c9let \u00e1lland\u00f3 munkat\u00e1rsa volt (1954-t\u0151l). M\u00e9g k\u00f6z\u00f6lte \u00edr\u00e1sait a buk.-i Via\u0163a Rom\u00e2neasc\u0103, Sc\u00e2nteia, El\u0151re, Contemporanul, Teatrul. Leford\u00edtotta Szab\u00f3 Lajos \u00f6t dr\u00e1m\u00e1j\u00e1t, de k\u00e9ziratban maradtak. Kit\u00fcntet\u00e9se: \u00c9rdemes tan\u00e1r (1967); Kultur\u00e1lis \u00c9rdemrend I. fokozata (1967. j\u00fan. 30.). \u2013 <strong>F. m.:<\/strong> Plecare \u00een c\u00e2ntec: versuri ( Cluj, 1943); <strong>t\u00e1rssz.:<\/strong> Versuri din Transilvania nordic\u0103 (Cluj, 1943); Din poezia Vie\u0163ii ilustrate (Cluj, 1944); A mv.-i sz\u00ednh\u00e1zi mozgalom r\u00f6vid t\u00f6rt\u00e9nete, 1946\u20131971(Mv., 1971). <br \/><strong>Irod.:<\/strong> Cosma; Dasc\u0103li mure\u015feni, 4.; Id\u0151t\u00e1r 4.; MMK; [Nekrol\u00f3g] (V. Z., 1986. j\u00fan. 17.); Ne\u015f, Teodor: Oameni din Bihor (Oradea, 1937); (Agora, 1990. m\u00e1j.); (Discobolul, 15\u201317. sz., 1999); (Poesis, 1\u20132. sz., 3\u20134. sz., 1999); (Steaua, 8. sz., 1978); (St. R., 1986. j\u00fal. 1.); (Tribuna, 1973. aug. 23.); (1982. febr. 11); (Via\u0163a Rom\u00e2neasc\u0103, 7. sz., 1981); Vulturescu<\/br><\/p>\n","protected":false},"excerpt":{"rendered":"<p>Szaniszl\u00f3, 1918. szept. 26., \u2020 Mv., 1986. j\u00fan. 15., Kv.-on a h\u00e1zsong\u00e1rdi temet\u0151ben nyugszik\u00a0: filogus, k\u00f6lt\u0151, sz\u00ednh\u00e1zt\u00f6rt\u00e9n\u00e9sz- \u00e9s kritikus, egyetemi tan\u00e1r. \u2013 Sz\u00fcl\u0151faluj\u00e1ban az elemi iskol\u00e1ban, Nagyv\u00e1radon a E. Gojdu L\u00edc.-ban tanult (1938) \u00e9s ott g\u00f6r. kat. teol\u00f3gi\u00e1t v\u00e9gzett (1942); majd francia-rom\u00e1n szakon v\u00e9gzett a kv.-i egyetemen (1950); a BBTE-en Dinamica regiei teatrale c. tanulm\u00e1ny\u00e1val [&hellip;]<\/p>\n","protected":false},"featured_media":0,"comment_status":"open","ping_status":"closed","template":"","meta":[],"product_brand":[],"product_cat":[137],"product_tag":[],"class_list":{"0":"post-5644","1":"product","2":"type-product","3":"status-publish","5":"product_cat-maros-megyei-eletrajzi-lexikon","7":"first","8":"instock","9":"shipping-taxable","10":"product-type-simple"},"_links":{"self":[{"href":"https:\/\/uj.adatbank.ro\/lexikon\/wp-json\/wp\/v2\/product\/5644","targetHints":{"allow":["GET"]}}],"collection":[{"href":"https:\/\/uj.adatbank.ro\/lexikon\/wp-json\/wp\/v2\/product"}],"about":[{"href":"https:\/\/uj.adatbank.ro\/lexikon\/wp-json\/wp\/v2\/types\/product"}],"replies":[{"embeddable":true,"href":"https:\/\/uj.adatbank.ro\/lexikon\/wp-json\/wp\/v2\/comments?post=5644"}],"wp:attachment":[{"href":"https:\/\/uj.adatbank.ro\/lexikon\/wp-json\/wp\/v2\/media?parent=5644"}],"wp:term":[{"taxonomy":"product_brand","embeddable":true,"href":"https:\/\/uj.adatbank.ro\/lexikon\/wp-json\/wp\/v2\/product_brand?post=5644"},{"taxonomy":"product_cat","embeddable":true,"href":"https:\/\/uj.adatbank.ro\/lexikon\/wp-json\/wp\/v2\/product_cat?post=5644"},{"taxonomy":"product_tag","embeddable":true,"href":"https:\/\/uj.adatbank.ro\/lexikon\/wp-json\/wp\/v2\/product_tag?post=5644"}],"curies":[{"name":"wp","href":"https:\/\/api.w.org\/{rel}","templated":true}]}}

<p>Szaniszló, 1918. szept. 26., † Mv., 1986. jún. 15., Kv.-on a házsongárdi temetőben nyugszik : filogus, költő, színháztörténész- és kritikus, egyetemi tanár. – Szülőfalujában az elemi iskolában, Nagyváradon a E. Gojdu Líc.-ban tanult (1938) és ott gör. kat. teológiát végzett (1942); majd francia-román szakon végzett a kv.-i egyetemen (1950); a BBTE-en Dinamica regiei teatrale c. tanulmányával szerezte meg a doktorátusát (1978). Tanárként dolgozott Nagyváradon (1942), Nagykárolyban (1946–47), Élesdszurdukon (1948). Nagykárolyban kiadót és folyóiratot alapított Prietenii artei c. (1947). Tanársegéd volt a kv.-i Román Művészeti Intézetben (1949–51), a kv.-i Szentgyörgyi István Színművészeti Akad. -án (1951–54); majd a Mv.-re költöztetett Színművészeti Főiskolán tanított haláláig (tanársegédtől a professzori rangig, katedrafőnök, prorektor) román irodalmat, egyetemes és román színháztörténetet. Rektorhelyettes és tanszékvezető volt (1957–70). Párhuzamosan a didaktikai munkájával, színházkritikusi tevékenységet fejtett ki, haláláig. Versekkel jelentkezett a nagyváradi: Vestitorul, Ţara visurilor noastre, Curentul literar, Cele trei Crişuri, Familia c. lapokban (1937), publikált a Gazeta de Vest, Afirmare (szatmári), Decalog, Universul literar (buk.-i), Tribuna Ardealului, Viaţa ilustrată, Săptămâna (besztercei) lapokban is, majd (1945 után) közölt Almanahul literar, Făclia, Steaua, Utunk kv.-i periodikákban. Főszerk.-je a nagykárolyi Democratul c. újságnak (1947–49). Mv.-en a St. R., V. Z., Cadran mureşan, Vatra, Igaz Szó, Új Élet állandó munkatársa volt (1954-től). Még közölte írásait a buk.-i Viaţa Românească, Scânteia, Előre, Contemporanul, Teatrul. Lefordította Szabó Lajos öt drámáját, de kéziratban maradtak. Kitüntetése: Érdemes tanár (1967); Kulturális Érdemrend I. fokozata (1967. jún. 30.). – <strong>F. m.:</strong> Plecare în cântec: versuri ( Cluj, 1943); <strong>társsz.:</strong> Versuri din Transilvania nordică (Cluj, 1943); Din poezia Vieţii ilustrate (Cluj, 1944); A mv.-i színházi mozgalom rövid története, 1946–1971(Mv., 1971). <br /><strong>Irod.:</strong> Cosma; Dascăli mureşeni, 4.; Időtár 4.; MMK; [Nekrológ] (V. Z., 1986. jún. 17.); Neş, Teodor: Oameni din Bihor (Oradea, 1937); (Agora, 1990. máj.); (Discobolul, 15–17. sz., 1999); (Poesis, 1–2. sz., 3–4. sz., 1999); (Steaua, 8. sz., 1978); (St. R., 1986. júl. 1.); (Tribuna, 1973. aug. 23.); (1982. febr. 11); (Viaţa Românească, 7. sz., 1981); Vulturescu</br></p>

<p>Szaniszló, 1918. szept. 26., † Mv., 1986. jún. 15., Kv.-on a házsongárdi temetőben nyugszik : filogus, költő, színháztörténész- és kritikus, egyetemi tanár. – Szülőfalujában az elemi iskolában, Nagyváradon a E. Gojdu Líc.-ban tanult (1938) és ott gör. kat. teológiát végzett (1942); majd francia-román szakon végzett a kv.-i egyetemen (1950); a BBTE-en Dinamica regiei teatrale c. tanulmányával [&hellip;]</p>
