{"id":5645,"date":"2025-06-28T17:25:21","date_gmt":"2025-06-28T15:25:21","guid":{"rendered":"https:\/\/uj.adatbank.ro\/lexikon\/termek\/cheri-ioan\/"},"modified":"2025-06-28T17:25:21","modified_gmt":"2025-06-28T15:25:21","slug":"cheri-ioan","status":"publish","type":"product","link":"https:\/\/uj.adatbank.ro\/lexikon\/termek\/cheri-ioan\/","title":{"rendered":"CHERI Ioan"},"content":{"rendered":"<p>Nagyv\u00e1rad, 1868. aug. 4., \u2020\u00a0? : tan\u00e1r. \u2013 Teol\u00f3giai tanulm\u00e1nyokat Bp.-en (1891), Kv.-on rom\u00e1n, latin, m. szakon v\u00e9gzett (1895). A bel\u00e9nyesi gr. kat. iskola tan\u00e1ra (1893. szept. 1. \u2013 1908. szept. 18.), Bradon (\u20131919. j\u00fal. 5.), majd Sz\u00e1szv\u00e1rosban tan\u00edtott (\u20131921. szept. 1.). Mv.-en tan\u00e1r \u00e9s igazgat\u00f3 az Al. Papiu Ilarian L\u00edc.-ban (1921. szept. 1. \u201323. apr. 20.). A miniszterium k\u00e9pvisel\u0151je a tanonciskola mellett; az Astra mv-i szakoszt\u00e1ly\u00e1nak eln\u00f6ke. Kiadta a Papiu Ilarian l\u00edc. \u00c9vk\u00f6nyv\u00e9t (1921\u201322-es tan\u00e9vre). Nagyk\u00e1rolyba nevezt\u00e9k ki igazgat\u00f3nak. <br \/><strong>Irod.:<\/strong> Bui-Borda-Opri\u015f; MMK; Papiu<\/br><\/p>\n","protected":false},"excerpt":{"rendered":"<p>Nagyv\u00e1rad, 1868. aug. 4., \u2020\u00a0? : tan\u00e1r. \u2013 Teol\u00f3giai tanulm\u00e1nyokat Bp.-en (1891), Kv.-on rom\u00e1n, latin, m. szakon v\u00e9gzett (1895). A bel\u00e9nyesi gr. kat. iskola tan\u00e1ra (1893. szept. 1. \u2013 1908. szept. 18.), Bradon (\u20131919. j\u00fal. 5.), majd Sz\u00e1szv\u00e1rosban tan\u00edtott (\u20131921. szept. 1.). Mv.-en tan\u00e1r \u00e9s igazgat\u00f3 az Al. Papiu Ilarian L\u00edc.-ban (1921. szept. 1. \u201323. [&hellip;]<\/p>\n","protected":false},"featured_media":0,"comment_status":"open","ping_status":"closed","template":"","meta":[],"product_brand":[],"product_cat":[137],"product_tag":[],"class_list":{"0":"post-5645","1":"product","2":"type-product","3":"status-publish","5":"product_cat-maros-megyei-eletrajzi-lexikon","7":"first","8":"instock","9":"shipping-taxable","10":"product-type-simple"},"_links":{"self":[{"href":"https:\/\/uj.adatbank.ro\/lexikon\/wp-json\/wp\/v2\/product\/5645","targetHints":{"allow":["GET"]}}],"collection":[{"href":"https:\/\/uj.adatbank.ro\/lexikon\/wp-json\/wp\/v2\/product"}],"about":[{"href":"https:\/\/uj.adatbank.ro\/lexikon\/wp-json\/wp\/v2\/types\/product"}],"replies":[{"embeddable":true,"href":"https:\/\/uj.adatbank.ro\/lexikon\/wp-json\/wp\/v2\/comments?post=5645"}],"wp:attachment":[{"href":"https:\/\/uj.adatbank.ro\/lexikon\/wp-json\/wp\/v2\/media?parent=5645"}],"wp:term":[{"taxonomy":"product_brand","embeddable":true,"href":"https:\/\/uj.adatbank.ro\/lexikon\/wp-json\/wp\/v2\/product_brand?post=5645"},{"taxonomy":"product_cat","embeddable":true,"href":"https:\/\/uj.adatbank.ro\/lexikon\/wp-json\/wp\/v2\/product_cat?post=5645"},{"taxonomy":"product_tag","embeddable":true,"href":"https:\/\/uj.adatbank.ro\/lexikon\/wp-json\/wp\/v2\/product_tag?post=5645"}],"curies":[{"name":"wp","href":"https:\/\/api.w.org\/{rel}","templated":true}]}}

<p>Nagyvárad, 1868. aug. 4., † ? : tanár. – Teológiai tanulmányokat Bp.-en (1891), Kv.-on román, latin, m. szakon végzett (1895). A belényesi gr. kat. iskola tanára (1893. szept. 1. – 1908. szept. 18.), Bradon (–1919. júl. 5.), majd Szászvárosban tanított (–1921. szept. 1.). Mv.-en tanár és igazgató az Al. Papiu Ilarian Líc.-ban (1921. szept. 1. –23. apr. 20.). A miniszterium képviselője a tanonciskola mellett; az Astra mv-i szakosztályának elnöke. Kiadta a Papiu Ilarian líc. Évkönyvét (1921–22-es tanévre). Nagykárolyba nevezték ki igazgatónak. <br /><strong>Irod.:</strong> Bui-Borda-Opriş; MMK; Papiu</br></p>

<p>Nagyvárad, 1868. aug. 4., † ? : tanár. – Teológiai tanulmányokat Bp.-en (1891), Kv.-on román, latin, m. szakon végzett (1895). A belényesi gr. kat. iskola tanára (1893. szept. 1. – 1908. szept. 18.), Bradon (–1919. júl. 5.), majd Szászvárosban tanított (–1921. szept. 1.). Mv.-en tanár és igazgató az Al. Papiu Ilarian Líc.-ban (1921. szept. 1. –23. [&hellip;]</p>
