{"id":5646,"date":"2025-06-28T17:25:22","date_gmt":"2025-06-28T15:25:22","guid":{"rendered":"https:\/\/uj.adatbank.ro\/lexikon\/termek\/chertes-teodor\/"},"modified":"2025-06-28T17:25:22","modified_gmt":"2025-06-28T15:25:22","slug":"chertes-teodor","status":"publish","type":"product","link":"https:\/\/uj.adatbank.ro\/lexikon\/termek\/chertes-teodor\/","title":{"rendered":"CHERTE\u015e Teodor"},"content":{"rendered":"<p>Nagy\u00f6lyves, 1919. m\u00e1rc. 15., \u2020\u00a0Hadr\u00e9v, 1944. szept. 5.: f\u00f6ldm\u0171ves, \u0151rmester. \u2013 Katonas\u00e1got a II. vh. idej\u00e9n a mv.-i 82. gyalogoskik\u00e9pz\u0151 ezred\u00e9nek, a 6. sz\u00e1zadban v\u00e9gzett, ahol csoportvezet\u0151 volt. A b\u00e9csi dikt\u00e1tum ut\u00e1n az eg\u00e9sz mv.-i katonai egys\u00e9ggel Dics\u0151szentm\u00e1rtonba menek\u00fclt (1940. aug. 30. \u2013). A rom\u00e1n hadsereggel vett r\u00e9szt a II. vh. harcaiban. Maroskece \u00e9s Hadr\u00e9v felszabad\u00edt\u00e1sakor esett el. Hadr\u00e9ven van eltemetve m\u00e1s 152 h\u0151si halottal egy\u00fctt. <br \/><strong>Irod.:<\/strong> MMK; Suciu<\/br><\/p>\n","protected":false},"excerpt":{"rendered":"<p>Nagy\u00f6lyves, 1919. m\u00e1rc. 15., \u2020\u00a0Hadr\u00e9v, 1944. szept. 5.: f\u00f6ldm\u0171ves, \u0151rmester. \u2013 Katonas\u00e1got a II. vh. idej\u00e9n a mv.-i 82. gyalogoskik\u00e9pz\u0151 ezred\u00e9nek, a 6. sz\u00e1zadban v\u00e9gzett, ahol csoportvezet\u0151 volt. A b\u00e9csi dikt\u00e1tum ut\u00e1n az eg\u00e9sz mv.-i katonai egys\u00e9ggel Dics\u0151szentm\u00e1rtonba menek\u00fclt (1940. aug. 30. \u2013). A rom\u00e1n hadsereggel vett r\u00e9szt a II. vh. harcaiban. Maroskece \u00e9s Hadr\u00e9v [&hellip;]<\/p>\n","protected":false},"featured_media":0,"comment_status":"open","ping_status":"closed","template":"","meta":[],"product_brand":[],"product_cat":[137],"product_tag":[],"class_list":{"0":"post-5646","1":"product","2":"type-product","3":"status-publish","5":"product_cat-maros-megyei-eletrajzi-lexikon","7":"first","8":"instock","9":"shipping-taxable","10":"product-type-simple"},"_links":{"self":[{"href":"https:\/\/uj.adatbank.ro\/lexikon\/wp-json\/wp\/v2\/product\/5646","targetHints":{"allow":["GET"]}}],"collection":[{"href":"https:\/\/uj.adatbank.ro\/lexikon\/wp-json\/wp\/v2\/product"}],"about":[{"href":"https:\/\/uj.adatbank.ro\/lexikon\/wp-json\/wp\/v2\/types\/product"}],"replies":[{"embeddable":true,"href":"https:\/\/uj.adatbank.ro\/lexikon\/wp-json\/wp\/v2\/comments?post=5646"}],"wp:attachment":[{"href":"https:\/\/uj.adatbank.ro\/lexikon\/wp-json\/wp\/v2\/media?parent=5646"}],"wp:term":[{"taxonomy":"product_brand","embeddable":true,"href":"https:\/\/uj.adatbank.ro\/lexikon\/wp-json\/wp\/v2\/product_brand?post=5646"},{"taxonomy":"product_cat","embeddable":true,"href":"https:\/\/uj.adatbank.ro\/lexikon\/wp-json\/wp\/v2\/product_cat?post=5646"},{"taxonomy":"product_tag","embeddable":true,"href":"https:\/\/uj.adatbank.ro\/lexikon\/wp-json\/wp\/v2\/product_tag?post=5646"}],"curies":[{"name":"wp","href":"https:\/\/api.w.org\/{rel}","templated":true}]}}

CHERTEŞ Teodor

<p>Nagyölyves, 1919. márc. 15., † Hadrév, 1944. szept. 5.: földműves, őrmester. – Katonaságot a II. vh. idején a mv.-i 82. gyalogoskiképző ezredének, a 6. században végzett, ahol csoportvezető volt. A bécsi diktátum után az egész mv.-i katonai egységgel Dicsőszentmártonba menekült (1940. aug. 30. –). A román hadsereggel vett részt a II. vh. harcaiban. Maroskece és Hadrév felszabadításakor esett el. Hadréven van eltemetve más 152 hősi halottal együtt. <br /><strong>Irod.:</strong> MMK; Suciu</br></p>

<p>Nagyölyves, 1919. márc. 15., † Hadrév, 1944. szept. 5.: földműves, őrmester. – Katonaságot a II. vh. idején a mv.-i 82. gyalogoskiképző ezredének, a 6. században végzett, ahol csoportvezető volt. A bécsi diktátum után az egész mv.-i katonai egységgel Dicsőszentmártonba menekült (1940. aug. 30. –). A román hadsereggel vett részt a II. vh. harcaiban. Maroskece és Hadrév [&hellip;]</p>
