{"id":5648,"date":"2025-06-28T17:25:27","date_gmt":"2025-06-28T15:25:27","guid":{"rendered":"https:\/\/uj.adatbank.ro\/lexikon\/termek\/chetan-aurel-%c2%a7\/"},"modified":"2025-06-28T17:25:27","modified_gmt":"2025-06-28T15:25:27","slug":"chetan-aurel-%c2%a7","status":"publish","type":"product","link":"https:\/\/uj.adatbank.ro\/lexikon\/termek\/chetan-aurel-%c2%a7\/","title":{"rendered":"CHE\u0162AN Aurel, \u00a7"},"content":{"rendered":"<p>Mv., 1914. m\u00e1rc. 10., \u2020\u00a0Mv., 1997. dec.: tan\u00e1r. \u2013 Elemi iskol\u00e1t a sz\u00fcl\u0151v\u00e1ros\u00e1ban, kereskedelmi k\u00f6z\u00e9piskol\u00e1t Nagyv\u00e1radon (\u00e9retts\u00e9gi vizsga 1934), Buk.-ben kereskedelmi akad. -t v\u00e9gzett (1934\u201338), ezzel p\u00e1rhuzamosan v\u00e9gezte a pedag\u00f3giai szemin\u00e1riumot is. Katonas\u00e1g ut\u00e1n Buk.-ben a K\u00fclkereskedelmi Gyapot T\u00e1rsas\u00e1gn\u00e1l dolgozott, de a pedag\u00f3gusi p\u00e1lya jobban vonzotta. Buz\u0103ban a kereskedelmi l\u00edc.-ban tan\u00edtott (1943\u201346), azut\u00e1n Brass\u00f3ban, m\u00edg v\u00e9g\u00fcl sz\u00fcl\u0151v\u00e1ros\u00e1ba ker\u00fclt, ahol szint\u00e9n a kereskedelmi l\u00edc.-ban a k\u00f6nyvel\u00e9stan tan\u00e1ra, majd iskolaigazgat\u00f3 (1947\u201376). Igazgat\u00e1sa ideje alatt egyes\u00edtett\u00e9k a hasonl\u00f3 profil\u00fa gazd.-i l\u00edc. -ot a kereskedelmi iskolak\u00f6zponttal (1972\u2013). Az \u00faj iskola igazgat\u00e1s\u00e1t szint\u00e9n r\u00e1b\u00edzt\u00e1k. A l\u00edc. -ot modern taneszk\u00f6z\u00f6kkel l\u00e1tta el (laborat\u00f3riumok, szeml\u00e9ltet\u0151 eszk\u00f6z\u00f6k, k\u00f6nyvt\u00e1r, szakkabinetek, intern\u00e1tus, \u00e9tkezde), az ideje alatt \u00e9p\u00fclt a bentlak\u00e1s, tornaterem is. <br \/><strong>Irod.:<\/strong> C. L. (1998. m\u00e1rc. 7., dec. 4.); Dasc\u0103li mure\u015feni, 3.; \u00cenv. comercial econ.<\/br><\/p>\n","protected":false},"excerpt":{"rendered":"<p>Mv., 1914. m\u00e1rc. 10., \u2020\u00a0Mv., 1997. dec.: tan\u00e1r. \u2013 Elemi iskol\u00e1t a sz\u00fcl\u0151v\u00e1ros\u00e1ban, kereskedelmi k\u00f6z\u00e9piskol\u00e1t Nagyv\u00e1radon (\u00e9retts\u00e9gi vizsga 1934), Buk.-ben kereskedelmi akad. -t v\u00e9gzett (1934\u201338), ezzel p\u00e1rhuzamosan v\u00e9gezte a pedag\u00f3giai szemin\u00e1riumot is. Katonas\u00e1g ut\u00e1n Buk.-ben a K\u00fclkereskedelmi Gyapot T\u00e1rsas\u00e1gn\u00e1l dolgozott, de a pedag\u00f3gusi p\u00e1lya jobban vonzotta. Buz\u0103ban a kereskedelmi l\u00edc.-ban tan\u00edtott (1943\u201346), azut\u00e1n Brass\u00f3ban, m\u00edg [&hellip;]<\/p>\n","protected":false},"featured_media":0,"comment_status":"open","ping_status":"closed","template":"","meta":[],"product_brand":[],"product_cat":[137],"product_tag":[],"class_list":{"0":"post-5648","1":"product","2":"type-product","3":"status-publish","5":"product_cat-maros-megyei-eletrajzi-lexikon","7":"first","8":"instock","9":"shipping-taxable","10":"product-type-simple"},"_links":{"self":[{"href":"https:\/\/uj.adatbank.ro\/lexikon\/wp-json\/wp\/v2\/product\/5648","targetHints":{"allow":["GET"]}}],"collection":[{"href":"https:\/\/uj.adatbank.ro\/lexikon\/wp-json\/wp\/v2\/product"}],"about":[{"href":"https:\/\/uj.adatbank.ro\/lexikon\/wp-json\/wp\/v2\/types\/product"}],"replies":[{"embeddable":true,"href":"https:\/\/uj.adatbank.ro\/lexikon\/wp-json\/wp\/v2\/comments?post=5648"}],"wp:attachment":[{"href":"https:\/\/uj.adatbank.ro\/lexikon\/wp-json\/wp\/v2\/media?parent=5648"}],"wp:term":[{"taxonomy":"product_brand","embeddable":true,"href":"https:\/\/uj.adatbank.ro\/lexikon\/wp-json\/wp\/v2\/product_brand?post=5648"},{"taxonomy":"product_cat","embeddable":true,"href":"https:\/\/uj.adatbank.ro\/lexikon\/wp-json\/wp\/v2\/product_cat?post=5648"},{"taxonomy":"product_tag","embeddable":true,"href":"https:\/\/uj.adatbank.ro\/lexikon\/wp-json\/wp\/v2\/product_tag?post=5648"}],"curies":[{"name":"wp","href":"https:\/\/api.w.org\/{rel}","templated":true}]}}

CHEŢAN Aurel, §

<p>Mv., 1914. márc. 10., † Mv., 1997. dec.: tanár. – Elemi iskolát a szülővárosában, kereskedelmi középiskolát Nagyváradon (érettségi vizsga 1934), Buk.-ben kereskedelmi akad. -t végzett (1934–38), ezzel párhuzamosan végezte a pedagógiai szemináriumot is. Katonaság után Buk.-ben a Külkereskedelmi Gyapot Társaságnál dolgozott, de a pedagógusi pálya jobban vonzotta. Buzăban a kereskedelmi líc.-ban tanított (1943–46), azután Brassóban, míg végül szülővárosába került, ahol szintén a kereskedelmi líc.-ban a könyveléstan tanára, majd iskolaigazgató (1947–76). Igazgatása ideje alatt egyesítették a hasonló profilú gazd.-i líc. -ot a kereskedelmi iskolaközponttal (1972–). Az új iskola igazgatását szintén rábízták. A líc. -ot modern taneszközökkel látta el (laboratóriumok, szemléltető eszközök, könyvtár, szakkabinetek, internátus, étkezde), az ideje alatt épült a bentlakás, tornaterem is. <br /><strong>Irod.:</strong> C. L. (1998. márc. 7., dec. 4.); Dascăli mureşeni, 3.; Înv. comercial econ.</br></p>

<p>Mv., 1914. márc. 10., † Mv., 1997. dec.: tanár. – Elemi iskolát a szülővárosában, kereskedelmi középiskolát Nagyváradon (érettségi vizsga 1934), Buk.-ben kereskedelmi akad. -t végzett (1934–38), ezzel párhuzamosan végezte a pedagógiai szemináriumot is. Katonaság után Buk.-ben a Külkereskedelmi Gyapot Társaságnál dolgozott, de a pedagógusi pálya jobban vonzotta. Buzăban a kereskedelmi líc.-ban tanított (1943–46), azután Brassóban, míg [&hellip;]</p>
