{"id":5652,"date":"2025-06-28T17:25:34","date_gmt":"2025-06-28T15:25:34","guid":{"rendered":"https:\/\/uj.adatbank.ro\/lexikon\/termek\/chetian-augustin-%c2%a7-chetianu-augustin\/"},"modified":"2025-06-28T17:25:34","modified_gmt":"2025-06-28T15:25:34","slug":"chetian-augustin-%c2%a7-chetianu-augustin","status":"publish","type":"product","link":"https:\/\/uj.adatbank.ro\/lexikon\/termek\/chetian-augustin-%c2%a7-chetianu-augustin\/","title":{"rendered":"CHE\u0162IAN Augustin, \u00a7 Che\u0163ianu Augustin"},"content":{"rendered":"<p>Nagyercse, 1860., \u2020 1921.: \u00fcgyv\u00e9d. \u2013 Tanult Mv-en, jogot v\u00e9gzett Kv.-on, ahol doktorr\u00e1 avatt\u00e1k (1890. nov. 15.). \u00dcgyv\u00e9d Sz\u00e1szr\u00e9genben. Tagja az Astra-nak (1892\u2013), majd \u00f6r\u00f6k\u00f6stagja (1912\u2013), alapt\u00f3 \u00e9s \u00f6r\u00f6k\u00f6s tagja a rom\u00e1n sz\u00ednh\u00e1z l\u00e9tes\u00edt\u00e9s\u00e9re l\u00e9trehozott alapnak (1912\u2013), alap\u00edt\u00f3tagja a Rom\u00e1n Tan\u00edt\u00f3k Egyes\u00fclet\u00e9nek. A Nemzeti Liber\u00e1lis P\u00e1rt tagja. Eln\u00f6ke a Rom\u00e1n Nemzeti Tan\u00e1cs marosmegyei bizotts\u00e1g\u00e1nak (1918.). A mv.-i \u00fcgyv\u00e9di kamara d\u00e9k\u00e1nja volt hal\u00e1l\u00e1ig. <br \/><strong>Irod.:<\/strong> Regh. cult. 2.; Szab\u00f3 Ferenc: Erd\u00e9ly \u00e9s a rom\u00e1n k\u00e9rd\u00e9s (Mv., 1910); Profiluri reghinene; Reghin, Protopopiat; Todea 2013; Traian Popa: Tg. M.<\/br><\/p>\n","protected":false},"excerpt":{"rendered":"<p>Nagyercse, 1860., \u2020 1921.: \u00fcgyv\u00e9d. \u2013 Tanult Mv-en, jogot v\u00e9gzett Kv.-on, ahol doktorr\u00e1 avatt\u00e1k (1890. nov. 15.). \u00dcgyv\u00e9d Sz\u00e1szr\u00e9genben. Tagja az Astra-nak (1892\u2013), majd \u00f6r\u00f6k\u00f6stagja (1912\u2013), alapt\u00f3 \u00e9s \u00f6r\u00f6k\u00f6s tagja a rom\u00e1n sz\u00ednh\u00e1z l\u00e9tes\u00edt\u00e9s\u00e9re l\u00e9trehozott alapnak (1912\u2013), alap\u00edt\u00f3tagja a Rom\u00e1n Tan\u00edt\u00f3k Egyes\u00fclet\u00e9nek. A Nemzeti Liber\u00e1lis P\u00e1rt tagja. Eln\u00f6ke a Rom\u00e1n Nemzeti Tan\u00e1cs marosmegyei bizotts\u00e1g\u00e1nak (1918.). [&hellip;]<\/p>\n","protected":false},"featured_media":0,"comment_status":"open","ping_status":"closed","template":"","meta":[],"product_brand":[],"product_cat":[137],"product_tag":[],"class_list":{"0":"post-5652","1":"product","2":"type-product","3":"status-publish","5":"product_cat-maros-megyei-eletrajzi-lexikon","7":"first","8":"instock","9":"shipping-taxable","10":"product-type-simple"},"_links":{"self":[{"href":"https:\/\/uj.adatbank.ro\/lexikon\/wp-json\/wp\/v2\/product\/5652","targetHints":{"allow":["GET"]}}],"collection":[{"href":"https:\/\/uj.adatbank.ro\/lexikon\/wp-json\/wp\/v2\/product"}],"about":[{"href":"https:\/\/uj.adatbank.ro\/lexikon\/wp-json\/wp\/v2\/types\/product"}],"replies":[{"embeddable":true,"href":"https:\/\/uj.adatbank.ro\/lexikon\/wp-json\/wp\/v2\/comments?post=5652"}],"wp:attachment":[{"href":"https:\/\/uj.adatbank.ro\/lexikon\/wp-json\/wp\/v2\/media?parent=5652"}],"wp:term":[{"taxonomy":"product_brand","embeddable":true,"href":"https:\/\/uj.adatbank.ro\/lexikon\/wp-json\/wp\/v2\/product_brand?post=5652"},{"taxonomy":"product_cat","embeddable":true,"href":"https:\/\/uj.adatbank.ro\/lexikon\/wp-json\/wp\/v2\/product_cat?post=5652"},{"taxonomy":"product_tag","embeddable":true,"href":"https:\/\/uj.adatbank.ro\/lexikon\/wp-json\/wp\/v2\/product_tag?post=5652"}],"curies":[{"name":"wp","href":"https:\/\/api.w.org\/{rel}","templated":true}]}}

CHEŢIAN Augustin, § Cheţianu Augustin

<p>Nagyercse, 1860., † 1921.: ügyvéd. – Tanult Mv-en, jogot végzett Kv.-on, ahol doktorrá avatták (1890. nov. 15.). Ügyvéd Szászrégenben. Tagja az Astra-nak (1892–), majd örököstagja (1912–), alaptó és örökös tagja a román színház létesítésére létrehozott alapnak (1912–), alapítótagja a Román Tanítók Egyesületének. A Nemzeti Liberális Párt tagja. Elnöke a Román Nemzeti Tanács marosmegyei bizottságának (1918.). A mv.-i ügyvédi kamara dékánja volt haláláig. <br /><strong>Irod.:</strong> Regh. cult. 2.; Szabó Ferenc: Erdély és a román kérdés (Mv., 1910); Profiluri reghinene; Reghin, Protopopiat; Todea 2013; Traian Popa: Tg. M.</br></p>

<p>Nagyercse, 1860., † 1921.: ügyvéd. – Tanult Mv-en, jogot végzett Kv.-on, ahol doktorrá avatták (1890. nov. 15.). Ügyvéd Szászrégenben. Tagja az Astra-nak (1892–), majd örököstagja (1912–), alaptó és örökös tagja a román színház létesítésére létrehozott alapnak (1912–), alapítótagja a Román Tanítók Egyesületének. A Nemzeti Liberális Párt tagja. Elnöke a Román Nemzeti Tanács marosmegyei bizottságának (1918.). [&hellip;]</p>
