{"id":5654,"date":"2025-06-28T17:25:39","date_gmt":"2025-06-28T15:25:39","guid":{"rendered":"https:\/\/uj.adatbank.ro\/lexikon\/termek\/chevassus-ferenc-emil-%c2%a7-svasszu-chewassus\/"},"modified":"2025-06-28T17:25:39","modified_gmt":"2025-06-28T15:25:39","slug":"chevassus-ferenc-emil-%c2%a7-svasszu-chewassus","status":"publish","type":"product","link":"https:\/\/uj.adatbank.ro\/lexikon\/termek\/chevassus-ferenc-emil-%c2%a7-svasszu-chewassus\/","title":{"rendered":"CHEVASSUS Ferenc Emil, \u00a7 Svassz\u00fc, Chewassus"},"content":{"rendered":"<p>1850., \u2020 Mv., 1929. okt. 7.: tornatan\u00e1r, v\u00edv\u00f3mester. \u2013 Feles\u00e9ge Fintha Gizella (1862- Mv., 1920. febr. 9.). Gyermekeik: szemarjai Demeter Tibor, dr. Ch. \/ Gelenczei Emil \u00e9s nevelt fi\u00fak Fintha Endre. \u2013 A mv.-i k\u00f6zs\u00e9gi polg\u00e1ri fi\u00faiskola francia nyelv \u00e9s torna tan\u00e1ra (1879-ig). Az els\u0151 oktat\u00e1st szolg\u00e1l\u00f3 \u00fasz\u00f3iskol\u00e1t (1892-ben) l\u00e9tes\u00edtette Chevassus tan\u00e1r. A mv.-i Ref. Koll. sporttan\u00e1ra (1871\u20131913), a tornaszert\u00e1r \u0151re, tan\u00edtott az elemi iskol\u00e1ban is. Nagyon sokoldal\u00fa sportember. A Mv.-en megalakult \u00f6nk\u00e9ntes torn\u00e1szscsapat edz\u0151je, v\u00edv\u00f3edz\u0151, ker\u00e9kp\u00e1ros, \u00fasz\u00f3iskol\u00e1t szervezett, torna- \u00e9s v\u00edv\u00f3gyakorlatokat vezetett a v\u00e1ros tornacsapat\u00e1ban (1871). A nagy t\u0171zv\u00e9szt k\u00f6vet\u0151en a megalakult az \u00d6nk\u00e9ntes T\u0171zolt\u00f3 \u00e9s Ment\u0151 Egylet (1876), kik\u00e9pezte az \u00f6nk\u00e9nteseket, a sikeres pr\u00f3bagyakorlatok elv\u00e9gz\u00e9se ut\u00e1n az egys\u00e9g tagja lett az Orsz\u00e1gos T\u0171zolt\u00f3egyes\u00fcletnek (1877). Kezdem\u00e9nyez\u00e9s\u00e9re megalakult a Mv.-i Torna Egylet (1884), \u00e9s vezette a torna \u00e9s v\u00edv\u00f3 gyakorlatokat. A mv.-i Ker\u00e9kp\u00e1roz\u00f3k Egyes\u00fclet\u00e9nek megalap\u00edt\u00f3ja, szert\u00e1rosa (1888), f\u0151kapit\u00e1nya (1898\u2013), MSE alap\u00edt\u00f3 tagja (1898), az atl\u00e9tikai oszt. vezet\u0151je (1907\u2013). A v\u00e1ros t\u00f6rv\u00e9nyhat\u00f3s\u00e1gi test\u00fclet\u00e9nek k\u00e9pvisel\u0151je (1910). <br \/><strong>Irod.:<\/strong> Csekme; Gy\u00e1szjelent\u0151; Horv\u00e1th L\u00e1szl\u00f3: A mv.-i labdar\u00fag\u00e1s kezdetei (V. Z., 1982. szept. 17.); Horv\u00e1th L\u00e1szl\u00f3: \u201eMaga k\u00e1r\u00e1n tanult a v\u00e1ros.\u201d: a Mv.-i T\u0171zolt\u00f3 Egylet megalakul\u00e1sa (V. Z., 1983. m\u00e1j. 22.); Id\u0151t\u00e1r 2; Id\u0151t\u00e1r 3; Illy\u00e9s; Kl\u00f3sz-Tolok\u00e1n; A mv.-i Ref. Koll. N\u00f6vend\u00e9keivel tett tanulm\u00e1nyi \u00fat le\u00edr\u00e1sa (Mv., 1890); Mv.-i ref. temet\u0151; Mv. t\u00f6rt. 2; Nemes; Nurids\u00e1ny Tibor: 100 \u00e9ve alakult meg a Mv.-i Sport Egylet \u2013 MSE (N\u00fa., 1998. jan. 16.); \u00d6kr\u00f6s; Par\u00e1di; Sebesty\u00e9n; Sikl\u00f3ssy<\/br><\/p>\n","protected":false},"excerpt":{"rendered":"<p>1850., \u2020 Mv., 1929. okt. 7.: tornatan\u00e1r, v\u00edv\u00f3mester. \u2013 Feles\u00e9ge Fintha Gizella (1862- Mv., 1920. febr. 9.). Gyermekeik: szemarjai Demeter Tibor, dr. Ch. \/ Gelenczei Emil \u00e9s nevelt fi\u00fak Fintha Endre. \u2013 A mv.-i k\u00f6zs\u00e9gi polg\u00e1ri fi\u00faiskola francia nyelv \u00e9s torna tan\u00e1ra (1879-ig). Az els\u0151 oktat\u00e1st szolg\u00e1l\u00f3 \u00fasz\u00f3iskol\u00e1t (1892-ben) l\u00e9tes\u00edtette Chevassus tan\u00e1r. A mv.-i Ref. [&hellip;]<\/p>\n","protected":false},"featured_media":0,"comment_status":"open","ping_status":"closed","template":"","meta":[],"product_brand":[],"product_cat":[137],"product_tag":[],"class_list":{"0":"post-5654","1":"product","2":"type-product","3":"status-publish","5":"product_cat-maros-megyei-eletrajzi-lexikon","7":"first","8":"instock","9":"shipping-taxable","10":"product-type-simple"},"_links":{"self":[{"href":"https:\/\/uj.adatbank.ro\/lexikon\/wp-json\/wp\/v2\/product\/5654","targetHints":{"allow":["GET"]}}],"collection":[{"href":"https:\/\/uj.adatbank.ro\/lexikon\/wp-json\/wp\/v2\/product"}],"about":[{"href":"https:\/\/uj.adatbank.ro\/lexikon\/wp-json\/wp\/v2\/types\/product"}],"replies":[{"embeddable":true,"href":"https:\/\/uj.adatbank.ro\/lexikon\/wp-json\/wp\/v2\/comments?post=5654"}],"wp:attachment":[{"href":"https:\/\/uj.adatbank.ro\/lexikon\/wp-json\/wp\/v2\/media?parent=5654"}],"wp:term":[{"taxonomy":"product_brand","embeddable":true,"href":"https:\/\/uj.adatbank.ro\/lexikon\/wp-json\/wp\/v2\/product_brand?post=5654"},{"taxonomy":"product_cat","embeddable":true,"href":"https:\/\/uj.adatbank.ro\/lexikon\/wp-json\/wp\/v2\/product_cat?post=5654"},{"taxonomy":"product_tag","embeddable":true,"href":"https:\/\/uj.adatbank.ro\/lexikon\/wp-json\/wp\/v2\/product_tag?post=5654"}],"curies":[{"name":"wp","href":"https:\/\/api.w.org\/{rel}","templated":true}]}}

CHEVASSUS Ferenc Emil, § Svasszü, Chewassus

<p>1850., † Mv., 1929. okt. 7.: tornatanár, vívómester. – Felesége Fintha Gizella (1862- Mv., 1920. febr. 9.). Gyermekeik: szemarjai Demeter Tibor, dr. Ch. / Gelenczei Emil és nevelt fiúk Fintha Endre. – A mv.-i községi polgári fiúiskola francia nyelv és torna tanára (1879-ig). Az első oktatást szolgáló úszóiskolát (1892-ben) létesítette Chevassus tanár. A mv.-i Ref. Koll. sporttanára (1871–1913), a tornaszertár őre, tanított az elemi iskolában is. Nagyon sokoldalú sportember. A Mv.-en megalakult önkéntes tornászscsapat edzője, vívóedző, kerékpáros, úszóiskolát szervezett, torna- és vívógyakorlatokat vezetett a város tornacsapatában (1871). A nagy tűzvészt követően a megalakult az Önkéntes Tűzoltó és Mentő Egylet (1876), kiképezte az önkénteseket, a sikeres próbagyakorlatok elvégzése után az egység tagja lett az Országos Tűzoltóegyesületnek (1877). Kezdeményezésére megalakult a Mv.-i Torna Egylet (1884), és vezette a torna és vívó gyakorlatokat. A mv.-i Kerékpározók Egyesületének megalapítója, szertárosa (1888), főkapitánya (1898–), MSE alapító tagja (1898), az atlétikai oszt. vezetője (1907–). A város törvényhatósági testületének képviselője (1910). <br /><strong>Irod.:</strong> Csekme; Gyászjelentő; Horváth László: A mv.-i labdarúgás kezdetei (V. Z., 1982. szept. 17.); Horváth László: „Maga kárán tanult a város.”: a Mv.-i Tűzoltó Egylet megalakulása (V. Z., 1983. máj. 22.); Időtár 2; Időtár 3; Illyés; Klósz-Tolokán; A mv.-i Ref. Koll. Növendékeivel tett tanulmányi út leírása (Mv., 1890); Mv.-i ref. temető; Mv. tört. 2; Nemes; Nuridsány Tibor: 100 éve alakult meg a Mv.-i Sport Egylet – MSE (Nú., 1998. jan. 16.); Ökrös; Parádi; Sebestyén; Siklóssy</br></p>

<p>1850., † Mv., 1929. okt. 7.: tornatanár, vívómester. – Felesége Fintha Gizella (1862- Mv., 1920. febr. 9.). Gyermekeik: szemarjai Demeter Tibor, dr. Ch. / Gelenczei Emil és nevelt fiúk Fintha Endre. – A mv.-i községi polgári fiúiskola francia nyelv és torna tanára (1879-ig). Az első oktatást szolgáló úszóiskolát (1892-ben) létesítette Chevassus tanár. A mv.-i Ref. [&hellip;]</p>
