{"id":5658,"date":"2025-06-28T17:25:43","date_gmt":"2025-06-28T15:25:43","guid":{"rendered":"https:\/\/uj.adatbank.ro\/lexikon\/termek\/chiciudean-vasile\/"},"modified":"2025-06-28T17:25:43","modified_gmt":"2025-06-28T15:25:43","slug":"chiciudean-vasile","status":"publish","type":"product","link":"https:\/\/uj.adatbank.ro\/lexikon\/termek\/chiciudean-vasile\/","title":{"rendered":"CHICIUDEAN Vasile"},"content":{"rendered":"<p>Erd\u00f6szombattelke, 1914. dec. 29. \u2020 Sz\u00e1szr\u00e9gen, 1983. jan. 9.: g\u00f6r. kat. pap. Sz\u00e1szfellakon temett\u00e9k. \u2013 Elemi iskol\u00e1t Sz\u00e1szzsomborban, sz\u00fclei sz\u00fcl\u0151faluj\u00e1ban, l\u00edc. -ot Szamos\u00fajv\u00e1ron a Petru Maior L\u00edc.-ban v\u00e9gzett, ahol iskolai k\u00f6nyvt\u00e1ros is volt. Ott jelentek meg els\u0151 versei is (1933). Elvitt\u00e9k katon\u00e1nak. Leszerel\u00e9s ut\u00e1n beiratkozott a bal\u00e1zsfalvi Teol\u00f3giai Akad.-ra (1936\u2013). Kv-on szentelt\u00e9k papp\u00e1 (1941. jan. 25.). Mez\u0151szentandr\u00e1son pap a g. kat. egyh\u00e1z betilt\u00e1s\u00e1ig (1941\u201348). K\u00f6nyvel\u00e9si iskol\u00e1t v\u00e9gzett Kv.-on, tan\u00edtott Sz\u00e1szr\u00e9genben \u00e9s nyugd\u00edjaz\u00e1s\u00e1ig a Halad\u00e1s Sz\u00f6vetkezet k\u00f6nyvel\u0151je (1977). Titokban tartott mis\u00e9ket, keresztelt, foglakozott a j\u00f6vend\u0151 papn\u00f6vend\u00e9kek felk\u00e9sz\u00edt\u00e9s\u00e9vel. <br \/><strong>Irod.:<\/strong> Butiurc\u0103; Reghin, Protopopiat<\/br><\/p>\n","protected":false},"excerpt":{"rendered":"<p>Erd\u00f6szombattelke, 1914. dec. 29. \u2020 Sz\u00e1szr\u00e9gen, 1983. jan. 9.: g\u00f6r. kat. pap. Sz\u00e1szfellakon temett\u00e9k. \u2013 Elemi iskol\u00e1t Sz\u00e1szzsomborban, sz\u00fclei sz\u00fcl\u0151faluj\u00e1ban, l\u00edc. -ot Szamos\u00fajv\u00e1ron a Petru Maior L\u00edc.-ban v\u00e9gzett, ahol iskolai k\u00f6nyvt\u00e1ros is volt. Ott jelentek meg els\u0151 versei is (1933). Elvitt\u00e9k katon\u00e1nak. Leszerel\u00e9s ut\u00e1n beiratkozott a bal\u00e1zsfalvi Teol\u00f3giai Akad.-ra (1936\u2013). Kv-on szentelt\u00e9k papp\u00e1 (1941. jan. [&hellip;]<\/p>\n","protected":false},"featured_media":0,"comment_status":"open","ping_status":"closed","template":"","meta":[],"product_brand":[],"product_cat":[137],"product_tag":[],"class_list":{"0":"post-5658","1":"product","2":"type-product","3":"status-publish","5":"product_cat-maros-megyei-eletrajzi-lexikon","7":"first","8":"instock","9":"shipping-taxable","10":"product-type-simple"},"_links":{"self":[{"href":"https:\/\/uj.adatbank.ro\/lexikon\/wp-json\/wp\/v2\/product\/5658","targetHints":{"allow":["GET"]}}],"collection":[{"href":"https:\/\/uj.adatbank.ro\/lexikon\/wp-json\/wp\/v2\/product"}],"about":[{"href":"https:\/\/uj.adatbank.ro\/lexikon\/wp-json\/wp\/v2\/types\/product"}],"replies":[{"embeddable":true,"href":"https:\/\/uj.adatbank.ro\/lexikon\/wp-json\/wp\/v2\/comments?post=5658"}],"wp:attachment":[{"href":"https:\/\/uj.adatbank.ro\/lexikon\/wp-json\/wp\/v2\/media?parent=5658"}],"wp:term":[{"taxonomy":"product_brand","embeddable":true,"href":"https:\/\/uj.adatbank.ro\/lexikon\/wp-json\/wp\/v2\/product_brand?post=5658"},{"taxonomy":"product_cat","embeddable":true,"href":"https:\/\/uj.adatbank.ro\/lexikon\/wp-json\/wp\/v2\/product_cat?post=5658"},{"taxonomy":"product_tag","embeddable":true,"href":"https:\/\/uj.adatbank.ro\/lexikon\/wp-json\/wp\/v2\/product_tag?post=5658"}],"curies":[{"name":"wp","href":"https:\/\/api.w.org\/{rel}","templated":true}]}}

<p>Erdöszombattelke, 1914. dec. 29. † Szászrégen, 1983. jan. 9.: gör. kat. pap. Szászfellakon temették. – Elemi iskolát Szászzsomborban, szülei szülőfalujában, líc. -ot Szamosújváron a Petru Maior Líc.-ban végzett, ahol iskolai könyvtáros is volt. Ott jelentek meg első versei is (1933). Elvitték katonának. Leszerelés után beiratkozott a balázsfalvi Teológiai Akad.-ra (1936–). Kv-on szentelték pappá (1941. jan. 25.). Mezőszentandráson pap a g. kat. egyház betiltásáig (1941–48). Könyvelési iskolát végzett Kv.-on, tanított Szászrégenben és nyugdíjazásáig a Haladás Szövetkezet könyvelője (1977). Titokban tartott miséket, keresztelt, foglakozott a jövendő papnövendékek felkészítésével. <br /><strong>Irod.:</strong> Butiurcă; Reghin, Protopopiat</br></p>

<p>Erdöszombattelke, 1914. dec. 29. † Szászrégen, 1983. jan. 9.: gör. kat. pap. Szászfellakon temették. – Elemi iskolát Szászzsomborban, szülei szülőfalujában, líc. -ot Szamosújváron a Petru Maior Líc.-ban végzett, ahol iskolai könyvtáros is volt. Ott jelentek meg első versei is (1933). Elvitték katonának. Leszerelés után beiratkozott a balázsfalvi Teológiai Akad.-ra (1936–). Kv-on szentelték pappá (1941. jan. [&hellip;]</p>
