{"id":5659,"date":"2025-06-28T17:25:44","date_gmt":"2025-06-28T15:25:44","guid":{"rendered":"https:\/\/uj.adatbank.ro\/lexikon\/termek\/chiehulski-peter-pal-ciehulski-peter-pal\/"},"modified":"2025-06-28T17:25:44","modified_gmt":"2025-06-28T15:25:44","slug":"chiehulski-peter-pal-ciehulski-peter-pal","status":"publish","type":"product","link":"https:\/\/uj.adatbank.ro\/lexikon\/termek\/chiehulski-peter-pal-ciehulski-peter-pal\/","title":{"rendered":"CHIEHULSKI P\u00e9ter P\u00e1l, Ciehulski P\u00e9ter P\u00e1l"},"content":{"rendered":"<p>? \u2020 Mv., 1905.: f\u00e9nyk\u00e9p\u00e9sz, kiad\u00f3. \u2013 Mv. els\u0151 ismert f\u00e9nyk\u00e9p\u00e9sze, aki Apor K\u00e1roly p\u00e1rtfogoltja volt. H\u00e1z\u00e9p\u00edt\u00e9si enged\u00e9lyt k\u00e9rt \u00e9s kapott a v\u00e1rost\u00f3l (1860 k.). M\u0171termet nyitott a Haj\u00f3s k\u00f6z 303. alatt (ma Horea), itt tev\u00e9kenykedett (1865\u201374), majd k\u00f6rutra indult. L\u00e9trehozt\u00e1k a Chiehulski \u00e9s Wargha f\u00e9nyk\u00e9p\u00e9szeti \u00e9s fest\u00e9szeti m\u0171termet (1874\u201380), Chiehulski \u00e9s Csonka m\u0171termet (1880\u201393 vagy 1900), majd Miskolcra t\u00e1vozott. <br \/><strong>Irod.:<\/strong> Apor Eszter: A fotogr\u00e1fia \u00e9s a fest\u00e9szet \u2013 b\u00e1r\u00f3 Apor K\u00e1roly portr\u00e9i (Sz\u00e9kelyf\u00f6ld, 2016. \u00e1pr., 4. sz.); Castellum \u00c9rtes\u00edt\u0151 (2002, 8. sz.); Csepreghy 2010; Ga\u00e1l Korn\u00e9lia: F\u00e9nyk\u00e9p a m\u00fazeumi gy\u0171jtem\u00e9nyben (N\u00fa., 1990. j\u00fal. 13.; 1990. j\u00fal. 20.); Ga\u00e1l Korn\u00e9lia: Az egykori Mv. (N\u00fa., 1995. j\u00fal. 26.); Mikl\u00f3si-Sikes; T\u00f6r\u00f6k G\u00e1sp\u00e1r: Visszapillant\u00e1s a fot\u00f3m\u0171v\u00e9szet v\u00e1s\u00e1rhelyi el\u0151zm\u00e9nyeire (N\u00fa., M\u00fazsa, 302. sz., 1997. j\u00fal. 11.)<\/br><\/p>\n","protected":false},"excerpt":{"rendered":"<p>? \u2020 Mv., 1905.: f\u00e9nyk\u00e9p\u00e9sz, kiad\u00f3. \u2013 Mv. els\u0151 ismert f\u00e9nyk\u00e9p\u00e9sze, aki Apor K\u00e1roly p\u00e1rtfogoltja volt. H\u00e1z\u00e9p\u00edt\u00e9si enged\u00e9lyt k\u00e9rt \u00e9s kapott a v\u00e1rost\u00f3l (1860 k.). M\u0171termet nyitott a Haj\u00f3s k\u00f6z 303. alatt (ma Horea), itt tev\u00e9kenykedett (1865\u201374), majd k\u00f6rutra indult. L\u00e9trehozt\u00e1k a Chiehulski \u00e9s Wargha f\u00e9nyk\u00e9p\u00e9szeti \u00e9s fest\u00e9szeti m\u0171termet (1874\u201380), Chiehulski \u00e9s Csonka m\u0171termet (1880\u201393 [&hellip;]<\/p>\n","protected":false},"featured_media":0,"comment_status":"open","ping_status":"closed","template":"","meta":[],"product_brand":[],"product_cat":[137],"product_tag":[],"class_list":{"0":"post-5659","1":"product","2":"type-product","3":"status-publish","5":"product_cat-maros-megyei-eletrajzi-lexikon","7":"first","8":"instock","9":"shipping-taxable","10":"product-type-simple"},"_links":{"self":[{"href":"https:\/\/uj.adatbank.ro\/lexikon\/wp-json\/wp\/v2\/product\/5659","targetHints":{"allow":["GET"]}}],"collection":[{"href":"https:\/\/uj.adatbank.ro\/lexikon\/wp-json\/wp\/v2\/product"}],"about":[{"href":"https:\/\/uj.adatbank.ro\/lexikon\/wp-json\/wp\/v2\/types\/product"}],"replies":[{"embeddable":true,"href":"https:\/\/uj.adatbank.ro\/lexikon\/wp-json\/wp\/v2\/comments?post=5659"}],"wp:attachment":[{"href":"https:\/\/uj.adatbank.ro\/lexikon\/wp-json\/wp\/v2\/media?parent=5659"}],"wp:term":[{"taxonomy":"product_brand","embeddable":true,"href":"https:\/\/uj.adatbank.ro\/lexikon\/wp-json\/wp\/v2\/product_brand?post=5659"},{"taxonomy":"product_cat","embeddable":true,"href":"https:\/\/uj.adatbank.ro\/lexikon\/wp-json\/wp\/v2\/product_cat?post=5659"},{"taxonomy":"product_tag","embeddable":true,"href":"https:\/\/uj.adatbank.ro\/lexikon\/wp-json\/wp\/v2\/product_tag?post=5659"}],"curies":[{"name":"wp","href":"https:\/\/api.w.org\/{rel}","templated":true}]}}

CHIEHULSKI Péter Pál, Ciehulski Péter Pál

<p>? † Mv., 1905.: fényképész, kiadó. – Mv. első ismert fényképésze, aki Apor Károly pártfogoltja volt. Házépítési engedélyt kért és kapott a várostól (1860 k.). Műtermet nyitott a Hajós köz 303. alatt (ma Horea), itt tevékenykedett (1865–74), majd körutra indult. Létrehozták a Chiehulski és Wargha fényképészeti és festészeti műtermet (1874–80), Chiehulski és Csonka műtermet (1880–93 vagy 1900), majd Miskolcra távozott. <br /><strong>Irod.:</strong> Apor Eszter: A fotográfia és a festészet – báró Apor Károly portréi (Székelyföld, 2016. ápr., 4. sz.); Castellum Értesítő (2002, 8. sz.); Csepreghy 2010; Gaál Kornélia: Fénykép a múzeumi gyűjteményben (Nú., 1990. júl. 13.; 1990. júl. 20.); Gaál Kornélia: Az egykori Mv. (Nú., 1995. júl. 26.); Miklósi-Sikes; Török Gáspár: Visszapillantás a fotóművészet vásárhelyi előzményeire (Nú., Múzsa, 302. sz., 1997. júl. 11.)</br></p>

<p>? † Mv., 1905.: fényképész, kiadó. – Mv. első ismert fényképésze, aki Apor Károly pártfogoltja volt. Házépítési engedélyt kért és kapott a várostól (1860 k.). Műtermet nyitott a Hajós köz 303. alatt (ma Horea), itt tevékenykedett (1865–74), majd körutra indult. Létrehozták a Chiehulski és Wargha fényképészeti és festészeti műtermet (1874–80), Chiehulski és Csonka műtermet (1880–93 [&hellip;]</p>
