{"id":5662,"date":"2025-06-28T17:25:52","date_gmt":"2025-06-28T15:25:52","guid":{"rendered":"https:\/\/uj.adatbank.ro\/lexikon\/termek\/chihereanu-z\/"},"modified":"2025-06-28T17:25:52","modified_gmt":"2025-06-28T15:25:52","slug":"chihereanu-z","status":"publish","type":"product","link":"https:\/\/uj.adatbank.ro\/lexikon\/termek\/chihereanu-z\/","title":{"rendered":"CHIHEREANU Z."},"content":{"rendered":"<p>? \u2020\u00a0?: n\u00e9pdalgy\u0171jt\u0151. \u2013 A Familia c. foly\u00f3iratban ( 9. sz., 1872) jelent meg Doine populare de pe la T\u00eergul Mure\u015fului, amelynek egyes darabjai k\u00fcl\u00f6nb\u00f6z\u0151 v\u00e1ltozatokban szerepeltek t\u00f6bb k\u00e9s\u0151bbi gy\u0171jtem\u00e9nyben. <br \/><strong>Irod.:<\/strong> MMK<\/br><\/p>\n","protected":false},"excerpt":{"rendered":"<p>? \u2020\u00a0?: n\u00e9pdalgy\u0171jt\u0151. \u2013 A Familia c. foly\u00f3iratban ( 9. sz., 1872) jelent meg Doine populare de pe la T\u00eergul Mure\u015fului, amelynek egyes darabjai k\u00fcl\u00f6nb\u00f6z\u0151 v\u00e1ltozatokban szerepeltek t\u00f6bb k\u00e9s\u0151bbi gy\u0171jtem\u00e9nyben. Irod.: MMK<\/p>\n","protected":false},"featured_media":0,"comment_status":"open","ping_status":"closed","template":"","meta":[],"product_brand":[],"product_cat":[137],"product_tag":[],"class_list":{"0":"post-5662","1":"product","2":"type-product","3":"status-publish","5":"product_cat-maros-megyei-eletrajzi-lexikon","7":"first","8":"instock","9":"shipping-taxable","10":"product-type-simple"},"_links":{"self":[{"href":"https:\/\/uj.adatbank.ro\/lexikon\/wp-json\/wp\/v2\/product\/5662","targetHints":{"allow":["GET"]}}],"collection":[{"href":"https:\/\/uj.adatbank.ro\/lexikon\/wp-json\/wp\/v2\/product"}],"about":[{"href":"https:\/\/uj.adatbank.ro\/lexikon\/wp-json\/wp\/v2\/types\/product"}],"replies":[{"embeddable":true,"href":"https:\/\/uj.adatbank.ro\/lexikon\/wp-json\/wp\/v2\/comments?post=5662"}],"wp:attachment":[{"href":"https:\/\/uj.adatbank.ro\/lexikon\/wp-json\/wp\/v2\/media?parent=5662"}],"wp:term":[{"taxonomy":"product_brand","embeddable":true,"href":"https:\/\/uj.adatbank.ro\/lexikon\/wp-json\/wp\/v2\/product_brand?post=5662"},{"taxonomy":"product_cat","embeddable":true,"href":"https:\/\/uj.adatbank.ro\/lexikon\/wp-json\/wp\/v2\/product_cat?post=5662"},{"taxonomy":"product_tag","embeddable":true,"href":"https:\/\/uj.adatbank.ro\/lexikon\/wp-json\/wp\/v2\/product_tag?post=5662"}],"curies":[{"name":"wp","href":"https:\/\/api.w.org\/{rel}","templated":true}]}}