{"id":5663,"date":"2025-06-28T17:25:53","date_gmt":"2025-06-28T15:25:53","guid":{"rendered":"https:\/\/uj.adatbank.ro\/lexikon\/termek\/chilf-lipot\/"},"modified":"2025-06-28T17:25:53","modified_gmt":"2025-06-28T15:25:53","slug":"chilf-lipot","status":"publish","type":"product","link":"https:\/\/uj.adatbank.ro\/lexikon\/termek\/chilf-lipot\/","title":{"rendered":"CHILF Lip\u00f3t"},"content":{"rendered":"<p>1869.? \u2020 Mv., 1934. m\u00e1j. 10.: okl. g\u00e9p\u00e9szm\u00e9rn\u00f6k. Feles\u00e9ge: Farkas Gizella. Fiaik: Mikl\u00f3s, Zolt\u00e1n \u00e9s Osv\u00e1ld. \u2013 A mv.-i \u00e1llami ipari szakiskola tan\u00e1ra, igazgat\u00f3ja. <br \/><strong>Irod.:<\/strong> Gy\u00e1szjelent\u0151.; Mv.-i zsid\u00f3 temet\u0151 dok.<\/br><\/p>\n","protected":false},"excerpt":{"rendered":"<p>1869.? \u2020 Mv., 1934. m\u00e1j. 10.: okl. g\u00e9p\u00e9szm\u00e9rn\u00f6k. Feles\u00e9ge: Farkas Gizella. Fiaik: Mikl\u00f3s, Zolt\u00e1n \u00e9s Osv\u00e1ld. \u2013 A mv.-i \u00e1llami ipari szakiskola tan\u00e1ra, igazgat\u00f3ja. Irod.: Gy\u00e1szjelent\u0151.; Mv.-i zsid\u00f3 temet\u0151 dok.<\/p>\n","protected":false},"featured_media":0,"comment_status":"open","ping_status":"closed","template":"","meta":[],"product_brand":[],"product_cat":[137],"product_tag":[],"class_list":{"0":"post-5663","1":"product","2":"type-product","3":"status-publish","5":"product_cat-maros-megyei-eletrajzi-lexikon","7":"first","8":"instock","9":"shipping-taxable","10":"product-type-simple"},"_links":{"self":[{"href":"https:\/\/uj.adatbank.ro\/lexikon\/wp-json\/wp\/v2\/product\/5663","targetHints":{"allow":["GET"]}}],"collection":[{"href":"https:\/\/uj.adatbank.ro\/lexikon\/wp-json\/wp\/v2\/product"}],"about":[{"href":"https:\/\/uj.adatbank.ro\/lexikon\/wp-json\/wp\/v2\/types\/product"}],"replies":[{"embeddable":true,"href":"https:\/\/uj.adatbank.ro\/lexikon\/wp-json\/wp\/v2\/comments?post=5663"}],"wp:attachment":[{"href":"https:\/\/uj.adatbank.ro\/lexikon\/wp-json\/wp\/v2\/media?parent=5663"}],"wp:term":[{"taxonomy":"product_brand","embeddable":true,"href":"https:\/\/uj.adatbank.ro\/lexikon\/wp-json\/wp\/v2\/product_brand?post=5663"},{"taxonomy":"product_cat","embeddable":true,"href":"https:\/\/uj.adatbank.ro\/lexikon\/wp-json\/wp\/v2\/product_cat?post=5663"},{"taxonomy":"product_tag","embeddable":true,"href":"https:\/\/uj.adatbank.ro\/lexikon\/wp-json\/wp\/v2\/product_tag?post=5663"}],"curies":[{"name":"wp","href":"https:\/\/api.w.org\/{rel}","templated":true}]}}