{"id":5665,"date":"2025-06-28T17:25:56","date_gmt":"2025-06-28T15:25:56","guid":{"rendered":"https:\/\/uj.adatbank.ro\/lexikon\/termek\/chilf-miklos-%c2%a7-nicolae-siera-leone\/"},"modified":"2025-06-28T17:25:56","modified_gmt":"2025-06-28T15:25:56","slug":"chilf-miklos-%c2%a7-nicolae-siera-leone","status":"publish","type":"product","link":"https:\/\/uj.adatbank.ro\/lexikon\/termek\/chilf-miklos-%c2%a7-nicolae-siera-leone\/","title":{"rendered":"CHILF Mikl\u00f3s, \u00a7; Nicolae; Siera Leone"},"content":{"rendered":"<p>Mv., 1905. m\u00e1rc. 10., \u2020 Mv., 1985. nov. 23.: zeneszerz\u0151, zongoram\u0171v\u00e9sz, tan\u00e1r, r\u00e1di\u00f3bemond\u00f3. \u2013 Ch. Lipot g\u00e9p\u00e9szm\u00e9rn\u00f6k \u00e9s Farkas Gizella fia. Feles\u00e9ge: 1. P\u00e9terffy M\u00e1ria; gyermekeik: Claude Friederic Nicolae \u00e9s P\u00e9ter. 2. Luk\u00e1csffy Judit tan\u00e1r. \u2013 Mv.-en a Konzervat\u00f3riumban tanult (1913\u201323) Tonh\u00e1zy Ferenc, Zsizsmann Rudolf, L\u00e1szl\u00f3 \u00c1rp\u00e1d, Chovan Richard, Tr\u00f3zner J\u00f3zsef \u00e9s Antalffy Endre voltak a tan\u00e1rai. Olaszo.-i Triesztben a G. Verdi Konzervat\u00f3riumban folytatta zenei tanulm\u00e1nyait, Eusebio Curellich tan\u00edtv\u00e1nya (1923\u201327) \u00e9s egyidej\u00fcleg az Universita degli Studi Economici e Commerciali kereskedelmi \u00e9s k\u00f6zgazdas\u00e1gi egyetem hallgat\u00f3ja is volt, majd a zenei tanulm\u00e1nyai mellett egy mil\u00e1n\u00f3i export-import c\u00e9gnek v\u00e9gzett n\u00e9met levelez\u00e9st. Anyanyelv\u00e9n k\u00edv\u00fcl m\u00e9g h\u00e9t nyelvet b\u00edrt: rom\u00e1n, n\u00e9met, olasz, francia, angol, spanyol, orosz. Zenei k\u00e9pess\u00e9geit fejlesztette a Saint-Leu la Foret \u2013i \u00c9cole Musicale-ban (1931\u201332) Wanda Landowska \u00e9s Ruggiero Gerlin ir\u00e1ny\u00edt\u00e1s\u00e1val, valamint P\u00e1rizsban az \u00c9cole Normale de Musique-ben Alfred Corrot-n\u00e1l (1932), R\u00f3m\u00e1ban kompozici\u00f3t \u00e9s hangszerel\u00e9st tanult Raffaele Delfratet\u0151l. El\u0151sz\u00f6r Triesztben l\u00e9pett fel, Chopin- \u00e9s Rubinstein-m\u0171veket adott el\u0151 zongor\u00e1n (1927). Zenetan\u00e1r, zongoratan\u00e1r Mv.-en a V\u00e1rosi Zeneiskol\u00e1ban (1927\u20138). Koncertezett P\u00e1rizsban (1932), R\u00f3m\u00e1ban, N\u00e1polyban, Torinoban \u00e9s Genov\u00e1ban (1929, 1933), a klasszikus m\u0171vek mellett saj\u00e1t kompozici\u00f3it is j\u00e1tszotta. Buk.-ben a Rom\u00e1n R\u00e1di\u00f3 sz\u00f3list\u00e1ja (1935), annak hangversenyk\u00f6r\u00fatj\u00e1n fell\u00e9pett Constanc\u00e1n, Foc\u015faniban stb. (1935). T\u00f6bbsz\u00f6r szerepelt az olasz, francia r\u00e1di\u00f3ban is. Visszat\u00e9rt Mv.-re \u00e9s a Zeneiskola tan\u00e1ra lett (1940\u2013), a mv.-i \u00c1llami Tan\u00edt\u00f3k\u00e9pz\u0151 Int\u00e9zetben zen\u00e9t tan\u00edtott (1944\u201348), a V\u00e1rosi Konzervat\u00f3riumban, majd a Zene- \u00e9s k\u00e9pz\u00fam\u0171v. K\u00f6z\u00e9piskola zongoratan\u00e1ra nyugd\u00edjaz\u00e1s\u00e1ig (1949\u201372). R\u00e1di\u00f3bemond\u00f3 is a Mv.-i R\u00e1di\u00f3n\u00e1l (1958. m\u00e1rc. 2. &#8211; hal\u00e1l\u00e1ig). Els\u0151 szerzem\u00e9nyei zongoram\u0171vek, majd k\u00f3r\u00fasm\u0171vek, \u00edrt kamara-, k\u00f3rus \u00e9s vok\u00e1lis zen\u00e9t, gyermekdalokat zongor\u00e1ra \u00e9s heged\u0171re, sz\u00ednpadi zen\u00e9t, szimf\u00f3ni\u00e1t, n\u00e9pi ihlet\u00e9s\u0171 darabjai a Rom\u00e1n t\u00e1ncok, Ciob\u0103na\u015ful (1933), ami\u00e9rt G. Enescu d\u00edjat kapott. A bp.-i nemzetk\u00f6zi zeneszerz\u0151i versenyen III. d\u00edjat nyerte el 400 versenyz\u0151 k\u00f6z\u00fcl (1934). \u00dcnnep a faluban c. zongoradarabj\u00e1\u00e9rt m\u00e1sodszor is megkapta az Enescu d\u00edjat (1937). Bemutatt\u00e1k Mv.-en a Szabados \u00c1rp\u00e1ddal \u00edrt Velencei kaland c. operettj\u00e9t. (1940. m\u00e1rc. 8.). A KZST tagja. Megzen\u00e9s\u00edtette Salamon Ern\u0151, Medgyes Lajos, Antalffy Endre, Veress Zolt\u00e1n, Kem\u00e9ny J\u00e1nos m\u0171veit. Kit\u0171ntet\u00e9sei: k\u00e9tszeres Enescu d\u00edjas (1933; 1937); bp.-i Nemzetk\u00f6zi Zongoraverseny, 2. d\u00edja (1934); az MNSZ orsz\u00e1gos k\u00f3rusp\u00e1ly\u00e1zat\u00e1nak d\u00edja (1946); a B\u00e9kehimnusz zeneszerz\u0151i p\u00e1ly\u00e1zat 2. d\u00edja (Kv., 1948); Kultur\u00e1lis \u00e9rdemrend I. fokozata (1968). Koncertjei: Genova (1929. \u00e1pr. 14), P\u00e1rizs (1932), R\u00f3ma, N\u00e1poly (1933. m\u00e1rc. 23.), Buk. (1934, 1938. \u00e1pr. 26.); Trieszt, Kv., Mv. A Columbia \u00e9s a His Master&#8217;s Voice felv\u00e9tel\u00e9n is el\u00e9rhet\u0151 a Szeren\u00e1d \u00e9s A tenger \u00e9neke c. sz\u00ednpadi kompoz\u00edci\u00f3i. \u2013 <strong>F. m.:<\/strong> Carillon (Torino, 1923); Suita rustica (bemutat\u00f3 r\u00e9szlegesen 1950, eg\u00e9szben 1972); B\u00e9ke\u00e9nek, vegyeskar Medgyes Lajos vers\u00e9re (1946); Szvit, zongor\u00e1ra (1950); Sz\u00e9pen sz\u00e1ll a szeg\u00e9nys\u00e9g: Dalok \u00e9nekhangra \u00e9s zongor\u00e1ra, Salamon Ern\u0151 vereire (1950, Buk., 1952); Kis szvift (1959); Rapsz\u00f3dia zongor\u00e1ra \u00e9s zenekarra (1960); Suit\u0103 pentru copii: piano solo (Buc., 1961); 8 piese (Buk., 1961, 1963); Triptic simfonic (1964); 6 bagatele pentru pian (Buk., 1966); 10 miniaturi pentru pian (Buk., 1971); Tavaszi hivogat\u00f3 3 sz\u00f3lam\u00fa gyermekkarra (Tg. M., 1971); Miniaturi pentru orchestr\u0103 de camer\u0103 (1972); Altat\u00f3dal = C\u00eentec de leag\u0103n (TgM., 1972); Miniaturi pentru orchestr\u0103 de coarde (1974), A n\u00e9gy \u00e9vszak; Gyermekszvit, Altat\u00f3dal (Antalffy Endre vers\u00e9re); Hah\u00f3, hah\u00f3 (Horv\u00e1th Eszter vers\u00e9re, 1952), Tavaszi h\u00edvogat\u00f3 (Veress Zolt\u00e1n vers\u00e9re, 1962); Iskol\u00e1nknak p\u00e1rja nincsen (Kem\u00e9ny J\u00e1nos vers\u00e9re, 1956); k\u00f3rusm\u0171vek: Szeren\u00e1d, A tenger \u00e9neke, Ringat\u00f3, sz\u00ednpadi zene: Velencei kaland (Szabados \u00c1rp\u00e1d librett\u00f3j\u00e1ra, 1937); Ben Jonson: Volpone (Mv.-i Sz\u00e9kely Sz\u00ednh\u00e1z, 1948); A gy\u00e1va nyulacska: b\u00e1bdarab (Kem\u00e9ny J\u00e1nos mes\u00e9je, 1955, rom\u00e1nra M\u00e1rk Alexandra ford\u00edtotta), Buratino kalandjai: b\u00e1bdarab (A. Tolsztoj ut\u00e1n Mark Alexandra, 1961); <strong>t\u00e1rssz.:<\/strong> Bokr\u00e9ta (Buk., 1960); Rum\u00e4nische Klavierminiaturen f\u00fcr Kinder und Jugendliche (Leipzig, 1976), Mici piese rom\u00e2ne\u015fti pentru pian (Buc., 1978). <br \/><strong>Irod.:<\/strong> Hubesz Valter: C. M. (V. Z., 1968. j\u00fan. 1.); Id\u0151t\u00e1r 3, 4.; Katona Szab\u00f3 Istv\u00e1n: Az \u00daj \u00c9let lexikona, 32 (\u00daj \u00c9let, 20., 1971); KKACs; Kov\u00e1cs Zsuzsa: Ch. M. aj\u00e1nd\u00e9kai (\u00daj \u00c9let, 6. sz., 1986); Kusz\u00e1lik; Majeri Gabriella: Ch. M. eml\u00e9kezete (N\u00fa., 1993. m\u00e1rc. 6.); MRL; M. Sz\u00f3 (1940. m\u00e1rc. 12); N\u00e9p\u00fajs\u00e1g (1950. febr. 1.); [Nekrol\u00f3g] (V. Z., 1985. nov. 26.); MRL; \u00d6kr\u00f6s; Pop Tofolean-F\u00fcl\u00f6p; Predescu; Radio, Almanah; RMIL; Sava; Sava-Vartolomei; Szab\u00f3 K. Attila; Sz\u00e1sz K\u00e1roly : Ch. M. (M\u0171vel\u0151d\u00e9s, 1971\/10); Todea 2013; Zenei lex.; Zenetudom\u00e1nyi \u00edr\u00e1sok<\/br><\/p>\n","protected":false},"excerpt":{"rendered":"<p>Mv., 1905. m\u00e1rc. 10., \u2020 Mv., 1985. nov. 23.: zeneszerz\u0151, zongoram\u0171v\u00e9sz, tan\u00e1r, r\u00e1di\u00f3bemond\u00f3. \u2013 Ch. Lipot g\u00e9p\u00e9szm\u00e9rn\u00f6k \u00e9s Farkas Gizella fia. Feles\u00e9ge: 1. P\u00e9terffy M\u00e1ria; gyermekeik: Claude Friederic Nicolae \u00e9s P\u00e9ter. 2. Luk\u00e1csffy Judit tan\u00e1r. \u2013 Mv.-en a Konzervat\u00f3riumban tanult (1913\u201323) Tonh\u00e1zy Ferenc, Zsizsmann Rudolf, L\u00e1szl\u00f3 \u00c1rp\u00e1d, Chovan Richard, Tr\u00f3zner J\u00f3zsef \u00e9s Antalffy Endre voltak [&hellip;]<\/p>\n","protected":false},"featured_media":0,"comment_status":"open","ping_status":"closed","template":"","meta":[],"product_brand":[],"product_cat":[137],"product_tag":[],"class_list":{"0":"post-5665","1":"product","2":"type-product","3":"status-publish","5":"product_cat-maros-megyei-eletrajzi-lexikon","7":"first","8":"instock","9":"shipping-taxable","10":"product-type-simple"},"_links":{"self":[{"href":"https:\/\/uj.adatbank.ro\/lexikon\/wp-json\/wp\/v2\/product\/5665","targetHints":{"allow":["GET"]}}],"collection":[{"href":"https:\/\/uj.adatbank.ro\/lexikon\/wp-json\/wp\/v2\/product"}],"about":[{"href":"https:\/\/uj.adatbank.ro\/lexikon\/wp-json\/wp\/v2\/types\/product"}],"replies":[{"embeddable":true,"href":"https:\/\/uj.adatbank.ro\/lexikon\/wp-json\/wp\/v2\/comments?post=5665"}],"wp:attachment":[{"href":"https:\/\/uj.adatbank.ro\/lexikon\/wp-json\/wp\/v2\/media?parent=5665"}],"wp:term":[{"taxonomy":"product_brand","embeddable":true,"href":"https:\/\/uj.adatbank.ro\/lexikon\/wp-json\/wp\/v2\/product_brand?post=5665"},{"taxonomy":"product_cat","embeddable":true,"href":"https:\/\/uj.adatbank.ro\/lexikon\/wp-json\/wp\/v2\/product_cat?post=5665"},{"taxonomy":"product_tag","embeddable":true,"href":"https:\/\/uj.adatbank.ro\/lexikon\/wp-json\/wp\/v2\/product_tag?post=5665"}],"curies":[{"name":"wp","href":"https:\/\/api.w.org\/{rel}","templated":true}]}}