{"id":5672,"date":"2025-06-28T17:26:08","date_gmt":"2025-06-28T15:26:08","guid":{"rendered":"https:\/\/uj.adatbank.ro\/lexikon\/termek\/chinezu-mircea-%c2%a7\/"},"modified":"2025-06-28T17:26:08","modified_gmt":"2025-06-28T15:26:08","slug":"chinezu-mircea-%c2%a7","status":"publish","type":"product","link":"https:\/\/uj.adatbank.ro\/lexikon\/termek\/chinezu-mircea-%c2%a7\/","title":{"rendered":"CHINEZU Mircea, \u00a7"},"content":{"rendered":"<p>Marosszentanna, 1926. okt. 7., \u2020 Mv., 1994. nov. 27: tan\u00e1r. \u2013 Mv.-en a Papiu Ilarian L\u00edc.-ban tanult (\u20131940), amikor elmenek\u00fclt Bal\u00e1zsfalv\u00e1ra, a Sf. Vasile L\u00edc.-ban folytatta tanulm\u00e1nyait, majd ism\u00e9t Mv.-en a Papiu L\u00edc.-ban tanult \u00e9s \u00e9retts\u00e9gizett (1947). T\u00f6rt\u00e9nelmet \u00e9s jogot Kv.-on a Regele Ferdinand Egyetemen v\u00e9gzett. Tan\u00e1r volt Csap\u00f3n (1951\u201355), a marosludasi l\u00edc.-ban (1955\u201362), itt aligazgat\u00f3 (1962\u201364). Mv.-en az Unirea L\u00edc.-ban tan\u00e1r \u00e9s aligazgat\u00f3 (1964\u201374). II. fokozat\u00fa vizsg\u00e1t (1966\u2013), I. fokozat\u00fa vizsg\u00e1t tett (1971\u2013). A M\u0171v\u00e9szeti \u00e9s Zene L\u00edc. igazgat\u00f3ja (1974\u201378), majd nyugd\u00edjaz\u00e1s\u00e1ig aligazgat\u00f3ja (\u20131989). <br \/><strong>Irod.:<\/strong> Dasc\u0103li mure\u015feni, 2.; [Nekrol\u00f3g] (N\u00fa., 1994. nov. 29.)<\/br><\/p>\n","protected":false},"excerpt":{"rendered":"<p>Marosszentanna, 1926. okt. 7., \u2020 Mv., 1994. nov. 27: tan\u00e1r. \u2013 Mv.-en a Papiu Ilarian L\u00edc.-ban tanult (\u20131940), amikor elmenek\u00fclt Bal\u00e1zsfalv\u00e1ra, a Sf. Vasile L\u00edc.-ban folytatta tanulm\u00e1nyait, majd ism\u00e9t Mv.-en a Papiu L\u00edc.-ban tanult \u00e9s \u00e9retts\u00e9gizett (1947). T\u00f6rt\u00e9nelmet \u00e9s jogot Kv.-on a Regele Ferdinand Egyetemen v\u00e9gzett. Tan\u00e1r volt Csap\u00f3n (1951\u201355), a marosludasi l\u00edc.-ban (1955\u201362), itt [&hellip;]<\/p>\n","protected":false},"featured_media":0,"comment_status":"open","ping_status":"closed","template":"","meta":[],"product_brand":[],"product_cat":[137],"product_tag":[],"class_list":{"0":"post-5672","1":"product","2":"type-product","3":"status-publish","5":"product_cat-maros-megyei-eletrajzi-lexikon","7":"first","8":"instock","9":"shipping-taxable","10":"product-type-simple"},"_links":{"self":[{"href":"https:\/\/uj.adatbank.ro\/lexikon\/wp-json\/wp\/v2\/product\/5672","targetHints":{"allow":["GET"]}}],"collection":[{"href":"https:\/\/uj.adatbank.ro\/lexikon\/wp-json\/wp\/v2\/product"}],"about":[{"href":"https:\/\/uj.adatbank.ro\/lexikon\/wp-json\/wp\/v2\/types\/product"}],"replies":[{"embeddable":true,"href":"https:\/\/uj.adatbank.ro\/lexikon\/wp-json\/wp\/v2\/comments?post=5672"}],"wp:attachment":[{"href":"https:\/\/uj.adatbank.ro\/lexikon\/wp-json\/wp\/v2\/media?parent=5672"}],"wp:term":[{"taxonomy":"product_brand","embeddable":true,"href":"https:\/\/uj.adatbank.ro\/lexikon\/wp-json\/wp\/v2\/product_brand?post=5672"},{"taxonomy":"product_cat","embeddable":true,"href":"https:\/\/uj.adatbank.ro\/lexikon\/wp-json\/wp\/v2\/product_cat?post=5672"},{"taxonomy":"product_tag","embeddable":true,"href":"https:\/\/uj.adatbank.ro\/lexikon\/wp-json\/wp\/v2\/product_tag?post=5672"}],"curies":[{"name":"wp","href":"https:\/\/api.w.org\/{rel}","templated":true}]}}

<p>Marosszentanna, 1926. okt. 7., † Mv., 1994. nov. 27: tanár. – Mv.-en a Papiu Ilarian Líc.-ban tanult (–1940), amikor elmenekült Balázsfalvára, a Sf. Vasile Líc.-ban folytatta tanulmányait, majd ismét Mv.-en a Papiu Líc.-ban tanult és érettségizett (1947). Történelmet és jogot Kv.-on a Regele Ferdinand Egyetemen végzett. Tanár volt Csapón (1951–55), a marosludasi líc.-ban (1955–62), itt aligazgató (1962–64). Mv.-en az Unirea Líc.-ban tanár és aligazgató (1964–74). II. fokozatú vizsgát (1966–), I. fokozatú vizsgát tett (1971–). A Művészeti és Zene Líc. igazgatója (1974–78), majd nyugdíjazásáig aligazgatója (–1989). <br /><strong>Irod.:</strong> Dascăli mureşeni, 2.; [Nekrológ] (Nú., 1994. nov. 29.)</br></p>

<p>Marosszentanna, 1926. okt. 7., † Mv., 1994. nov. 27: tanár. – Mv.-en a Papiu Ilarian Líc.-ban tanult (–1940), amikor elmenekült Balázsfalvára, a Sf. Vasile Líc.-ban folytatta tanulmányait, majd ismét Mv.-en a Papiu Líc.-ban tanult és érettségizett (1947). Történelmet és jogot Kv.-on a Regele Ferdinand Egyetemen végzett. Tanár volt Csapón (1951–55), a marosludasi líc.-ban (1955–62), itt [&hellip;]</p>
