{"id":5673,"date":"2025-06-28T17:26:10","date_gmt":"2025-06-28T15:26:10","guid":{"rendered":"https:\/\/uj.adatbank.ro\/lexikon\/termek\/chinezu-tit-liviu\/"},"modified":"2025-06-28T17:26:10","modified_gmt":"2025-06-28T15:26:10","slug":"chinezu-tit-liviu","status":"publish","type":"product","link":"https:\/\/uj.adatbank.ro\/lexikon\/termek\/chinezu-tit-liviu\/","title":{"rendered":"CHINEZU Tit Liviu"},"content":{"rendered":"<p>Maroslaka, 1904.? \u2020 M\u00e1ramarossziget, 1955. jan. 15.: tan\u00e1r, g\u00f6r. kat. pap, p\u00fcsp\u00f6k. \u2013 Sz\u00e1szr\u00e9genben (1917\u201323), Bal\u00e1zsfalv\u00e1n (1923\u201325) tanult; a r\u00f3mai Szt. Atanasiu Teol\u00f3giai \u00e9s Filoz\u00f3fiai Int\u00e9zetben folytattotta tanulm\u00e1nyait, papp\u00e1 szentelt\u00e9k (1931), doktor\u00e1lt. Bal\u00e1zsfalv\u00e1n a tan\u00edt\u00f3k\u00e9pz\u0151ben vall\u00e1stan\u00e1r (1931\u201341), majd aligazgat\u00f3. A Teol\u00f3giai Akad. filoz\u00f3fia \u00e9s antropol\u00f3gia tan\u00e1ra (1941\u201347), majd az int\u00e9zet rektora. Rom\u00e1n nyelvre ford\u00edtott olasz eredetib\u0151l tanulm\u00e1nyokat. K\u00f6z\u00f6lt a bal\u00e1zsfalvi Unirea, Cultura cre\u015ftin\u0103, Blajul lapokban. Lelk\u00e9sz \u00e9s esperes volt Buk. &#8211; ben letart\u00f3ztat\u00e1s\u00e1ig (1948. okt. 28.); a neamc-i kolostorba, majd C\u0103ld\u0103ru\u015fani-ba vitt\u00e9k a t\u00f6bbi letart\u00f3ztatott g. kat. lelk\u00e9sszel \u00e9s p\u00fcsp\u00f6kkel egy\u00fctt, ott titokban seg\u00e9dp\u00fcsp\u00f6kk\u00e9 v\u00e1lasztott\u00e1k (1949. dec. 3.), \u00e1tsz\u00e1ll\u00edtott\u00e1k \u0151ket a m\u00e1ramarosszigeti b\u00f6rt\u00f6nbe (1950), t\u00fcd\u0151beteg lett \u00e9s orvosi kezel\u00e9s hi\u00e1ny\u00e1ban hunyt el. &#8211;<strong>F. m.:<\/strong><strong>ford.:<\/strong> Maritain, J.: Ini\u0163iere \u00een filosofie (s. l., s. a); Pius, Raol: \u00cenfrunt\u0103 via\u0163a (Blaj, 1945). <br \/><strong>Irod.:<\/strong> Com\u015fa\u2013Seiceanu; loaie; Plaianu; \u015eerban 2006; Todea 2013<\/br><\/p>\n","protected":false},"excerpt":{"rendered":"<p>Maroslaka, 1904.? \u2020 M\u00e1ramarossziget, 1955. jan. 15.: tan\u00e1r, g\u00f6r. kat. pap, p\u00fcsp\u00f6k. \u2013 Sz\u00e1szr\u00e9genben (1917\u201323), Bal\u00e1zsfalv\u00e1n (1923\u201325) tanult; a r\u00f3mai Szt. Atanasiu Teol\u00f3giai \u00e9s Filoz\u00f3fiai Int\u00e9zetben folytattotta tanulm\u00e1nyait, papp\u00e1 szentelt\u00e9k (1931), doktor\u00e1lt. Bal\u00e1zsfalv\u00e1n a tan\u00edt\u00f3k\u00e9pz\u0151ben vall\u00e1stan\u00e1r (1931\u201341), majd aligazgat\u00f3. A Teol\u00f3giai Akad. filoz\u00f3fia \u00e9s antropol\u00f3gia tan\u00e1ra (1941\u201347), majd az int\u00e9zet rektora. Rom\u00e1n nyelvre ford\u00edtott olasz [&hellip;]<\/p>\n","protected":false},"featured_media":0,"comment_status":"open","ping_status":"closed","template":"","meta":[],"product_brand":[],"product_cat":[137],"product_tag":[],"class_list":{"0":"post-5673","1":"product","2":"type-product","3":"status-publish","5":"product_cat-maros-megyei-eletrajzi-lexikon","7":"first","8":"instock","9":"shipping-taxable","10":"product-type-simple"},"_links":{"self":[{"href":"https:\/\/uj.adatbank.ro\/lexikon\/wp-json\/wp\/v2\/product\/5673","targetHints":{"allow":["GET"]}}],"collection":[{"href":"https:\/\/uj.adatbank.ro\/lexikon\/wp-json\/wp\/v2\/product"}],"about":[{"href":"https:\/\/uj.adatbank.ro\/lexikon\/wp-json\/wp\/v2\/types\/product"}],"replies":[{"embeddable":true,"href":"https:\/\/uj.adatbank.ro\/lexikon\/wp-json\/wp\/v2\/comments?post=5673"}],"wp:attachment":[{"href":"https:\/\/uj.adatbank.ro\/lexikon\/wp-json\/wp\/v2\/media?parent=5673"}],"wp:term":[{"taxonomy":"product_brand","embeddable":true,"href":"https:\/\/uj.adatbank.ro\/lexikon\/wp-json\/wp\/v2\/product_brand?post=5673"},{"taxonomy":"product_cat","embeddable":true,"href":"https:\/\/uj.adatbank.ro\/lexikon\/wp-json\/wp\/v2\/product_cat?post=5673"},{"taxonomy":"product_tag","embeddable":true,"href":"https:\/\/uj.adatbank.ro\/lexikon\/wp-json\/wp\/v2\/product_tag?post=5673"}],"curies":[{"name":"wp","href":"https:\/\/api.w.org\/{rel}","templated":true}]}}

<p>Maroslaka, 1904.? † Máramarossziget, 1955. jan. 15.: tanár, gör. kat. pap, püspök. – Szászrégenben (1917–23), Balázsfalván (1923–25) tanult; a római Szt. Atanasiu Teológiai és Filozófiai Intézetben folytattotta tanulmányait, pappá szentelték (1931), doktorált. Balázsfalván a tanítóképzőben vallástanár (1931–41), majd aligazgató. A Teológiai Akad. filozófia és antropológia tanára (1941–47), majd az intézet rektora. Román nyelvre fordított olasz eredetiből tanulmányokat. Közölt a balázsfalvi Unirea, Cultura creştină, Blajul lapokban. Lelkész és esperes volt Buk. &#8211; ben letartóztatásáig (1948. okt. 28.); a neamc-i kolostorba, majd Căldăruşani-ba vitték a többi letartóztatott g. kat. lelkésszel és püspökkel együtt, ott titokban segédpüspökké választották (1949. dec. 3.), átszállították őket a máramarosszigeti börtönbe (1950), tüdőbeteg lett és orvosi kezelés hiányában hunyt el. &#8211;<strong>F. m.:</strong><strong>ford.:</strong> Maritain, J.: Iniţiere în filosofie (s. l., s. a); Pius, Raol: Înfruntă viaţa (Blaj, 1945). <br /><strong>Irod.:</strong> Comşa–Seiceanu; loaie; Plaianu; Şerban 2006; Todea 2013</br></p>

<p>Maroslaka, 1904.? † Máramarossziget, 1955. jan. 15.: tanár, gör. kat. pap, püspök. – Szászrégenben (1917–23), Balázsfalván (1923–25) tanult; a római Szt. Atanasiu Teológiai és Filozófiai Intézetben folytattotta tanulmányait, pappá szentelték (1931), doktorált. Balázsfalván a tanítóképzőben vallástanár (1931–41), majd aligazgató. A Teológiai Akad. filozófia és antropológia tanára (1941–47), majd az intézet rektora. Román nyelvre fordított olasz [&hellip;]</p>
