{"id":5674,"date":"2025-06-28T17:26:14","date_gmt":"2025-06-28T15:26:14","guid":{"rendered":"https:\/\/uj.adatbank.ro\/lexikon\/termek\/chiorean-ioan-%c2%a7-chioreanu-ion\/"},"modified":"2025-06-28T17:26:14","modified_gmt":"2025-06-28T15:26:14","slug":"chiorean-ioan-%c2%a7-chioreanu-ion","status":"publish","type":"product","link":"https:\/\/uj.adatbank.ro\/lexikon\/termek\/chiorean-ioan-%c2%a7-chioreanu-ion\/","title":{"rendered":"CHIOREAN Ioan, \u00a7 Chioreanu Ion"},"content":{"rendered":"<p>G\u00f6rg\u00e9nyoroszfalu, 1939. jan. 7., \u2020 Mv., 2010. dec. 9.: t\u00f6rt\u00e9n\u00e9sz, tudom\u00e1nyos kutat\u00f3. \u2013 L\u00edc. -ot Sz\u00e1szr\u00e9genben (1956), Kv.-on, a BBTE t\u00f6rt. \u2013filoz\u00f3fia szak\u00e1n, modern \u00e9s egyetemes t\u00f6rt. szakon v\u00e9gzett (1966). A francia, orosz \u00e9s m. nyelv ismer\u0151je. T\u00f6rt\u00e9n\u00e9sz doktor\u00e1tust szerzett (1976). Tudom\u00e1nyos kutat\u00f3 (1966\u201375), III. fokozat\u00fa tudom\u00e1nyos f\u0151kutat\u00f3 (1975\u201380), II. fokozat\u00fa (1980\u2013 90), I. fokozat\u00fa tudom\u00e1nyos kutat\u00f3 hal\u00e1l\u00e1ig (1990\u2013). Igazgat\u00f3ja volt a Mv.-i Gh. \u015eincai Szociohum\u00e1n Int. -nek (1990\u201395), a t\u00f6rt. kollekt\u00edva f\u0151n\u00f6ke (1995\u20132006), \u00f3raad\u00f3 tan\u00e1r a Mv.-i Petru Maior Egyetemen, \u00edr\u00f3 \u00e9s r\u00e1di\u00f3szerk. a Mv.-i R\u00e1dion\u00e1l. A Kutat\u00e1s \u00e9s Technol\u00f3gia Miniszt\u00e9rium valamint a R. Akad. -\u00e1n p\u00e1ly\u00e1zatot nyert az Istoria agriculturii \u00een Transilvania \u00een a doua jum\u0103tate a secolului al XVIII. -lea c. munk\u00e1j\u00e1val. M\u00e1sik h\u00e1rom int\u00e9zm\u00e9nybeli kolleg\u00e1j\u00e1val r\u00e9szt vett a R. Akad. Universit\u0103\u0163ile europene \u015fi formarea intelectualit\u0103\u0163ii transilv\u0103nene \u00een epoca modern\u0103 (1850 \u2013 1872) c. p\u00e1ly\u00e1zat\u00e1n (1999 \u2013 2000). Hazai \u00e9s nemzetk\u00f6zi konferenci\u00e1kon vett r\u00e9szt Moszkv\u00e1ban, Nagyv\u00e1radon, Kv.-on, Nagyb\u00e1ny\u00e1n, Bp.-en, Mv.-en, Finno.-ban. Tagja volt a Nemzeti Tud. T\u00e1rsas\u00e1gnak, a Rom\u00e1niai T\u00f6rt\u00e9n\u00e9szek T\u00e1rsas\u00e1g\u00e1nak \u00e9s tagja a V\u00e1rosok T\u00f6rt\u00e9net\u00e9t Kutat\u00f3 Nemzeti Bizotts\u00e1g\u00e1nak. Cikkeit, tanulm\u00e1nyait k\u00f6z\u00f6lte a mv.-i: Vatra, Studii \u015fi materiae, Marisia, Tribuna mure\u015fan\u0103 a muncii politico-educative, Cercet\u0103ri de \u015ftiin\u0163e sociale, Academica, Anuarul Institutului de Cercet\u0103ri Socio-Umane \u201eGheorghe \u015eincai\u201d, Revista de medicin\u0103 \u015fi farmacie \u2013 Orvosi \u00e9s Gy\u00f3gyszer\u00e9szeti Szemle, Studia Universit\u0103\u0163ii \u201ePetru Maior\u201d, Reghinul cultural; C. L., valamint a: Studii de istorie, Apulum, Studii de istorie, filologie \u015fi istoria artei, Sargen\u0163ia (Deva), Muzeul na\u0163ional, Studii \u015fi cercet\u0103ri de \u015ftiin\u0163e sociale, Revista de istorie militar\u0103, Szeged, Studia Universitatis Babe\u015f-Bolyai: Sociologie-politologie, Tranyilvanian Review, Revita Bistri\u0163ei, Colloquia; \u2013 <strong>F. m.:<\/strong> Geneza \u015fi sf\u00e2r\u015fitul Imperiului Austro-ungar (Tg. M., 1995); Iosif Hodo\u015f. Via\u0163a \u015fi activitatea sa (Tg. M., 1996); Mi\u015fcarea na\u0163ional\u0103 rom\u00e2n\u0103 din Austro-Ungaria (1867\u20131918) (Tg. M., 2000); Regimurile comuniste postbelice (Tg. M., 2000); Istoria contemporan\u0103 universal\u0103. Partea a I. -a : Perioada interbelic\u0103 (Tg. M., 2003); Intelectualitatea din Transilvania \u00een epocile premodern\u0103 \u015fi modern\u0103 (Tg. M., 2008); <strong>t\u00e1rssz.:<\/strong> Cetatea T\u00e2rgu Mure\u015fului (Tr. Du\u015fa, Gr. Ploe\u015fteanu-val, Tg. M., 1968); Profiluri mure\u015fene (vol. 1\u20132., 1971\u20131973); Jude\u0163ul Mure\u015f: ghid turistic (Tg. M, 1972); tan. k\u00f6t.-ben: Un izvor transilv\u0103nean contemporan despre mi\u015fcarea antihabsburgic\u0103 condus\u0103 de Francisc R\u00e1k\u00f3czi II \u2013 jurnalul c\u0103pitanului Mihail Teleki II. (Tonk S\u00e1ndorral) = Cercet\u0103ri de \u015ftiin\u0163e sociale (vol. 1., Tg. M., 1982); Premisele pactului dualist austro-ungar din 1867 = Cercet\u0103ri de \u015ftiin\u0163e sociale (vol. 2., Tg. M., 1984); Structurile socio-profesionale \u00e9i intelectuale ale organiza\u00e1iilor rom\u0171ne\u00e9ti din Ungaria (1867\u20131918) 1867 = Cercet\u0103ri de \u015ftiin\u0163e sociale (vol. 3., Tg. M., 1987); Az erd\u00e9lyi rom\u00e1n \u00e9rtelmis\u00e9g a magyarorsz\u00e1gi egyetemi oktat\u00e1sr\u00f3l a 19. sz\u00e1zadban = R\u00e9gi \u00e9s \u00faj peregrin\u00e1ci\u00f3: Magyarok k\u00fclf\u00f6ld\u00f6n, k\u00fclf\u00f6ldiek Magyarorsz\u00e1gon (2. k\u00f6t.; Bp. -Szeged, 1993); A b\u00e9csi udvar iskolapolitik\u00e1ja a felvil\u00e1gosod\u00e1skori Erd\u00e9lyban = Hatalom \u00e9s kult\u00fara (Bp., 2004); <strong>szerk.:<\/strong> In memoriam Avram Iancu (Tg. M., 1972); Studii \u015fi cercet\u0103ri de \u015ftiin\u0163e sociale (Buc., 1977); Studii de \u015ftiin\u0163e sociale (vol. 1\u20133., 1982, 1984, 1987); De la umanism ls luminism (Tg. M., 1994). <br \/><strong>Irod.:<\/strong> Curriculum vitae; Radio, Almanah; Id\u0151t\u00e1r 4.; Todea 2013<\/br><\/p>\n","protected":false},"excerpt":{"rendered":"<p>G\u00f6rg\u00e9nyoroszfalu, 1939. jan. 7., \u2020 Mv., 2010. dec. 9.: t\u00f6rt\u00e9n\u00e9sz, tudom\u00e1nyos kutat\u00f3. \u2013 L\u00edc. -ot Sz\u00e1szr\u00e9genben (1956), Kv.-on, a BBTE t\u00f6rt. \u2013filoz\u00f3fia szak\u00e1n, modern \u00e9s egyetemes t\u00f6rt. szakon v\u00e9gzett (1966). A francia, orosz \u00e9s m. nyelv ismer\u0151je. T\u00f6rt\u00e9n\u00e9sz doktor\u00e1tust szerzett (1976). Tudom\u00e1nyos kutat\u00f3 (1966\u201375), III. fokozat\u00fa tudom\u00e1nyos f\u0151kutat\u00f3 (1975\u201380), II. fokozat\u00fa (1980\u2013 90), I. fokozat\u00fa [&hellip;]<\/p>\n","protected":false},"featured_media":0,"comment_status":"open","ping_status":"closed","template":"","meta":[],"product_brand":[],"product_cat":[137],"product_tag":[],"class_list":{"0":"post-5674","1":"product","2":"type-product","3":"status-publish","5":"product_cat-maros-megyei-eletrajzi-lexikon","7":"first","8":"instock","9":"shipping-taxable","10":"product-type-simple"},"_links":{"self":[{"href":"https:\/\/uj.adatbank.ro\/lexikon\/wp-json\/wp\/v2\/product\/5674","targetHints":{"allow":["GET"]}}],"collection":[{"href":"https:\/\/uj.adatbank.ro\/lexikon\/wp-json\/wp\/v2\/product"}],"about":[{"href":"https:\/\/uj.adatbank.ro\/lexikon\/wp-json\/wp\/v2\/types\/product"}],"replies":[{"embeddable":true,"href":"https:\/\/uj.adatbank.ro\/lexikon\/wp-json\/wp\/v2\/comments?post=5674"}],"wp:attachment":[{"href":"https:\/\/uj.adatbank.ro\/lexikon\/wp-json\/wp\/v2\/media?parent=5674"}],"wp:term":[{"taxonomy":"product_brand","embeddable":true,"href":"https:\/\/uj.adatbank.ro\/lexikon\/wp-json\/wp\/v2\/product_brand?post=5674"},{"taxonomy":"product_cat","embeddable":true,"href":"https:\/\/uj.adatbank.ro\/lexikon\/wp-json\/wp\/v2\/product_cat?post=5674"},{"taxonomy":"product_tag","embeddable":true,"href":"https:\/\/uj.adatbank.ro\/lexikon\/wp-json\/wp\/v2\/product_tag?post=5674"}],"curies":[{"name":"wp","href":"https:\/\/api.w.org\/{rel}","templated":true}]}}

<p>Görgényoroszfalu, 1939. jan. 7., † Mv., 2010. dec. 9.: történész, tudományos kutató. – Líc. -ot Szászrégenben (1956), Kv.-on, a BBTE tört. –filozófia szakán, modern és egyetemes tört. szakon végzett (1966). A francia, orosz és m. nyelv ismerője. Történész doktorátust szerzett (1976). Tudományos kutató (1966–75), III. fokozatú tudományos főkutató (1975–80), II. fokozatú (1980– 90), I. fokozatú tudományos kutató haláláig (1990–). Igazgatója volt a Mv.-i Gh. Şincai Szociohumán Int. -nek (1990–95), a tört. kollektíva főnöke (1995–2006), óraadó tanár a Mv.-i Petru Maior Egyetemen, író és rádiószerk. a Mv.-i Rádionál. A Kutatás és Technológia Minisztérium valamint a R. Akad. -án pályázatot nyert az Istoria agriculturii în Transilvania în a doua jumătate a secolului al XVIII. -lea c. munkájával. Másik három intézménybeli kollegájával részt vett a R. Akad. Universităţile europene şi formarea intelectualităţii transilvănene în epoca modernă (1850 – 1872) c. pályázatán (1999 – 2000). Hazai és nemzetközi konferenciákon vett részt Moszkvában, Nagyváradon, Kv.-on, Nagybányán, Bp.-en, Mv.-en, Finno.-ban. Tagja volt a Nemzeti Tud. Társaságnak, a Romániai Történészek Társaságának és tagja a Városok Történetét Kutató Nemzeti Bizottságának. Cikkeit, tanulmányait közölte a mv.-i: Vatra, Studii şi materiae, Marisia, Tribuna mureşană a muncii politico-educative, Cercetări de ştiinţe sociale, Academica, Anuarul Institutului de Cercetări Socio-Umane „Gheorghe Şincai”, Revista de medicină şi farmacie – Orvosi és Gyógyszerészeti Szemle, Studia Universităţii „Petru Maior”, Reghinul cultural; C. L., valamint a: Studii de istorie, Apulum, Studii de istorie, filologie şi istoria artei, Sargenţia (Deva), Muzeul naţional, Studii şi cercetări de ştiinţe sociale, Revista de istorie militară, Szeged, Studia Universitatis Babeş-Bolyai: Sociologie-politologie, Tranyilvanian Review, Revita Bistriţei, Colloquia; – <strong>F. m.:</strong> Geneza şi sfârşitul Imperiului Austro-ungar (Tg. M., 1995); Iosif Hodoş. Viaţa şi activitatea sa (Tg. M., 1996); Mişcarea naţională română din Austro-Ungaria (1867–1918) (Tg. M., 2000); Regimurile comuniste postbelice (Tg. M., 2000); Istoria contemporană universală. Partea a I. -a : Perioada interbelică (Tg. M., 2003); Intelectualitatea din Transilvania în epocile premodernă şi modernă (Tg. M., 2008); <strong>társsz.:</strong> Cetatea Târgu Mureşului (Tr. Duşa, Gr. Ploeşteanu-val, Tg. M., 1968); Profiluri mureşene (vol. 1–2., 1971–1973); Judeţul Mureş: ghid turistic (Tg. M, 1972); tan. köt.-ben: Un izvor transilvănean contemporan despre mişcarea antihabsburgică condusă de Francisc Rákóczi II – jurnalul căpitanului Mihail Teleki II. (Tonk Sándorral) = Cercetări de ştiinţe sociale (vol. 1., Tg. M., 1982); Premisele pactului dualist austro-ungar din 1867 = Cercetări de ştiinţe sociale (vol. 2., Tg. M., 1984); Structurile socio-profesionale éi intelectuale ale organizaáiilor roműneéti din Ungaria (1867–1918) 1867 = Cercetări de ştiinţe sociale (vol. 3., Tg. M., 1987); Az erdélyi román értelmiség a magyarországi egyetemi oktatásról a 19. században = Régi és új peregrináció: Magyarok külföldön, külföldiek Magyarországon (2. köt.; Bp. -Szeged, 1993); A bécsi udvar iskolapolitikája a felvilágosodáskori Erdélyban = Hatalom és kultúra (Bp., 2004); <strong>szerk.:</strong> In memoriam Avram Iancu (Tg. M., 1972); Studii şi cercetări de ştiinţe sociale (Buc., 1977); Studii de ştiinţe sociale (vol. 1–3., 1982, 1984, 1987); De la umanism ls luminism (Tg. M., 1994). <br /><strong>Irod.:</strong> Curriculum vitae; Radio, Almanah; Időtár 4.; Todea 2013</br></p>

<p>Görgényoroszfalu, 1939. jan. 7., † Mv., 2010. dec. 9.: történész, tudományos kutató. – Líc. -ot Szászrégenben (1956), Kv.-on, a BBTE tört. –filozófia szakán, modern és egyetemes tört. szakon végzett (1966). A francia, orosz és m. nyelv ismerője. Történész doktorátust szerzett (1976). Tudományos kutató (1966–75), III. fokozatú tudományos főkutató (1975–80), II. fokozatú (1980– 90), I. fokozatú [&hellip;]</p>
