{"id":5676,"date":"2025-06-28T17:26:17","date_gmt":"2025-06-28T15:26:17","guid":{"rendered":"https:\/\/uj.adatbank.ro\/lexikon\/termek\/chiorean-livia-sabina\/"},"modified":"2025-06-28T17:26:17","modified_gmt":"2025-06-28T15:26:17","slug":"chiorean-livia-sabina","status":"publish","type":"product","link":"https:\/\/uj.adatbank.ro\/lexikon\/termek\/chiorean-livia-sabina\/","title":{"rendered":"CHIOREAN Livia-Sabina"},"content":{"rendered":"<p>Kv., 1934. okt. 4., \u2020 2004. okt.?: orvos. \u2013 K\u00f6z\u00e9piskol\u00e1t (1944\u201352), a BBTE egyetem biol\u00f3gia szak\u00e1t (1952\u201357); \u00e9s a Iuliu Ha\u0163ieganu orv. tud egyetem orvosi szak\u00e1t Kv.-on (1957\u201363) v\u00e9gezte; az orvostudom\u00e1nyok doktora (1977). A MOGYI-n gyakornok, tan\u00e1rseg\u00e9d, adjunktus, egyetemi el\u0151ad\u00f3tan\u00e1r, prof. (1964\u201394). Tudom\u00e1nyos cikkei a Medicina et pharmacoologia experimentalis (1967); Revista de medicin\u0103 \u015fi farmacie (1995); Studii \u015fi cercet\u0103ri de embriologie \u015fi citologie. Seria Citologie. (1969) c. szaklapokban jelentek meg. A Nemzeti Sejtbiol\u00f3giai T\u00e1rsas\u00e1g (Soc. Nat. de Biologie celular\u0103) tagja. \u2013 <strong>F. m.:<\/strong> Genetic\u0103 medical\u0103: curs pentru uzul studen\u0163ilor (Tg. M., 1991); <strong>t\u00e1rssz.:<\/strong> Genetic\u0103 medical\u0103: Lucr\u0103ri practice (Tg. M., 1988). <br \/><strong>Irod.:<\/strong> Todea\u2013F\u00fcl\u00f6p\u2013Avram<\/br><\/p>\n","protected":false},"excerpt":{"rendered":"<p>Kv., 1934. okt. 4., \u2020 2004. okt.?: orvos. \u2013 K\u00f6z\u00e9piskol\u00e1t (1944\u201352), a BBTE egyetem biol\u00f3gia szak\u00e1t (1952\u201357); \u00e9s a Iuliu Ha\u0163ieganu orv. tud egyetem orvosi szak\u00e1t Kv.-on (1957\u201363) v\u00e9gezte; az orvostudom\u00e1nyok doktora (1977). A MOGYI-n gyakornok, tan\u00e1rseg\u00e9d, adjunktus, egyetemi el\u0151ad\u00f3tan\u00e1r, prof. (1964\u201394). Tudom\u00e1nyos cikkei a Medicina et pharmacoologia experimentalis (1967); Revista de medicin\u0103 \u015fi farmacie [&hellip;]<\/p>\n","protected":false},"featured_media":0,"comment_status":"open","ping_status":"closed","template":"","meta":[],"product_brand":[],"product_cat":[137],"product_tag":[],"class_list":{"0":"post-5676","1":"product","2":"type-product","3":"status-publish","5":"product_cat-maros-megyei-eletrajzi-lexikon","7":"first","8":"instock","9":"shipping-taxable","10":"product-type-simple"},"_links":{"self":[{"href":"https:\/\/uj.adatbank.ro\/lexikon\/wp-json\/wp\/v2\/product\/5676","targetHints":{"allow":["GET"]}}],"collection":[{"href":"https:\/\/uj.adatbank.ro\/lexikon\/wp-json\/wp\/v2\/product"}],"about":[{"href":"https:\/\/uj.adatbank.ro\/lexikon\/wp-json\/wp\/v2\/types\/product"}],"replies":[{"embeddable":true,"href":"https:\/\/uj.adatbank.ro\/lexikon\/wp-json\/wp\/v2\/comments?post=5676"}],"wp:attachment":[{"href":"https:\/\/uj.adatbank.ro\/lexikon\/wp-json\/wp\/v2\/media?parent=5676"}],"wp:term":[{"taxonomy":"product_brand","embeddable":true,"href":"https:\/\/uj.adatbank.ro\/lexikon\/wp-json\/wp\/v2\/product_brand?post=5676"},{"taxonomy":"product_cat","embeddable":true,"href":"https:\/\/uj.adatbank.ro\/lexikon\/wp-json\/wp\/v2\/product_cat?post=5676"},{"taxonomy":"product_tag","embeddable":true,"href":"https:\/\/uj.adatbank.ro\/lexikon\/wp-json\/wp\/v2\/product_tag?post=5676"}],"curies":[{"name":"wp","href":"https:\/\/api.w.org\/{rel}","templated":true}]}}