{"id":5677,"date":"2025-06-28T17:26:18","date_gmt":"2025-06-28T15:26:18","guid":{"rendered":"https:\/\/uj.adatbank.ro\/lexikon\/termek\/chiorean-pavel\/"},"modified":"2025-06-28T17:26:18","modified_gmt":"2025-06-28T15:26:18","slug":"chiorean-pavel","status":"publish","type":"product","link":"https:\/\/uj.adatbank.ro\/lexikon\/termek\/chiorean-pavel\/","title":{"rendered":"CHIOREAN Pavel"},"content":{"rendered":"<p>? \u2020 ? : polg\u00e1rmester. \u2013 Az Ideiglenes Megyei N\u00e9ptan\u00e1cs VB tagja (1968. febr.), aleln\u00f6ke (1969). Mv.-en polg\u00e1rmester \u00e9s a v\u00e1rosi PB els\u0151 titk\u00e1ra (1972. \u00e1pr. \u2013 1979. aug. 4.-ig, amikor lev\u00e1ltott\u00e1k), a Szocialista Egys\u00e9gfront eln\u00f6ke (1972\u201375). A Politikai Nevel\u00e9s \u00e9s Szoc. Kult\u00fara megyei Tan\u00e1csa eln\u00f6ke (1976. okt. 8.). <br \/><strong>Irod.:<\/strong> Id\u0151t\u00e1r 4.; Polg\u00e1rmesterek list\u00e1ja<\/br><\/p>\n","protected":false},"excerpt":{"rendered":"<p>? \u2020 ? : polg\u00e1rmester. \u2013 Az Ideiglenes Megyei N\u00e9ptan\u00e1cs VB tagja (1968. febr.), aleln\u00f6ke (1969). Mv.-en polg\u00e1rmester \u00e9s a v\u00e1rosi PB els\u0151 titk\u00e1ra (1972. \u00e1pr. \u2013 1979. aug. 4.-ig, amikor lev\u00e1ltott\u00e1k), a Szocialista Egys\u00e9gfront eln\u00f6ke (1972\u201375). A Politikai Nevel\u00e9s \u00e9s Szoc. Kult\u00fara megyei Tan\u00e1csa eln\u00f6ke (1976. okt. 8.). Irod.: Id\u0151t\u00e1r 4.; Polg\u00e1rmesterek list\u00e1ja<\/p>\n","protected":false},"featured_media":0,"comment_status":"open","ping_status":"closed","template":"","meta":[],"product_brand":[],"product_cat":[137],"product_tag":[],"class_list":{"0":"post-5677","1":"product","2":"type-product","3":"status-publish","5":"product_cat-maros-megyei-eletrajzi-lexikon","7":"first","8":"instock","9":"shipping-taxable","10":"product-type-simple"},"_links":{"self":[{"href":"https:\/\/uj.adatbank.ro\/lexikon\/wp-json\/wp\/v2\/product\/5677","targetHints":{"allow":["GET"]}}],"collection":[{"href":"https:\/\/uj.adatbank.ro\/lexikon\/wp-json\/wp\/v2\/product"}],"about":[{"href":"https:\/\/uj.adatbank.ro\/lexikon\/wp-json\/wp\/v2\/types\/product"}],"replies":[{"embeddable":true,"href":"https:\/\/uj.adatbank.ro\/lexikon\/wp-json\/wp\/v2\/comments?post=5677"}],"wp:attachment":[{"href":"https:\/\/uj.adatbank.ro\/lexikon\/wp-json\/wp\/v2\/media?parent=5677"}],"wp:term":[{"taxonomy":"product_brand","embeddable":true,"href":"https:\/\/uj.adatbank.ro\/lexikon\/wp-json\/wp\/v2\/product_brand?post=5677"},{"taxonomy":"product_cat","embeddable":true,"href":"https:\/\/uj.adatbank.ro\/lexikon\/wp-json\/wp\/v2\/product_cat?post=5677"},{"taxonomy":"product_tag","embeddable":true,"href":"https:\/\/uj.adatbank.ro\/lexikon\/wp-json\/wp\/v2\/product_tag?post=5677"}],"curies":[{"name":"wp","href":"https:\/\/api.w.org\/{rel}","templated":true}]}}

<p>? † ? : polgármester. – Az Ideiglenes Megyei Néptanács VB tagja (1968. febr.), alelnöke (1969). Mv.-en polgármester és a városi PB első titkára (1972. ápr. – 1979. aug. 4.-ig, amikor leváltották), a Szocialista Egységfront elnöke (1972–75). A Politikai Nevelés és Szoc. Kultúra megyei Tanácsa elnöke (1976. okt. 8.). <br /><strong>Irod.:</strong> Időtár 4.; Polgármesterek listája</br></p>

<p>? † ? : polgármester. – Az Ideiglenes Megyei Néptanács VB tagja (1968. febr.), alelnöke (1969). Mv.-en polgármester és a városi PB első titkára (1972. ápr. – 1979. aug. 4.-ig, amikor leváltották), a Szocialista Egységfront elnöke (1972–75). A Politikai Nevelés és Szoc. Kultúra megyei Tanácsa elnöke (1976. okt. 8.). Irod.: Időtár 4.; Polgármesterek listája</p>
