{"id":5680,"date":"2025-06-28T17:26:25","date_gmt":"2025-06-28T15:26:25","guid":{"rendered":"https:\/\/uj.adatbank.ro\/lexikon\/termek\/chirila-hanes\/"},"modified":"2025-06-28T17:26:25","modified_gmt":"2025-06-28T15:26:25","slug":"chirila-hanes","status":"publish","type":"product","link":"https:\/\/uj.adatbank.ro\/lexikon\/termek\/chirila-hanes\/","title":{"rendered":"CHIRIL\u0102 Hane\u015f"},"content":{"rendered":"<p>? \u2020 ? : polg\u00e1rmester. \u2013 Erd\u0151szak\u00e1l polg\u00e1rmestere (1934\u201335). Az osztr. -m. hadsereg katon\u00e1jak\u00e9nt r\u00e9szt vett a galiciai harcokban, orosz fogs\u00e1gba esett. Amikor \u00f6nk\u00e9ntes csapatokat kezdtek szervezni Rom\u00e1nia felszabad\u00edt\u00e1s\u00e1\u00e9rt, az els\u0151k k\u00f6z\u00f6tt jelentkezett. \u00cdgy vett r\u00e9szt a rom\u00e1n hadseregben a m\u0103r\u0103\u015fe\u015fti harcokban (1944. j\u00fal. &#8211; aug.), ahol egy k\u00f6zvetlen\u00fcl mellette felrobbant gr\u00e1n\u00e1t elvette a szeme vil\u00e1g\u00e1t. Vakon \u00e9s s\u00fcketen \u00e9lte h\u00e1tralev\u0151 \u00e9let\u00e9t. <br \/><strong>Irod.:<\/strong> S\u0103calu de C\u00e2mpie<\/br><\/p>\n","protected":false},"excerpt":{"rendered":"<p>? \u2020 ? : polg\u00e1rmester. \u2013 Erd\u0151szak\u00e1l polg\u00e1rmestere (1934\u201335). Az osztr. -m. hadsereg katon\u00e1jak\u00e9nt r\u00e9szt vett a galiciai harcokban, orosz fogs\u00e1gba esett. Amikor \u00f6nk\u00e9ntes csapatokat kezdtek szervezni Rom\u00e1nia felszabad\u00edt\u00e1s\u00e1\u00e9rt, az els\u0151k k\u00f6z\u00f6tt jelentkezett. \u00cdgy vett r\u00e9szt a rom\u00e1n hadseregben a m\u0103r\u0103\u015fe\u015fti harcokban (1944. j\u00fal. &#8211; aug.), ahol egy k\u00f6zvetlen\u00fcl mellette felrobbant gr\u00e1n\u00e1t elvette a szeme [&hellip;]<\/p>\n","protected":false},"featured_media":0,"comment_status":"open","ping_status":"closed","template":"","meta":[],"product_brand":[],"product_cat":[137],"product_tag":[],"class_list":{"0":"post-5680","1":"product","2":"type-product","3":"status-publish","5":"product_cat-maros-megyei-eletrajzi-lexikon","7":"first","8":"instock","9":"shipping-taxable","10":"product-type-simple"},"_links":{"self":[{"href":"https:\/\/uj.adatbank.ro\/lexikon\/wp-json\/wp\/v2\/product\/5680","targetHints":{"allow":["GET"]}}],"collection":[{"href":"https:\/\/uj.adatbank.ro\/lexikon\/wp-json\/wp\/v2\/product"}],"about":[{"href":"https:\/\/uj.adatbank.ro\/lexikon\/wp-json\/wp\/v2\/types\/product"}],"replies":[{"embeddable":true,"href":"https:\/\/uj.adatbank.ro\/lexikon\/wp-json\/wp\/v2\/comments?post=5680"}],"wp:attachment":[{"href":"https:\/\/uj.adatbank.ro\/lexikon\/wp-json\/wp\/v2\/media?parent=5680"}],"wp:term":[{"taxonomy":"product_brand","embeddable":true,"href":"https:\/\/uj.adatbank.ro\/lexikon\/wp-json\/wp\/v2\/product_brand?post=5680"},{"taxonomy":"product_cat","embeddable":true,"href":"https:\/\/uj.adatbank.ro\/lexikon\/wp-json\/wp\/v2\/product_cat?post=5680"},{"taxonomy":"product_tag","embeddable":true,"href":"https:\/\/uj.adatbank.ro\/lexikon\/wp-json\/wp\/v2\/product_tag?post=5680"}],"curies":[{"name":"wp","href":"https:\/\/api.w.org\/{rel}","templated":true}]}}

CHIRILĂ Haneş

<p>? † ? : polgármester. – Erdőszakál polgármestere (1934–35). Az osztr. -m. hadsereg katonájaként részt vett a galiciai harcokban, orosz fogságba esett. Amikor önkéntes csapatokat kezdtek szervezni Románia felszabadításáért, az elsők között jelentkezett. Így vett részt a román hadseregben a mărăşeşti harcokban (1944. júl. &#8211; aug.), ahol egy közvetlenül mellette felrobbant gránát elvette a szeme világát. Vakon és süketen élte hátralevő életét. <br /><strong>Irod.:</strong> Săcalu de Câmpie</br></p>

<p>? † ? : polgármester. – Erdőszakál polgármestere (1934–35). Az osztr. -m. hadsereg katonájaként részt vett a galiciai harcokban, orosz fogságba esett. Amikor önkéntes csapatokat kezdtek szervezni Románia felszabadításáért, az elsők között jelentkezett. Így vett részt a román hadseregben a mărăşeşti harcokban (1944. júl. &#8211; aug.), ahol egy közvetlenül mellette felrobbant gránát elvette a szeme [&hellip;]</p>
