{"id":5681,"date":"2025-06-28T17:26:26","date_gmt":"2025-06-28T15:26:26","guid":{"rendered":"https:\/\/uj.adatbank.ro\/lexikon\/termek\/chirila-ilovan-%c2%a7\/"},"modified":"2025-06-28T17:26:26","modified_gmt":"2025-06-28T15:26:26","slug":"chirila-ilovan-%c2%a7","status":"publish","type":"product","link":"https:\/\/uj.adatbank.ro\/lexikon\/termek\/chirila-ilovan-%c2%a7\/","title":{"rendered":"CHIRIL\u0102 Ilovan, \u00a7"},"content":{"rendered":"<p>Marosoroszfalu, 1929. dec. 19., \u2020 Marosoroszfalu, 1983. aug. 27.: tan\u00e1r. \u2013 Iskol\u00e1it sz\u00fcl\u0151faluj\u00e1ban, majd Br\u0103ilan, Sz\u00e1szr\u00e9genben (1945\u2013) \u00e9s Mv.-en az Al. Papiu Ilarian L\u00edc.-ban v\u00e9gezte (1929). Sz\u00fcl\u0151faluj\u00e1ban lett h. tan\u00e1r, mag\u00e1n\u00faton elv\u00e9gezte Kv.-on a BBTE t\u00f6rt\u00e9nelem-rom\u00e1n nyelv szak\u00e1t (1957\u201362). II. fokozati vizsg\u00e1t (1970), I. fokozati vizsg\u00e1t (1976) tett t\u00f6rt\u00e9nelem szakb\u00f3l, doktor\u00e1lt a kv.-i egyetemen (1982). Sz\u00fcl\u0151faluj\u00e1ban iskolaigazgat\u00f3 lett (1980\u2013). N\u00e9pk\u00f6lt\u00e9szeti gy\u0171jt\u00e9seket v\u00e9gzett \u00e9s tett k\u00f6zz\u00e9. Sz\u00ednpadra feldolgozott n\u00e9pszok\u00e1sokat, amely el\u0151ad\u00e1sokr\u00f3l filmek \u00e9s TV-ad\u00e1sok is k\u00e9sz\u00fcltek. Sz\u00fcl\u0151faluj\u00e1ban l\u00e9trehozta a \u201eCununa spicului de gr\u00e2u\u201d \u00e9s a \u201eM\u0103sura oilor\u201degy\u00fcttest, amelyekkel TV vet\u00e9lked\u0151k\u00f6n \u00e9s versenyeken vett r\u00e9szt sikeresen. Jelent\u0151s tev\u00e9kenys\u00e9get fejtett ki a sz\u00ednj\u00e1tsz\u00f3 csoporttal is. Tudom\u00e1nyos kutat\u00e1sok alapj\u00e1n meg\u00edrta Marosoroszfalu monografi\u00e1j\u00e1t. \u2013 <strong>F. m.:<\/strong> Monografia comunei Ru\u015fii-Mun\u0163i, Ennek a munk\u00e1nak a m\u00e1sodik r\u00e9sze a Regimentul de grani\u0163e N\u0103s\u0103ud lett volna, de korai hal\u00e1la megakad\u00e1lyozta terv\u00e9t. <br \/><strong>Irod.:<\/strong> Dasc\u0103li mure\u015feni, 2.<\/br><\/p>\n","protected":false},"excerpt":{"rendered":"<p>Marosoroszfalu, 1929. dec. 19., \u2020 Marosoroszfalu, 1983. aug. 27.: tan\u00e1r. \u2013 Iskol\u00e1it sz\u00fcl\u0151faluj\u00e1ban, majd Br\u0103ilan, Sz\u00e1szr\u00e9genben (1945\u2013) \u00e9s Mv.-en az Al. Papiu Ilarian L\u00edc.-ban v\u00e9gezte (1929). Sz\u00fcl\u0151faluj\u00e1ban lett h. tan\u00e1r, mag\u00e1n\u00faton elv\u00e9gezte Kv.-on a BBTE t\u00f6rt\u00e9nelem-rom\u00e1n nyelv szak\u00e1t (1957\u201362). II. fokozati vizsg\u00e1t (1970), I. fokozati vizsg\u00e1t (1976) tett t\u00f6rt\u00e9nelem szakb\u00f3l, doktor\u00e1lt a kv.-i egyetemen (1982). [&hellip;]<\/p>\n","protected":false},"featured_media":0,"comment_status":"open","ping_status":"closed","template":"","meta":[],"product_brand":[],"product_cat":[137],"product_tag":[],"class_list":{"0":"post-5681","1":"product","2":"type-product","3":"status-publish","5":"product_cat-maros-megyei-eletrajzi-lexikon","7":"first","8":"instock","9":"shipping-taxable","10":"product-type-simple"},"_links":{"self":[{"href":"https:\/\/uj.adatbank.ro\/lexikon\/wp-json\/wp\/v2\/product\/5681","targetHints":{"allow":["GET"]}}],"collection":[{"href":"https:\/\/uj.adatbank.ro\/lexikon\/wp-json\/wp\/v2\/product"}],"about":[{"href":"https:\/\/uj.adatbank.ro\/lexikon\/wp-json\/wp\/v2\/types\/product"}],"replies":[{"embeddable":true,"href":"https:\/\/uj.adatbank.ro\/lexikon\/wp-json\/wp\/v2\/comments?post=5681"}],"wp:attachment":[{"href":"https:\/\/uj.adatbank.ro\/lexikon\/wp-json\/wp\/v2\/media?parent=5681"}],"wp:term":[{"taxonomy":"product_brand","embeddable":true,"href":"https:\/\/uj.adatbank.ro\/lexikon\/wp-json\/wp\/v2\/product_brand?post=5681"},{"taxonomy":"product_cat","embeddable":true,"href":"https:\/\/uj.adatbank.ro\/lexikon\/wp-json\/wp\/v2\/product_cat?post=5681"},{"taxonomy":"product_tag","embeddable":true,"href":"https:\/\/uj.adatbank.ro\/lexikon\/wp-json\/wp\/v2\/product_tag?post=5681"}],"curies":[{"name":"wp","href":"https:\/\/api.w.org\/{rel}","templated":true}]}}

CHIRILĂ Ilovan, §

<p>Marosoroszfalu, 1929. dec. 19., † Marosoroszfalu, 1983. aug. 27.: tanár. – Iskoláit szülőfalujában, majd Brăilan, Szászrégenben (1945–) és Mv.-en az Al. Papiu Ilarian Líc.-ban végezte (1929). Szülőfalujában lett h. tanár, magánúton elvégezte Kv.-on a BBTE történelem-román nyelv szakát (1957–62). II. fokozati vizsgát (1970), I. fokozati vizsgát (1976) tett történelem szakból, doktorált a kv.-i egyetemen (1982). Szülőfalujában iskolaigazgató lett (1980–). Népköltészeti gyűjtéseket végzett és tett közzé. Színpadra feldolgozott népszokásokat, amely előadásokról filmek és TV-adások is készültek. Szülőfalujában létrehozta a „Cununa spicului de grâu” és a „Măsura oilor”együttest, amelyekkel TV vetélkedőkön és versenyeken vett részt sikeresen. Jelentős tevékenységet fejtett ki a színjátszó csoporttal is. Tudományos kutatások alapján megírta Marosoroszfalu monografiáját. – <strong>F. m.:</strong> Monografia comunei Ruşii-Munţi, Ennek a munkának a második része a Regimentul de graniţe Năsăud lett volna, de korai halála megakadályozta tervét. <br /><strong>Irod.:</strong> Dascăli mureşeni, 2.</br></p>

<p>Marosoroszfalu, 1929. dec. 19., † Marosoroszfalu, 1983. aug. 27.: tanár. – Iskoláit szülőfalujában, majd Brăilan, Szászrégenben (1945–) és Mv.-en az Al. Papiu Ilarian Líc.-ban végezte (1929). Szülőfalujában lett h. tanár, magánúton elvégezte Kv.-on a BBTE történelem-román nyelv szakát (1957–62). II. fokozati vizsgát (1970), I. fokozati vizsgát (1976) tett történelem szakból, doktorált a kv.-i egyetemen (1982). [&hellip;]</p>
