{"id":5682,"date":"2025-06-28T17:26:28","date_gmt":"2025-06-28T15:26:28","guid":{"rendered":"https:\/\/uj.adatbank.ro\/lexikon\/termek\/chirila-octavian\/"},"modified":"2025-06-28T17:26:28","modified_gmt":"2025-06-28T15:26:28","slug":"chirila-octavian","status":"publish","type":"product","link":"https:\/\/uj.adatbank.ro\/lexikon\/termek\/chirila-octavian\/","title":{"rendered":"CHIRIL\u0102 Octavian"},"content":{"rendered":"<p>? \u2020 ? : ort. pap \u00e9s f\u00f6ldtulajdonos. \u2013 Sz\u00e9lk\u00fatban szolg\u00e1lata idej\u00e9ben \u00e9p\u00edtett\u00e9k k\u00f6zadakoz\u00e1sb\u00f3l \u00e9s adom\u00e1nyokb\u00f3l az \u00faj Sf. Mihail \u015fi Gavril\u0103 ort. k\u0151templomot (1921). A kommunista rendszerben kul\u00e1kk\u00e1 ny\u00edlv\u00e1n\u00edtott\u00e1k, \u00f3ri\u00e1si term\u00e9nybead\u00e1dra k\u00e9nyszer\u00edtett\u00e9k. A kollekt\u00edv gazdas\u00e1g megalap\u00edt\u00e1sakor \u00f6nk\u00e9nt mondott le f\u00f6ldj\u00e9r\u0151l, mert nem tudta el\u0151teremteni az \u00f3ri\u00e1si k\u00f6telez\u0151 term\u00e9nybeszolg\u00e1ltat\u00e1st az \u00e1llamnak. Odaadta \u00e1llatait is \u00e9s szersz\u00e1mait is (1953). <br \/><strong>Irod.:<\/strong> S\u0103lcud<\/br><\/p>\n","protected":false},"excerpt":{"rendered":"<p>? \u2020 ? : ort. pap \u00e9s f\u00f6ldtulajdonos. \u2013 Sz\u00e9lk\u00fatban szolg\u00e1lata idej\u00e9ben \u00e9p\u00edtett\u00e9k k\u00f6zadakoz\u00e1sb\u00f3l \u00e9s adom\u00e1nyokb\u00f3l az \u00faj Sf. Mihail \u015fi Gavril\u0103 ort. k\u0151templomot (1921). A kommunista rendszerben kul\u00e1kk\u00e1 ny\u00edlv\u00e1n\u00edtott\u00e1k, \u00f3ri\u00e1si term\u00e9nybead\u00e1dra k\u00e9nyszer\u00edtett\u00e9k. A kollekt\u00edv gazdas\u00e1g megalap\u00edt\u00e1sakor \u00f6nk\u00e9nt mondott le f\u00f6ldj\u00e9r\u0151l, mert nem tudta el\u0151teremteni az \u00f3ri\u00e1si k\u00f6telez\u0151 term\u00e9nybeszolg\u00e1ltat\u00e1st az \u00e1llamnak. Odaadta \u00e1llatait is \u00e9s [&hellip;]<\/p>\n","protected":false},"featured_media":0,"comment_status":"open","ping_status":"closed","template":"","meta":[],"product_brand":[],"product_cat":[137],"product_tag":[],"class_list":{"0":"post-5682","1":"product","2":"type-product","3":"status-publish","5":"product_cat-maros-megyei-eletrajzi-lexikon","7":"first","8":"instock","9":"shipping-taxable","10":"product-type-simple"},"_links":{"self":[{"href":"https:\/\/uj.adatbank.ro\/lexikon\/wp-json\/wp\/v2\/product\/5682","targetHints":{"allow":["GET"]}}],"collection":[{"href":"https:\/\/uj.adatbank.ro\/lexikon\/wp-json\/wp\/v2\/product"}],"about":[{"href":"https:\/\/uj.adatbank.ro\/lexikon\/wp-json\/wp\/v2\/types\/product"}],"replies":[{"embeddable":true,"href":"https:\/\/uj.adatbank.ro\/lexikon\/wp-json\/wp\/v2\/comments?post=5682"}],"wp:attachment":[{"href":"https:\/\/uj.adatbank.ro\/lexikon\/wp-json\/wp\/v2\/media?parent=5682"}],"wp:term":[{"taxonomy":"product_brand","embeddable":true,"href":"https:\/\/uj.adatbank.ro\/lexikon\/wp-json\/wp\/v2\/product_brand?post=5682"},{"taxonomy":"product_cat","embeddable":true,"href":"https:\/\/uj.adatbank.ro\/lexikon\/wp-json\/wp\/v2\/product_cat?post=5682"},{"taxonomy":"product_tag","embeddable":true,"href":"https:\/\/uj.adatbank.ro\/lexikon\/wp-json\/wp\/v2\/product_tag?post=5682"}],"curies":[{"name":"wp","href":"https:\/\/api.w.org\/{rel}","templated":true}]}}

CHIRILĂ Octavian

<p>? † ? : ort. pap és földtulajdonos. – Szélkútban szolgálata idejében építették közadakozásból és adományokból az új Sf. Mihail şi Gavrilă ort. kőtemplomot (1921). A kommunista rendszerben kulákká nyílvánították, óriási terménybeadádra kényszerítették. A kollektív gazdaság megalapításakor önként mondott le földjéről, mert nem tudta előteremteni az óriási kötelező terménybeszolgáltatást az államnak. Odaadta állatait is és szerszámait is (1953). <br /><strong>Irod.:</strong> Sălcud</br></p>

<p>? † ? : ort. pap és földtulajdonos. – Szélkútban szolgálata idejében építették közadakozásból és adományokból az új Sf. Mihail şi Gavrilă ort. kőtemplomot (1921). A kommunista rendszerben kulákká nyílvánították, óriási terménybeadádra kényszerítették. A kollektív gazdaság megalapításakor önként mondott le földjéről, mert nem tudta előteremteni az óriási kötelező terménybeszolgáltatást az államnak. Odaadta állatait is és [&hellip;]</p>
