{"id":5683,"date":"2025-06-28T17:26:29","date_gmt":"2025-06-28T15:26:29","guid":{"rendered":"https:\/\/uj.adatbank.ro\/lexikon\/termek\/chirileanu-dumitru\/"},"modified":"2025-06-28T17:26:29","modified_gmt":"2025-06-28T15:26:29","slug":"chirileanu-dumitru","status":"publish","type":"product","link":"https:\/\/uj.adatbank.ro\/lexikon\/termek\/chirileanu-dumitru\/","title":{"rendered":"CHIRILEANU Dumitru"},"content":{"rendered":"<p>Mez\u0151pete (Szatm\u00e1r), 1893. m\u00e1rc. 28., \u2020 Mv., 1930. nov. 8.: orvos. \u2013 R\u00e9szt vett az Erd\u00e9lyi Rom\u00e1n Nemzeti G\u00e1rda megalap\u00edt\u00e1s\u00e1ban (D\u00e9zs, Beszterce), propaganda tiszt (1918); a rom\u00e1n eg\u00e9szs\u00e9g\u00fcgyi misszi\u00f3 tagja, amely a tifusz lek\u00fczd\u00e9s\u00e9re alakult az it\u00e1liai fogolyt\u00e1borokban. Mv.-en telepedett le \u00e9s itt dolgozott mint szem\u00e9sz. A helyi j\u00e1r\u00f3beteg-rendel\u00e9s megszervez\u00e9s\u00e9ben volt szerepe. \u2013 <strong>F. m.:<\/strong> <strong>t\u00e1rssz.:<\/strong> Mi\u015fc\u0103rile studen\u0163e\u015fti din anul 1918 = Almanahul Societ\u0103\u0163ii Academice Petru Maior al Soceit\u0103\u0163ilor pe Facult\u0103\u0163i \u0163i al Cercurilor Studen\u0163e\u015fti Regionale din Cluj (Cluj, 1929). <br \/><strong>Irod.:<\/strong> Fodor Ferenc 2000; MMK<\/br><\/p>\n","protected":false},"excerpt":{"rendered":"<p>Mez\u0151pete (Szatm\u00e1r), 1893. m\u00e1rc. 28., \u2020 Mv., 1930. nov. 8.: orvos. \u2013 R\u00e9szt vett az Erd\u00e9lyi Rom\u00e1n Nemzeti G\u00e1rda megalap\u00edt\u00e1s\u00e1ban (D\u00e9zs, Beszterce), propaganda tiszt (1918); a rom\u00e1n eg\u00e9szs\u00e9g\u00fcgyi misszi\u00f3 tagja, amely a tifusz lek\u00fczd\u00e9s\u00e9re alakult az it\u00e1liai fogolyt\u00e1borokban. Mv.-en telepedett le \u00e9s itt dolgozott mint szem\u00e9sz. A helyi j\u00e1r\u00f3beteg-rendel\u00e9s megszervez\u00e9s\u00e9ben volt szerepe. \u2013 F. m.: [&hellip;]<\/p>\n","protected":false},"featured_media":0,"comment_status":"open","ping_status":"closed","template":"","meta":[],"product_brand":[],"product_cat":[137],"product_tag":[],"class_list":{"0":"post-5683","1":"product","2":"type-product","3":"status-publish","5":"product_cat-maros-megyei-eletrajzi-lexikon","7":"first","8":"instock","9":"shipping-taxable","10":"product-type-simple"},"_links":{"self":[{"href":"https:\/\/uj.adatbank.ro\/lexikon\/wp-json\/wp\/v2\/product\/5683","targetHints":{"allow":["GET"]}}],"collection":[{"href":"https:\/\/uj.adatbank.ro\/lexikon\/wp-json\/wp\/v2\/product"}],"about":[{"href":"https:\/\/uj.adatbank.ro\/lexikon\/wp-json\/wp\/v2\/types\/product"}],"replies":[{"embeddable":true,"href":"https:\/\/uj.adatbank.ro\/lexikon\/wp-json\/wp\/v2\/comments?post=5683"}],"wp:attachment":[{"href":"https:\/\/uj.adatbank.ro\/lexikon\/wp-json\/wp\/v2\/media?parent=5683"}],"wp:term":[{"taxonomy":"product_brand","embeddable":true,"href":"https:\/\/uj.adatbank.ro\/lexikon\/wp-json\/wp\/v2\/product_brand?post=5683"},{"taxonomy":"product_cat","embeddable":true,"href":"https:\/\/uj.adatbank.ro\/lexikon\/wp-json\/wp\/v2\/product_cat?post=5683"},{"taxonomy":"product_tag","embeddable":true,"href":"https:\/\/uj.adatbank.ro\/lexikon\/wp-json\/wp\/v2\/product_tag?post=5683"}],"curies":[{"name":"wp","href":"https:\/\/api.w.org\/{rel}","templated":true}]}}

<p>Mezőpete (Szatmár), 1893. márc. 28., † Mv., 1930. nov. 8.: orvos. – Részt vett az Erdélyi Román Nemzeti Gárda megalapításában (Dézs, Beszterce), propaganda tiszt (1918); a román egészségügyi misszió tagja, amely a tifusz leküzdésére alakult az itáliai fogolytáborokban. Mv.-en telepedett le és itt dolgozott mint szemész. A helyi járóbeteg-rendelés megszervezésében volt szerepe. – <strong>F. m.:</strong> <strong>társsz.:</strong> Mişcările studenţeşti din anul 1918 = Almanahul Societăţii Academice Petru Maior al Soceităţilor pe Facultăţi ţi al Cercurilor Studenţeşti Regionale din Cluj (Cluj, 1929). <br /><strong>Irod.:</strong> Fodor Ferenc 2000; MMK</br></p>

<p>Mezőpete (Szatmár), 1893. márc. 28., † Mv., 1930. nov. 8.: orvos. – Részt vett az Erdélyi Román Nemzeti Gárda megalapításában (Dézs, Beszterce), propaganda tiszt (1918); a román egészségügyi misszió tagja, amely a tifusz leküzdésére alakult az itáliai fogolytáborokban. Mv.-en telepedett le és itt dolgozott mint szemész. A helyi járóbeteg-rendelés megszervezésében volt szerepe. – F. m.: [&hellip;]</p>
