{"id":5684,"date":"2025-06-28T17:26:31","date_gmt":"2025-06-28T15:26:31","guid":{"rendered":"https:\/\/uj.adatbank.ro\/lexikon\/termek\/chirileanu-traian-%c2%a7\/"},"modified":"2025-06-28T17:26:31","modified_gmt":"2025-06-28T15:26:31","slug":"chirileanu-traian-%c2%a7","status":"publish","type":"product","link":"https:\/\/uj.adatbank.ro\/lexikon\/termek\/chirileanu-traian-%c2%a7\/","title":{"rendered":"CHIRILEANU Traian, \u00a7"},"content":{"rendered":"<p>Mv., 1923. okt. 16., \u2020 Kv., 1991. nov. 3.: orvos, prof. \u2013 Sz\u00e1szr\u00e9genben, Mv.-en, Kv.-on, Buk.-ben (menek\u00fcltk\u00e9nt) \u00e9s Nagyenyeden tanult (1942), az orvosi tanulm\u00e1nyait Szebenben \u00e9s Kv.-on v\u00e9gezte (1948), az orvostudom\u00e1ny doktora (1960). Tanulm\u00e1nyuton volt Pr\u00e1g\u00e1ban (1973), Freiburgban \u00e9s Ludwigsburgban (1978). Seb\u00e9sz Kv.-on (1948\u201349), a Papilian \u2013 f\u00e9le anat\u00f3miai iskola jeles k\u00e9pvisel\u0151je, seb\u00e9szszakorvos \u00e9s aszisztens a kv-i seb\u00e9szeti klinik\u00e1n (1950\u201352), politikai okokb\u00f3l elt\u00e1vol\u00edtott\u00e1k. Seb\u00e9szf\u0151orvos volt R\u00e9zb\u00e1ny\u00e1n (Bihar) (1952\u201353), visszahelyezt\u00e9k a kv-i OGYI-ra aszisztens (1959), adjunktus (1962), el\u0151ad\u00f3tan\u00e1r (1972\u2013), egyetemi prof., klinika vezet\u0151 nyugd\u00edjaz\u00e1s\u00e1ig (1977\u20131989). Anat\u00f3miai kutat\u00e1sair\u00f3l sz\u00e1mos tanulm\u00e1nyban sz\u00e1molt be szakfoly\u00f3iratokban. \u2013 <strong>F. m.:<\/strong> <strong>t\u00e1rssz.:<\/strong> Anatomie topografic\u0103 (Cluj, 1950); Curs de chirurgie (1950, 1975); Lucr\u0103ri practice de chirurgie (1978); Patologie chirurgical\u0103 (1980, 1981); Cancerul gastric (1984); Gastroenterologie preventiv\u0103 (1987); Litiaza biliar\u0103 (Buc., 1989). <br \/><strong>Irod.:<\/strong> Clujenii ai sec. 20; Formade; Todea\u2013F\u00fcl\u00f6p\u2013Avram<\/br><\/p>\n","protected":false},"excerpt":{"rendered":"<p>Mv., 1923. okt. 16., \u2020 Kv., 1991. nov. 3.: orvos, prof. \u2013 Sz\u00e1szr\u00e9genben, Mv.-en, Kv.-on, Buk.-ben (menek\u00fcltk\u00e9nt) \u00e9s Nagyenyeden tanult (1942), az orvosi tanulm\u00e1nyait Szebenben \u00e9s Kv.-on v\u00e9gezte (1948), az orvostudom\u00e1ny doktora (1960). Tanulm\u00e1nyuton volt Pr\u00e1g\u00e1ban (1973), Freiburgban \u00e9s Ludwigsburgban (1978). Seb\u00e9sz Kv.-on (1948\u201349), a Papilian \u2013 f\u00e9le anat\u00f3miai iskola jeles k\u00e9pvisel\u0151je, seb\u00e9szszakorvos \u00e9s aszisztens [&hellip;]<\/p>\n","protected":false},"featured_media":0,"comment_status":"open","ping_status":"closed","template":"","meta":[],"product_brand":[],"product_cat":[137],"product_tag":[],"class_list":{"0":"post-5684","1":"product","2":"type-product","3":"status-publish","5":"product_cat-maros-megyei-eletrajzi-lexikon","7":"first","8":"instock","9":"shipping-taxable","10":"product-type-simple"},"_links":{"self":[{"href":"https:\/\/uj.adatbank.ro\/lexikon\/wp-json\/wp\/v2\/product\/5684","targetHints":{"allow":["GET"]}}],"collection":[{"href":"https:\/\/uj.adatbank.ro\/lexikon\/wp-json\/wp\/v2\/product"}],"about":[{"href":"https:\/\/uj.adatbank.ro\/lexikon\/wp-json\/wp\/v2\/types\/product"}],"replies":[{"embeddable":true,"href":"https:\/\/uj.adatbank.ro\/lexikon\/wp-json\/wp\/v2\/comments?post=5684"}],"wp:attachment":[{"href":"https:\/\/uj.adatbank.ro\/lexikon\/wp-json\/wp\/v2\/media?parent=5684"}],"wp:term":[{"taxonomy":"product_brand","embeddable":true,"href":"https:\/\/uj.adatbank.ro\/lexikon\/wp-json\/wp\/v2\/product_brand?post=5684"},{"taxonomy":"product_cat","embeddable":true,"href":"https:\/\/uj.adatbank.ro\/lexikon\/wp-json\/wp\/v2\/product_cat?post=5684"},{"taxonomy":"product_tag","embeddable":true,"href":"https:\/\/uj.adatbank.ro\/lexikon\/wp-json\/wp\/v2\/product_tag?post=5684"}],"curies":[{"name":"wp","href":"https:\/\/api.w.org\/{rel}","templated":true}]}}

<p>Mv., 1923. okt. 16., † Kv., 1991. nov. 3.: orvos, prof. – Szászrégenben, Mv.-en, Kv.-on, Buk.-ben (menekültként) és Nagyenyeden tanult (1942), az orvosi tanulmányait Szebenben és Kv.-on végezte (1948), az orvostudomány doktora (1960). Tanulmányuton volt Prágában (1973), Freiburgban és Ludwigsburgban (1978). Sebész Kv.-on (1948–49), a Papilian – féle anatómiai iskola jeles képviselője, sebészszakorvos és aszisztens a kv-i sebészeti klinikán (1950–52), politikai okokból eltávolították. Sebészfőorvos volt Rézbányán (Bihar) (1952–53), visszahelyezték a kv-i OGYI-ra aszisztens (1959), adjunktus (1962), előadótanár (1972–), egyetemi prof., klinika vezető nyugdíjazásáig (1977–1989). Anatómiai kutatásairól számos tanulmányban számolt be szakfolyóiratokban. – <strong>F. m.:</strong> <strong>társsz.:</strong> Anatomie topografică (Cluj, 1950); Curs de chirurgie (1950, 1975); Lucrări practice de chirurgie (1978); Patologie chirurgicală (1980, 1981); Cancerul gastric (1984); Gastroenterologie preventivă (1987); Litiaza biliară (Buc., 1989). <br /><strong>Irod.:</strong> Clujenii ai sec. 20; Formade; Todea–Fülöp–Avram</br></p>

<p>Mv., 1923. okt. 16., † Kv., 1991. nov. 3.: orvos, prof. – Szászrégenben, Mv.-en, Kv.-on, Buk.-ben (menekültként) és Nagyenyeden tanult (1942), az orvosi tanulmányait Szebenben és Kv.-on végezte (1948), az orvostudomány doktora (1960). Tanulmányuton volt Prágában (1973), Freiburgban és Ludwigsburgban (1978). Sebész Kv.-on (1948–49), a Papilian – féle anatómiai iskola jeles képviselője, sebészszakorvos és aszisztens [&hellip;]</p>
