{"id":5685,"date":"2025-06-28T17:26:33","date_gmt":"2025-06-28T15:26:33","guid":{"rendered":"https:\/\/uj.adatbank.ro\/lexikon\/termek\/chirita-pal-ella\/"},"modified":"2025-06-28T17:26:33","modified_gmt":"2025-06-28T15:26:33","slug":"chirita-pal-ella","status":"publish","type":"product","link":"https:\/\/uj.adatbank.ro\/lexikon\/termek\/chirita-pal-ella\/","title":{"rendered":"CHIRI\u0162\u0102 P\u00c1L Ella"},"content":{"rendered":"<p>Brass\u00f3 \/ Sepsiszentgy\u00f6rgy, 1934. okt. 18. \u2020 Brass\u00f3, 2004. szept. 1 Mv.-en a ref. temet\u0151ben nyugszik.: orvos, szem\u00e9sz. \u2013 F\u00e9rje: Chiri\u021ba Ioan (1930\u20131995). \u2013 \u00c9retts\u00e9gizett a sepsiszebtgy\u00f6rgyi Sz\u00e9kely Mik\u00f3 Koll.-ban (1952); orvosi oklevelet szerzett Mv.-en a MOGYI-n (1958). K\u00f6rorvos Mez\u0151cs\u00e1v\u00e1son \u00e9s Kar\u00e1csonyfalv\u00e1n (1958\u201360); a MOGYI biok\u00e9miai tansz\u00e9k\u00e9n gyakornok (1960\u201362); szakorvos a Szem\u00e9szeti Klinik\u00e1n nyugd\u00edjaz\u00e1s\u00e1ig (1962\u2013). Szemorvos a Maros Megyei Poliklinika, a Marmed szem\u00e9szeti oszt\u00e1ly\u00e1n. R\u00e9szt vett a klinika tudom\u00e1nyos kutat\u00e1saiban. Nyugd\u00edjask\u00e9nt a Carit-San mag\u00e1n Policlinik\u00e1n dolgozott. <br \/><strong>Irod.:<\/strong> EMKK; Fodor Ferenc 2000; Kiss\u2013P\u00e9terffy\u2013P\u00e9terffy; KKACs; Komj\u00e1tszegi; [Nekrol\u00f3g] (N\u00fa., 2004. szept. 3.); RMKK<\/br><\/p>\n","protected":false},"excerpt":{"rendered":"<p>Brass\u00f3 \/ Sepsiszentgy\u00f6rgy, 1934. okt. 18. \u2020 Brass\u00f3, 2004. szept. 1 Mv.-en a ref. temet\u0151ben nyugszik.: orvos, szem\u00e9sz. \u2013 F\u00e9rje: Chiri\u021ba Ioan (1930\u20131995). \u2013 \u00c9retts\u00e9gizett a sepsiszebtgy\u00f6rgyi Sz\u00e9kely Mik\u00f3 Koll.-ban (1952); orvosi oklevelet szerzett Mv.-en a MOGYI-n (1958). K\u00f6rorvos Mez\u0151cs\u00e1v\u00e1son \u00e9s Kar\u00e1csonyfalv\u00e1n (1958\u201360); a MOGYI biok\u00e9miai tansz\u00e9k\u00e9n gyakornok (1960\u201362); szakorvos a Szem\u00e9szeti Klinik\u00e1n nyugd\u00edjaz\u00e1s\u00e1ig (1962\u2013). [&hellip;]<\/p>\n","protected":false},"featured_media":0,"comment_status":"open","ping_status":"closed","template":"","meta":[],"product_brand":[],"product_cat":[137],"product_tag":[],"class_list":{"0":"post-5685","1":"product","2":"type-product","3":"status-publish","5":"product_cat-maros-megyei-eletrajzi-lexikon","7":"first","8":"instock","9":"shipping-taxable","10":"product-type-simple"},"_links":{"self":[{"href":"https:\/\/uj.adatbank.ro\/lexikon\/wp-json\/wp\/v2\/product\/5685","targetHints":{"allow":["GET"]}}],"collection":[{"href":"https:\/\/uj.adatbank.ro\/lexikon\/wp-json\/wp\/v2\/product"}],"about":[{"href":"https:\/\/uj.adatbank.ro\/lexikon\/wp-json\/wp\/v2\/types\/product"}],"replies":[{"embeddable":true,"href":"https:\/\/uj.adatbank.ro\/lexikon\/wp-json\/wp\/v2\/comments?post=5685"}],"wp:attachment":[{"href":"https:\/\/uj.adatbank.ro\/lexikon\/wp-json\/wp\/v2\/media?parent=5685"}],"wp:term":[{"taxonomy":"product_brand","embeddable":true,"href":"https:\/\/uj.adatbank.ro\/lexikon\/wp-json\/wp\/v2\/product_brand?post=5685"},{"taxonomy":"product_cat","embeddable":true,"href":"https:\/\/uj.adatbank.ro\/lexikon\/wp-json\/wp\/v2\/product_cat?post=5685"},{"taxonomy":"product_tag","embeddable":true,"href":"https:\/\/uj.adatbank.ro\/lexikon\/wp-json\/wp\/v2\/product_tag?post=5685"}],"curies":[{"name":"wp","href":"https:\/\/api.w.org\/{rel}","templated":true}]}}

CHIRIŢĂ PÁL Ella

<p>Brassó / Sepsiszentgyörgy, 1934. okt. 18. † Brassó, 2004. szept. 1 Mv.-en a ref. temetőben nyugszik.: orvos, szemész. – Férje: Chirița Ioan (1930–1995). – Érettségizett a sepsiszebtgyörgyi Székely Mikó Koll.-ban (1952); orvosi oklevelet szerzett Mv.-en a MOGYI-n (1958). Körorvos Mezőcsáváson és Karácsonyfalván (1958–60); a MOGYI biokémiai tanszékén gyakornok (1960–62); szakorvos a Szemészeti Klinikán nyugdíjazásáig (1962–). Szemorvos a Maros Megyei Poliklinika, a Marmed szemészeti osztályán. Részt vett a klinika tudományos kutatásaiban. Nyugdíjasként a Carit-San magán Policlinikán dolgozott. <br /><strong>Irod.:</strong> EMKK; Fodor Ferenc 2000; Kiss–Péterffy–Péterffy; KKACs; Komjátszegi; [Nekrológ] (Nú., 2004. szept. 3.); RMKK</br></p>

<p>Brassó / Sepsiszentgyörgy, 1934. okt. 18. † Brassó, 2004. szept. 1 Mv.-en a ref. temetőben nyugszik.: orvos, szemész. – Férje: Chirița Ioan (1930–1995). – Érettségizett a sepsiszebtgyörgyi Székely Mikó Koll.-ban (1952); orvosi oklevelet szerzett Mv.-en a MOGYI-n (1958). Körorvos Mezőcsáváson és Karácsonyfalván (1958–60); a MOGYI biokémiai tanszékén gyakornok (1960–62); szakorvos a Szemészeti Klinikán nyugdíjazásáig (1962–). [&hellip;]</p>
