{"id":5687,"date":"2025-06-28T17:26:38","date_gmt":"2025-06-28T15:26:38","guid":{"rendered":"https:\/\/uj.adatbank.ro\/lexikon\/termek\/chirtes-constantin\/"},"modified":"2025-06-28T17:26:38","modified_gmt":"2025-06-28T15:26:38","slug":"chirtes-constantin","status":"publish","type":"product","link":"https:\/\/uj.adatbank.ro\/lexikon\/termek\/chirtes-constantin\/","title":{"rendered":"CHIRTE\u015e Constantin"},"content":{"rendered":"<p>? \u2020 ? : ort. tan\u00edt\u00f3. \u2013 Tanulm\u00e1nyai: 4 pedag\u00f3giai oszt., 2 gimn. &#8211; i oszt. \u00e9s pedag\u00f3giai tanfolyam. -Lib\u00e1nfalv\u00e1n tan\u00edtott (1868\u2013), majd felf\u00fcggesztett\u00e9k fegyelmi okokb\u00f3l. Erd\u0151lib\u00e1nfalv\u00e1n tan\u00edtott (1883\u2013). Az erd\u0151lib\u00e1nfalvi ort. templom \u00e9p\u00edt\u00e9se c\u00e9lj\u00e1b\u00f3l, Rom\u00e1ni\u00e1ba kapott p\u00e9nzgy\u0171jt\u00e9si megb\u00edzat\u00e1st (1898\u201399), visszat\u00e9rtekor eredm\u00e9nyeir\u0151l nem tudott besz\u00e1molni. Emiatt az esperes k\u00e9rte felment\u00e9s\u00e9t. Erd\u0151lib\u00e1nfalv\u00e1ban volt tan\u00edt\u00f3 m\u00e9g sok \u00e9vig (1897-ben is). <br \/><strong>Irod.:<\/strong> Dobozi<\/br><\/p>\n","protected":false},"excerpt":{"rendered":"<p>? \u2020 ? : ort. tan\u00edt\u00f3. \u2013 Tanulm\u00e1nyai: 4 pedag\u00f3giai oszt., 2 gimn. &#8211; i oszt. \u00e9s pedag\u00f3giai tanfolyam. -Lib\u00e1nfalv\u00e1n tan\u00edtott (1868\u2013), majd felf\u00fcggesztett\u00e9k fegyelmi okokb\u00f3l. Erd\u0151lib\u00e1nfalv\u00e1n tan\u00edtott (1883\u2013). Az erd\u0151lib\u00e1nfalvi ort. templom \u00e9p\u00edt\u00e9se c\u00e9lj\u00e1b\u00f3l, Rom\u00e1ni\u00e1ba kapott p\u00e9nzgy\u0171jt\u00e9si megb\u00edzat\u00e1st (1898\u201399), visszat\u00e9rtekor eredm\u00e9nyeir\u0151l nem tudott besz\u00e1molni. Emiatt az esperes k\u00e9rte felment\u00e9s\u00e9t. Erd\u0151lib\u00e1nfalv\u00e1ban volt tan\u00edt\u00f3 m\u00e9g sok [&hellip;]<\/p>\n","protected":false},"featured_media":0,"comment_status":"open","ping_status":"closed","template":"","meta":[],"product_brand":[],"product_cat":[137],"product_tag":[],"class_list":{"0":"post-5687","1":"product","2":"type-product","3":"status-publish","5":"product_cat-maros-megyei-eletrajzi-lexikon","7":"first","8":"instock","9":"shipping-taxable","10":"product-type-simple"},"_links":{"self":[{"href":"https:\/\/uj.adatbank.ro\/lexikon\/wp-json\/wp\/v2\/product\/5687","targetHints":{"allow":["GET"]}}],"collection":[{"href":"https:\/\/uj.adatbank.ro\/lexikon\/wp-json\/wp\/v2\/product"}],"about":[{"href":"https:\/\/uj.adatbank.ro\/lexikon\/wp-json\/wp\/v2\/types\/product"}],"replies":[{"embeddable":true,"href":"https:\/\/uj.adatbank.ro\/lexikon\/wp-json\/wp\/v2\/comments?post=5687"}],"wp:attachment":[{"href":"https:\/\/uj.adatbank.ro\/lexikon\/wp-json\/wp\/v2\/media?parent=5687"}],"wp:term":[{"taxonomy":"product_brand","embeddable":true,"href":"https:\/\/uj.adatbank.ro\/lexikon\/wp-json\/wp\/v2\/product_brand?post=5687"},{"taxonomy":"product_cat","embeddable":true,"href":"https:\/\/uj.adatbank.ro\/lexikon\/wp-json\/wp\/v2\/product_cat?post=5687"},{"taxonomy":"product_tag","embeddable":true,"href":"https:\/\/uj.adatbank.ro\/lexikon\/wp-json\/wp\/v2\/product_tag?post=5687"}],"curies":[{"name":"wp","href":"https:\/\/api.w.org\/{rel}","templated":true}]}}

CHIRTEŞ Constantin

<p>? † ? : ort. tanító. – Tanulmányai: 4 pedagógiai oszt., 2 gimn. &#8211; i oszt. és pedagógiai tanfolyam. -Libánfalván tanított (1868–), majd felfüggesztették fegyelmi okokból. Erdőlibánfalván tanított (1883–). Az erdőlibánfalvi ort. templom építése céljából, Romániába kapott pénzgyűjtési megbízatást (1898–99), visszatértekor eredményeiről nem tudott beszámolni. Emiatt az esperes kérte felmentését. Erdőlibánfalvában volt tanító még sok évig (1897-ben is). <br /><strong>Irod.:</strong> Dobozi</br></p>

<p>? † ? : ort. tanító. – Tanulmányai: 4 pedagógiai oszt., 2 gimn. &#8211; i oszt. és pedagógiai tanfolyam. -Libánfalván tanított (1868–), majd felfüggesztették fegyelmi okokból. Erdőlibánfalván tanított (1883–). Az erdőlibánfalvi ort. templom építése céljából, Romániába kapott pénzgyűjtési megbízatást (1898–99), visszatértekor eredményeiről nem tudott beszámolni. Emiatt az esperes kérte felmentését. Erdőlibánfalvában volt tanító még sok [&hellip;]</p>
