{"id":5688,"date":"2025-06-28T17:26:40","date_gmt":"2025-06-28T15:26:40","guid":{"rendered":"https:\/\/uj.adatbank.ro\/lexikon\/termek\/chirtes-gheorghe-%c2%a7\/"},"modified":"2025-06-28T17:26:40","modified_gmt":"2025-06-28T15:26:40","slug":"chirtes-gheorghe-%c2%a7","status":"publish","type":"product","link":"https:\/\/uj.adatbank.ro\/lexikon\/termek\/chirtes-gheorghe-%c2%a7\/","title":{"rendered":"CHIRTE\u015e Gheorghe, \u00a7"},"content":{"rendered":"<p>Lib\u00e1nfalva, 1911. \u00e1pr. 25., \u2020 Buk., 1967: tan\u00edt\u00f3. \u2013 Feles\u00e9ge: Victoria Baba, Corneliu Baba fest\u0151 unokah\u00faga. \u2013 Piatra Neam\u0163on v\u00e9gezte a tan\u00edt\u00f3k\u00e9pz\u0151t (1933). Erd\u0151lib\u00e1nfalv\u00e1ra helyezt\u00e9k. Sorokh\u00e1z\u00e1ra, onnan K\u00f6szv\u00e9nyesre, majd Erny\u00e9be helyezt\u00e9k (1938), k\u00e9t \u00e9v m\u00falva Holtmarosra. A 2. vh.-ban tisztk\u00e9nt vett r\u00e9szt a harcokban, csal\u00e1dja Fels\u0151orosziba k\u00f6lt\u00f6z\u00f6tt, ahol a feles\u00e9ge helyettes tan\u00edt\u00f3 volt az isk.-ban. A h\u00e1bor\u00fa ut\u00e1n visszat\u00e9rtek Holtmarosra, ahol \u00fajb\u00f3l tan\u00edtott (1950-ig). Egy \u00e9vig R\u00e9genben tanfel\u00fcgyel\u0151, azt\u00e1n Mogyorosra ker\u00fclt, majd Lib\u00e1nfalv\u00e1n iskolaigazgat\u00f3v\u00e1 nevezt\u00e9k ki (1959\u201365), Buk.-ben a k\u00f3rh\u00e1zban halt meg. <br \/><strong>Irod.:<\/strong> Dasc\u0103li mure\u015feni 4.<\/br><\/p>\n","protected":false},"excerpt":{"rendered":"<p>Lib\u00e1nfalva, 1911. \u00e1pr. 25., \u2020 Buk., 1967: tan\u00edt\u00f3. \u2013 Feles\u00e9ge: Victoria Baba, Corneliu Baba fest\u0151 unokah\u00faga. \u2013 Piatra Neam\u0163on v\u00e9gezte a tan\u00edt\u00f3k\u00e9pz\u0151t (1933). Erd\u0151lib\u00e1nfalv\u00e1ra helyezt\u00e9k. Sorokh\u00e1z\u00e1ra, onnan K\u00f6szv\u00e9nyesre, majd Erny\u00e9be helyezt\u00e9k (1938), k\u00e9t \u00e9v m\u00falva Holtmarosra. A 2. vh.-ban tisztk\u00e9nt vett r\u00e9szt a harcokban, csal\u00e1dja Fels\u0151orosziba k\u00f6lt\u00f6z\u00f6tt, ahol a feles\u00e9ge helyettes tan\u00edt\u00f3 volt az isk.-ban. [&hellip;]<\/p>\n","protected":false},"featured_media":0,"comment_status":"open","ping_status":"closed","template":"","meta":[],"product_brand":[],"product_cat":[137],"product_tag":[],"class_list":{"0":"post-5688","1":"product","2":"type-product","3":"status-publish","5":"product_cat-maros-megyei-eletrajzi-lexikon","7":"first","8":"instock","9":"shipping-taxable","10":"product-type-simple"},"_links":{"self":[{"href":"https:\/\/uj.adatbank.ro\/lexikon\/wp-json\/wp\/v2\/product\/5688","targetHints":{"allow":["GET"]}}],"collection":[{"href":"https:\/\/uj.adatbank.ro\/lexikon\/wp-json\/wp\/v2\/product"}],"about":[{"href":"https:\/\/uj.adatbank.ro\/lexikon\/wp-json\/wp\/v2\/types\/product"}],"replies":[{"embeddable":true,"href":"https:\/\/uj.adatbank.ro\/lexikon\/wp-json\/wp\/v2\/comments?post=5688"}],"wp:attachment":[{"href":"https:\/\/uj.adatbank.ro\/lexikon\/wp-json\/wp\/v2\/media?parent=5688"}],"wp:term":[{"taxonomy":"product_brand","embeddable":true,"href":"https:\/\/uj.adatbank.ro\/lexikon\/wp-json\/wp\/v2\/product_brand?post=5688"},{"taxonomy":"product_cat","embeddable":true,"href":"https:\/\/uj.adatbank.ro\/lexikon\/wp-json\/wp\/v2\/product_cat?post=5688"},{"taxonomy":"product_tag","embeddable":true,"href":"https:\/\/uj.adatbank.ro\/lexikon\/wp-json\/wp\/v2\/product_tag?post=5688"}],"curies":[{"name":"wp","href":"https:\/\/api.w.org\/{rel}","templated":true}]}}

CHIRTEŞ Gheorghe, §

<p>Libánfalva, 1911. ápr. 25., † Buk., 1967: tanító. – Felesége: Victoria Baba, Corneliu Baba festő unokahúga. – Piatra Neamţon végezte a tanítóképzőt (1933). Erdőlibánfalvára helyezték. Sorokházára, onnan Köszvényesre, majd Ernyébe helyezték (1938), két év múlva Holtmarosra. A 2. vh.-ban tisztként vett részt a harcokban, családja Felsőorosziba költözött, ahol a felesége helyettes tanító volt az isk.-ban. A háború után visszatértek Holtmarosra, ahol újból tanított (1950-ig). Egy évig Régenben tanfelügyelő, aztán Mogyorosra került, majd Libánfalván iskolaigazgatóvá nevezték ki (1959–65), Buk.-ben a kórházban halt meg. <br /><strong>Irod.:</strong> Dascăli mureşeni 4.</br></p>

<p>Libánfalva, 1911. ápr. 25., † Buk., 1967: tanító. – Felesége: Victoria Baba, Corneliu Baba festő unokahúga. – Piatra Neamţon végezte a tanítóképzőt (1933). Erdőlibánfalvára helyezték. Sorokházára, onnan Köszvényesre, majd Ernyébe helyezték (1938), két év múlva Holtmarosra. A 2. vh.-ban tisztként vett részt a harcokban, családja Felsőorosziba költözött, ahol a felesége helyettes tanító volt az isk.-ban. [&hellip;]</p>
