{"id":5689,"date":"2025-06-28T17:26:42","date_gmt":"2025-06-28T15:26:42","guid":{"rendered":"https:\/\/uj.adatbank.ro\/lexikon\/termek\/chirvasuta-gheorghe\/"},"modified":"2025-06-28T17:26:42","modified_gmt":"2025-06-28T15:26:42","slug":"chirvasuta-gheorghe","status":"publish","type":"product","link":"https:\/\/uj.adatbank.ro\/lexikon\/termek\/chirvasuta-gheorghe\/","title":{"rendered":"CHIRV\u0102SU\u0162\u0102 Gheorghe"},"content":{"rendered":"<p>Zorleni, 1898., \u2020\u00a0Buc., 1976.: zenetan\u00e1r, sz\u00edn\u00e9sz, rendez\u0151. \u2013 Ia\u015fiban zenekonzervat\u00f3riumot v\u00e9gzett (1922). Cern\u0103u\u0163iban l\u00e9pett sz\u00ednpadra majd a craiovai Nemzeti Sz\u00ednh\u00e1z tagja (1923\u201325). Sz\u00edn\u00e9sz A kisinyovi sz\u00ednh\u00e1zban (1925\u201328), Cern\u0103u\u0163ban (1929\u201330), majd k\u00fcl\u00f6nb\u00f6z\u0151 mag\u00e1nsz\u00ednh\u00e1zakban j\u00e1tszott. (1930\u201334). Kit\u0171n\u0151 szaval\u00f3 volt. Tan\u00e1r Mv.-en a Zenekonzervat\u00f3riumban (1934\u201340), ennek keret\u00e9ben l\u00e9trehozta az els\u0151 rom\u00e1n sz\u00edn\u00e9szk\u00e9pz\u0151 iskol\u00e1t (1935\u201340). Mv.-en megalak\u00edtotta az els\u0151 rom\u00e1n gyermeksz\u00ednh\u00e1zat, amely a feln\u0151tt sz\u00ednh\u00e1zzal p\u00e1rhuzamosan m\u0171k\u0151d\u00f6tt. sz\u00edn\u00e9szk\u00e9pz\u0151 \u00e9s el\u0151ad\u00f3m\u0171v\u00e9szeti oszt\u00e1lyok vezet\u0151jek\u00e9nt a tananyagot saj\u00e1t maga \u00e1ll\u00edtotta \u00f6ssze n\u00e9gy \u00e9vre. Az ott v\u00e9gzett 35\u201340 feln\u0151tt \u00e9s ugyanannyi gyermek kezdte el Mv.-en a rom\u00e1n nyelv\u0171 sz\u00edniel\u0151ad\u00e1sokat a Kult\u00farpalota sz\u00ednpad\u00e1n. A k\u00f6zeli falvakban, v\u00e1rosokban vend\u00e9gszerepeltek, rom\u00e1n szerz\u0151k m\u0171veit j\u00e1tszott\u00e1k Medgyesen, Sz\u00e1szr\u00e9genben, G\u00f6rg\u00e9nyben, Tek\u00e9ben, Marosh\u00e9v\u00edzen, Ludason. Nev\u00e9hez f\u0171z\u0151dnek az els\u0151 zen\u00e9s-t\u00e1ncos bemutat\u00f3 el\u0151ad\u00e1sok is: Gr\u0103dina unchiului Tom; Revista copiilor (1935); A sosit prim\u0103vara; Vacan\u0163a la \u0163ar\u0103; Casa p\u0103pu\u015filor (1937); Ciob\u0103na\u015fii (1938); Mai sunt la noi flori multe \u00een z\u0103voi (1939\/1940). Buk.-ben vezette a f\u0151v\u00e1ros gyermekeinek m\u0171v\u00e9szeti nevel\u00e9s\u00e9t (1940\u2013). A Munka\u00e9rdemrend kit\u00fcntetettje. <br \/><strong>Irod.:<\/strong> Chereji Peris T.: A mv.-i sz\u00ednh\u00e1z \u00e9s sz\u00ednj\u00e1tsz\u00e1s megteremt\u00e9s\u00e9r\u0151l = Mv. t\u00f6rt\u00e9net\u00e9b\u0151l; Du\u015fa, Traian: Pagini de istorie, art\u0103 \u015fi cultur\u0103, 2. (Tg. M., 2002); Fodor Zeno; Id\u0151t\u00e1r 3; Muzica rom.; Mv.-i zsid\u00f3 temet\u0151 dok.; Todea 2013<\/br><\/p>\n","protected":false},"excerpt":{"rendered":"<p>Zorleni, 1898., \u2020\u00a0Buc., 1976.: zenetan\u00e1r, sz\u00edn\u00e9sz, rendez\u0151. \u2013 Ia\u015fiban zenekonzervat\u00f3riumot v\u00e9gzett (1922). Cern\u0103u\u0163iban l\u00e9pett sz\u00ednpadra majd a craiovai Nemzeti Sz\u00ednh\u00e1z tagja (1923\u201325). Sz\u00edn\u00e9sz A kisinyovi sz\u00ednh\u00e1zban (1925\u201328), Cern\u0103u\u0163ban (1929\u201330), majd k\u00fcl\u00f6nb\u00f6z\u0151 mag\u00e1nsz\u00ednh\u00e1zakban j\u00e1tszott. (1930\u201334). Kit\u0171n\u0151 szaval\u00f3 volt. Tan\u00e1r Mv.-en a Zenekonzervat\u00f3riumban (1934\u201340), ennek keret\u00e9ben l\u00e9trehozta az els\u0151 rom\u00e1n sz\u00edn\u00e9szk\u00e9pz\u0151 iskol\u00e1t (1935\u201340). Mv.-en megalak\u00edtotta az els\u0151 [&hellip;]<\/p>\n","protected":false},"featured_media":0,"comment_status":"open","ping_status":"closed","template":"","meta":[],"product_brand":[],"product_cat":[137],"product_tag":[],"class_list":{"0":"post-5689","1":"product","2":"type-product","3":"status-publish","5":"product_cat-maros-megyei-eletrajzi-lexikon","7":"first","8":"instock","9":"shipping-taxable","10":"product-type-simple"},"_links":{"self":[{"href":"https:\/\/uj.adatbank.ro\/lexikon\/wp-json\/wp\/v2\/product\/5689","targetHints":{"allow":["GET"]}}],"collection":[{"href":"https:\/\/uj.adatbank.ro\/lexikon\/wp-json\/wp\/v2\/product"}],"about":[{"href":"https:\/\/uj.adatbank.ro\/lexikon\/wp-json\/wp\/v2\/types\/product"}],"replies":[{"embeddable":true,"href":"https:\/\/uj.adatbank.ro\/lexikon\/wp-json\/wp\/v2\/comments?post=5689"}],"wp:attachment":[{"href":"https:\/\/uj.adatbank.ro\/lexikon\/wp-json\/wp\/v2\/media?parent=5689"}],"wp:term":[{"taxonomy":"product_brand","embeddable":true,"href":"https:\/\/uj.adatbank.ro\/lexikon\/wp-json\/wp\/v2\/product_brand?post=5689"},{"taxonomy":"product_cat","embeddable":true,"href":"https:\/\/uj.adatbank.ro\/lexikon\/wp-json\/wp\/v2\/product_cat?post=5689"},{"taxonomy":"product_tag","embeddable":true,"href":"https:\/\/uj.adatbank.ro\/lexikon\/wp-json\/wp\/v2\/product_tag?post=5689"}],"curies":[{"name":"wp","href":"https:\/\/api.w.org\/{rel}","templated":true}]}}

CHIRVĂSUŢĂ Gheorghe

<p>Zorleni, 1898., † Buc., 1976.: zenetanár, színész, rendező. – Iaşiban zenekonzervatóriumot végzett (1922). Cernăuţiban lépett színpadra majd a craiovai Nemzeti Színház tagja (1923–25). Színész A kisinyovi színházban (1925–28), Cernăuţban (1929–30), majd különböző magánszínházakban játszott. (1930–34). Kitűnő szavaló volt. Tanár Mv.-en a Zenekonzervatóriumban (1934–40), ennek keretében létrehozta az első román színészképző iskolát (1935–40). Mv.-en megalakította az első román gyermekszínházat, amely a felnőtt színházzal párhuzamosan műkődött. színészképző és előadóművészeti osztályok vezetőjeként a tananyagot saját maga állította össze négy évre. Az ott végzett 35–40 felnőtt és ugyanannyi gyermek kezdte el Mv.-en a román nyelvű színielőadásokat a Kultúrpalota színpadán. A közeli falvakban, városokban vendégszerepeltek, román szerzők műveit játszották Medgyesen, Szászrégenben, Görgényben, Tekében, Maroshévízen, Ludason. Nevéhez fűződnek az első zenés-táncos bemutató előadások is: Grădina unchiului Tom; Revista copiilor (1935); A sosit primăvara; Vacanţa la ţară; Casa păpuşilor (1937); Ciobănaşii (1938); Mai sunt la noi flori multe în zăvoi (1939/1940). Buk.-ben vezette a főváros gyermekeinek művészeti nevelését (1940–). A Munkaérdemrend kitüntetettje. <br /><strong>Irod.:</strong> Chereji Peris T.: A mv.-i színház és színjátszás megteremtéséről = Mv. történetéből; Duşa, Traian: Pagini de istorie, artă şi cultură, 2. (Tg. M., 2002); Fodor Zeno; Időtár 3; Muzica rom.; Mv.-i zsidó temető dok.; Todea 2013</br></p>

<p>Zorleni, 1898., † Buc., 1976.: zenetanár, színész, rendező. – Iaşiban zenekonzervatóriumot végzett (1922). Cernăuţiban lépett színpadra majd a craiovai Nemzeti Színház tagja (1923–25). Színész A kisinyovi színházban (1925–28), Cernăuţban (1929–30), majd különböző magánszínházakban játszott. (1930–34). Kitűnő szavaló volt. Tanár Mv.-en a Zenekonzervatóriumban (1934–40), ennek keretében létrehozta az első román színészképző iskolát (1935–40). Mv.-en megalakította az első [&hellip;]</p>
