{"id":5690,"date":"2025-06-28T17:26:44","date_gmt":"2025-06-28T15:26:44","guid":{"rendered":"https:\/\/uj.adatbank.ro\/lexikon\/termek\/chirvasuta-mircea\/"},"modified":"2025-06-28T17:26:44","modified_gmt":"2025-06-28T15:26:44","slug":"chirvasuta-mircea","status":"publish","type":"product","link":"https:\/\/uj.adatbank.ro\/lexikon\/termek\/chirvasuta-mircea\/","title":{"rendered":"CHIRV\u0102SU\u0162\u0102 Mircea"},"content":{"rendered":"<p>1917., \u2020 Mv., 2000. nov. 7.: sz\u00edn\u00e9sz, ezredes. \u2013 Feles\u00e9ge Ch. -Hirsch Judit (1927-Mv., 2009). -Lovass\u00e1gi tiszt, h\u00e1bor\u00fas veter\u00e1n. A buk.-i, nagyb\u00e1nyai, mv.-i sz\u00ednh\u00e1z sz\u00ednm\u0171v\u00e9sze. A H\u00e1bor\u00fas Veter\u00e1nok Sz\u00f6vets\u00e9g\u00e9nek tagja. \u2013 F. filmje: Pintea (1975). <br \/><strong>Irod.:<\/strong> Id\u0151t\u00e1r 4.; MMK.<\/br><\/p>\n","protected":false},"excerpt":{"rendered":"<p>1917., \u2020 Mv., 2000. nov. 7.: sz\u00edn\u00e9sz, ezredes. \u2013 Feles\u00e9ge Ch. -Hirsch Judit (1927-Mv., 2009). -Lovass\u00e1gi tiszt, h\u00e1bor\u00fas veter\u00e1n. A buk.-i, nagyb\u00e1nyai, mv.-i sz\u00ednh\u00e1z sz\u00ednm\u0171v\u00e9sze. A H\u00e1bor\u00fas Veter\u00e1nok Sz\u00f6vets\u00e9g\u00e9nek tagja. \u2013 F. filmje: Pintea (1975). Irod.: Id\u0151t\u00e1r 4.; MMK.<\/p>\n","protected":false},"featured_media":0,"comment_status":"open","ping_status":"closed","template":"","meta":[],"product_brand":[],"product_cat":[137],"product_tag":[],"class_list":{"0":"post-5690","1":"product","2":"type-product","3":"status-publish","5":"product_cat-maros-megyei-eletrajzi-lexikon","7":"first","8":"instock","9":"shipping-taxable","10":"product-type-simple"},"_links":{"self":[{"href":"https:\/\/uj.adatbank.ro\/lexikon\/wp-json\/wp\/v2\/product\/5690","targetHints":{"allow":["GET"]}}],"collection":[{"href":"https:\/\/uj.adatbank.ro\/lexikon\/wp-json\/wp\/v2\/product"}],"about":[{"href":"https:\/\/uj.adatbank.ro\/lexikon\/wp-json\/wp\/v2\/types\/product"}],"replies":[{"embeddable":true,"href":"https:\/\/uj.adatbank.ro\/lexikon\/wp-json\/wp\/v2\/comments?post=5690"}],"wp:attachment":[{"href":"https:\/\/uj.adatbank.ro\/lexikon\/wp-json\/wp\/v2\/media?parent=5690"}],"wp:term":[{"taxonomy":"product_brand","embeddable":true,"href":"https:\/\/uj.adatbank.ro\/lexikon\/wp-json\/wp\/v2\/product_brand?post=5690"},{"taxonomy":"product_cat","embeddable":true,"href":"https:\/\/uj.adatbank.ro\/lexikon\/wp-json\/wp\/v2\/product_cat?post=5690"},{"taxonomy":"product_tag","embeddable":true,"href":"https:\/\/uj.adatbank.ro\/lexikon\/wp-json\/wp\/v2\/product_tag?post=5690"}],"curies":[{"name":"wp","href":"https:\/\/api.w.org\/{rel}","templated":true}]}}