{"id":5691,"date":"2025-06-28T17:26:46","date_gmt":"2025-06-28T15:26:46","guid":{"rendered":"https:\/\/uj.adatbank.ro\/lexikon\/termek\/chovan-richard-%c2%a7-zaborszki\/"},"modified":"2025-06-28T17:26:46","modified_gmt":"2025-06-28T15:26:46","slug":"chovan-richard-%c2%a7-zaborszki","status":"publish","type":"product","link":"https:\/\/uj.adatbank.ro\/lexikon\/termek\/chovan-richard-%c2%a7-zaborszki\/","title":{"rendered":"CHOV\u00c1N Richard, \u00a7 z\u00e1borszki"},"content":{"rendered":"<p>B\u00e9cs, 1883. m\u00e1rc. 13., \u2020 1964.: zongoram\u0171v\u00e9sz, tan\u00e1r, zeneszerz\u0151, zeneiskolai igazgat\u00f3. \u2013 Feles\u00e9ge: 1. vagy ford\u00edtva: Metz Piroska; 2. Szil\u00e1gyi Erzs\u00e9bet. \u2013 A k\u00f6z\u00e9piskol\u00e1t \u00e9s a zeneakad. -\u00e1t Bp.-en v\u00e9gezte, tan\u00e1rai k\u00f6zt volt apja Chovan K\u00e1lm\u00e1n, Koessler J\u00e1nos. Zenetan\u00e1ri diplom\u00e1t szerzett (1907), majd a Fodor Zenakad\u00e9mi\u00e1n tan\u00edtott (1907\u201309). A mv.-i v\u00e1rosi zeneiskol\u00e1hoz kapott megh\u00edv\u00e1st, mint zongoratan\u00e1r (1909\u2013), a konzervat\u00f3rium aligazgat\u00f3ja (1921\u2013), majd igazgat\u00f3ja volt (1940\u201347). Az els\u0151 vh.-ban az orosz \u00e9s az olasz fronton teljes\u00edtett szolg\u00e1latot, f\u0151hadnagyi rangban kit\u00fcntet\u00e9ssel szerelt le. Tan\u00edtv\u00e1nyai k\u00f6z\u00fcl kiemelkedett Alexandru Demetriad, Chilf Mikl\u00f3s. Szerkesztette A Mv.-i V\u00e1rosi Zeneiskola \u00e9rtes\u00edt\u0151je (1940\u201345) sz\u00e1mait. Rendszeresen szerepelt el\u0151ad\u00f3m\u0171v\u00e9szk\u00e9nt Mv.-en \u00e9s Kv.-on rendezett hangversenyeken. Fell\u00e9pett a v\u00e1rosi filharm\u00f3nikusok els\u0151 hangverseny\u00e9n (1910. \u00e1pr. 2.), valamint a Ferenc J\u00f3zsef K\u00f6zm\u0171vel\u0151d\u00e9si Palota avat\u00f3 \u00fcnneps\u00e9g\u00e9n Liszt: Esz d\u00far zongoraverseny\u00e9t adta el\u0151 (1913. nov. 6.). Az Als\u00f3marosi Dalosker\u00fclet eln\u00f6ke (1941). Zongor\u00e1ra \u00edrt m\u0171veket. <br \/><strong>Irod.:<\/strong> Hajd\u00f3 K\u00e1roly: A mv.-i zeneiskola \u00e9vfordul\u00f3j\u00e1ra (N\u00fa., 1999. jan. 12.); Id\u0151t\u00e1r 2; Id\u0151t\u00e1r 3; Kim; Marosi-KZST; Marosi Ildik\u00f3; Mv. \u00e9s a h\u00e1bor\u00fa 2.; Mv. m\u0171v. v\u00e1r.; Osv\u00e1th; Popt\u0103ma\u015f- M\u00f3zes; Predescu; Sz\u00e9kelyf\u00f6ld \u00ed. k.; Todea 2013; Zenetudom\u00e1nyi \u00edr\u00e1sok<\/br><\/p>\n","protected":false},"excerpt":{"rendered":"<p>B\u00e9cs, 1883. m\u00e1rc. 13., \u2020 1964.: zongoram\u0171v\u00e9sz, tan\u00e1r, zeneszerz\u0151, zeneiskolai igazgat\u00f3. \u2013 Feles\u00e9ge: 1. vagy ford\u00edtva: Metz Piroska; 2. Szil\u00e1gyi Erzs\u00e9bet. \u2013 A k\u00f6z\u00e9piskol\u00e1t \u00e9s a zeneakad. -\u00e1t Bp.-en v\u00e9gezte, tan\u00e1rai k\u00f6zt volt apja Chovan K\u00e1lm\u00e1n, Koessler J\u00e1nos. Zenetan\u00e1ri diplom\u00e1t szerzett (1907), majd a Fodor Zenakad\u00e9mi\u00e1n tan\u00edtott (1907\u201309). A mv.-i v\u00e1rosi zeneiskol\u00e1hoz kapott megh\u00edv\u00e1st, mint [&hellip;]<\/p>\n","protected":false},"featured_media":0,"comment_status":"open","ping_status":"closed","template":"","meta":[],"product_brand":[],"product_cat":[137],"product_tag":[],"class_list":{"0":"post-5691","1":"product","2":"type-product","3":"status-publish","5":"product_cat-maros-megyei-eletrajzi-lexikon","7":"first","8":"instock","9":"shipping-taxable","10":"product-type-simple"},"_links":{"self":[{"href":"https:\/\/uj.adatbank.ro\/lexikon\/wp-json\/wp\/v2\/product\/5691","targetHints":{"allow":["GET"]}}],"collection":[{"href":"https:\/\/uj.adatbank.ro\/lexikon\/wp-json\/wp\/v2\/product"}],"about":[{"href":"https:\/\/uj.adatbank.ro\/lexikon\/wp-json\/wp\/v2\/types\/product"}],"replies":[{"embeddable":true,"href":"https:\/\/uj.adatbank.ro\/lexikon\/wp-json\/wp\/v2\/comments?post=5691"}],"wp:attachment":[{"href":"https:\/\/uj.adatbank.ro\/lexikon\/wp-json\/wp\/v2\/media?parent=5691"}],"wp:term":[{"taxonomy":"product_brand","embeddable":true,"href":"https:\/\/uj.adatbank.ro\/lexikon\/wp-json\/wp\/v2\/product_brand?post=5691"},{"taxonomy":"product_cat","embeddable":true,"href":"https:\/\/uj.adatbank.ro\/lexikon\/wp-json\/wp\/v2\/product_cat?post=5691"},{"taxonomy":"product_tag","embeddable":true,"href":"https:\/\/uj.adatbank.ro\/lexikon\/wp-json\/wp\/v2\/product_tag?post=5691"}],"curies":[{"name":"wp","href":"https:\/\/api.w.org\/{rel}","templated":true}]}}