{"id":5694,"date":"2025-06-28T17:26:50","date_gmt":"2025-06-28T15:26:50","guid":{"rendered":"https:\/\/uj.adatbank.ro\/lexikon\/termek\/chwoika-adolf-adolf\/"},"modified":"2025-06-28T17:26:50","modified_gmt":"2025-06-28T15:26:50","slug":"chwoika-adolf-adolf","status":"publish","type":"product","link":"https:\/\/uj.adatbank.ro\/lexikon\/termek\/chwoika-adolf-adolf\/","title":{"rendered":"CHWOIKA Adolf, \u00c1dolf"},"content":{"rendered":"<p>.?, \u2020\u00a0? : kert\u00e9sz. \u2013 Apja: id. Adolf k\u00fcl\u00f6nf\u00e9le magast\u00f6rzs\u0171 r\u00f3zs\u00e1k r\u00e9gi \u00e9s \u00faj fajt\u00e1it \u00e1ll\u00edtotta ki Bp.-en (1885). \u2013 A v\u00e1rosi mag\u00e1nkert\u00e9sz csal\u00e1d Horv\u00e1torsz\u00e1gb\u00f3l Mv.-en telepedett le (1901\u20131918). M\u0171kert\u00e9szete, faiskol\u00e1ja \u00e9s magkeresked\u00e9se, vir\u00e1gszalonja volt Mv.-en az \u00fan. Papp palota f\u00f6ldszinti helys\u00e9g\u00e9ben (R\u00f3zs\u00e1k tere 45.) A d\u00edszn\u00f6v\u00e9nyek termeszt\u00e9se \u00e9s elad\u00e1sa mellett k\u00f6tete jelent meg: Praktische zum gem\u0171sebau (Essek, 1900) vagyis: Gyakorlati \u00fatmutat\u00f3 a z\u00f6lds\u00e9gtermeszt\u00e9shez. Feles\u00e9ge s\u00e1rga orpingtonokat \/ ty\u00fakokat \u00e1rus\u00edtott (1911). Elad\u00e1sra k\u00edn\u00e1ltak az \u00e1ltaluk teny\u00e9sztett szentbern\u00e1thegyi kuty\u00e1kat. Tagja a Mv.-i Galambteny\u00e9szt\u0151k Egyes\u00fclet\u00e9nek, fajgalambokat is tartott. <br \/><strong>Irod.:<\/strong> Nagy Zsolt: M\u0171kert\u00e9szek, kert\u00e9sz-v\u00e1llalkoz\u00f3k a 19\u201320. sz\u00e1zadi Mv.-en; Mv. fura bogara. Bodor P\u00e9ter (s kort\u00e1rsai); A v\u00e1ros\u00e9p\u00edt\u0151 k\u00fcl\u00f6nc: Bern\u00e1d Gy\u00f6rgy \u00c9s v\u00e1rosi kert\u00e9szei; Egy horv\u00e1t csal\u00e1d h\u00f3bortjai: Chwoik\u00e1\u00e9k; \u00c1rny\u00e9kban maradt osztr\u00e1k m\u0171kert\u00e9sz-csal\u00e1dok: \u00d6llerer\u00e9k, Schnedarek\u00e9k; Furm\u00e1nyos technol\u00f3gi\u00e1k meghonos\u00edt\u00f3i: a bolg\u00e1rkert\u00e9szek; Epil\u00f3gus. = Maros megyei t\u00f6rt. 5.<\/br><\/p>\n","protected":false},"excerpt":{"rendered":"<p>.?, \u2020\u00a0? : kert\u00e9sz. \u2013 Apja: id. Adolf k\u00fcl\u00f6nf\u00e9le magast\u00f6rzs\u0171 r\u00f3zs\u00e1k r\u00e9gi \u00e9s \u00faj fajt\u00e1it \u00e1ll\u00edtotta ki Bp.-en (1885). \u2013 A v\u00e1rosi mag\u00e1nkert\u00e9sz csal\u00e1d Horv\u00e1torsz\u00e1gb\u00f3l Mv.-en telepedett le (1901\u20131918). M\u0171kert\u00e9szete, faiskol\u00e1ja \u00e9s magkeresked\u00e9se, vir\u00e1gszalonja volt Mv.-en az \u00fan. Papp palota f\u00f6ldszinti helys\u00e9g\u00e9ben (R\u00f3zs\u00e1k tere 45.) A d\u00edszn\u00f6v\u00e9nyek termeszt\u00e9se \u00e9s elad\u00e1sa mellett k\u00f6tete jelent meg: Praktische [&hellip;]<\/p>\n","protected":false},"featured_media":0,"comment_status":"open","ping_status":"closed","template":"","meta":[],"product_brand":[],"product_cat":[137],"product_tag":[],"class_list":{"0":"post-5694","1":"product","2":"type-product","3":"status-publish","5":"product_cat-maros-megyei-eletrajzi-lexikon","7":"first","8":"instock","9":"shipping-taxable","10":"product-type-simple"},"_links":{"self":[{"href":"https:\/\/uj.adatbank.ro\/lexikon\/wp-json\/wp\/v2\/product\/5694","targetHints":{"allow":["GET"]}}],"collection":[{"href":"https:\/\/uj.adatbank.ro\/lexikon\/wp-json\/wp\/v2\/product"}],"about":[{"href":"https:\/\/uj.adatbank.ro\/lexikon\/wp-json\/wp\/v2\/types\/product"}],"replies":[{"embeddable":true,"href":"https:\/\/uj.adatbank.ro\/lexikon\/wp-json\/wp\/v2\/comments?post=5694"}],"wp:attachment":[{"href":"https:\/\/uj.adatbank.ro\/lexikon\/wp-json\/wp\/v2\/media?parent=5694"}],"wp:term":[{"taxonomy":"product_brand","embeddable":true,"href":"https:\/\/uj.adatbank.ro\/lexikon\/wp-json\/wp\/v2\/product_brand?post=5694"},{"taxonomy":"product_cat","embeddable":true,"href":"https:\/\/uj.adatbank.ro\/lexikon\/wp-json\/wp\/v2\/product_cat?post=5694"},{"taxonomy":"product_tag","embeddable":true,"href":"https:\/\/uj.adatbank.ro\/lexikon\/wp-json\/wp\/v2\/product_tag?post=5694"}],"curies":[{"name":"wp","href":"https:\/\/api.w.org\/{rel}","templated":true}]}}

CHWOIKA Adolf, Ádolf

<p>.?, † ? : kertész. – Apja: id. Adolf különféle magastörzsű rózsák régi és új fajtáit állította ki Bp.-en (1885). – A városi magánkertész család Horvátországból Mv.-en telepedett le (1901–1918). Műkertészete, faiskolája és magkereskedése, virágszalonja volt Mv.-en az ún. Papp palota földszinti helységében (Rózsák tere 45.) A dísznövények termesztése és eladása mellett kötete jelent meg: Praktische zum geműsebau (Essek, 1900) vagyis: Gyakorlati útmutató a zöldségtermesztéshez. Felesége sárga orpingtonokat / tyúkokat árusított (1911). Eladásra kínáltak az általuk tenyésztett szentbernáthegyi kutyákat. Tagja a Mv.-i Galambtenyésztők Egyesületének, fajgalambokat is tartott. <br /><strong>Irod.:</strong> Nagy Zsolt: Műkertészek, kertész-vállalkozók a 19–20. századi Mv.-en; Mv. fura bogara. Bodor Péter (s kortársai); A városépítő különc: Bernád György És városi kertészei; Egy horvát család hóbortjai: Chwoikáék; Árnyékban maradt osztrák műkertész-családok: Öllererék, Schnedarekék; Furmányos technológiák meghonosítói: a bolgárkertészek; Epilógus. = Maros megyei tört. 5.</br></p>

<p>.?, † ? : kertész. – Apja: id. Adolf különféle magastörzsű rózsák régi és új fajtáit állította ki Bp.-en (1885). – A városi magánkertész család Horvátországból Mv.-en telepedett le (1901–1918). Műkertészete, faiskolája és magkereskedése, virágszalonja volt Mv.-en az ún. Papp palota földszinti helységében (Rózsák tere 45.) A dísznövények termesztése és eladása mellett kötete jelent meg: Praktische [&hellip;]</p>
