{"id":5698,"date":"2025-06-28T17:26:59","date_gmt":"2025-06-28T15:26:59","guid":{"rendered":"https:\/\/uj.adatbank.ro\/lexikon\/termek\/ciacoi-bazil-grigore-%c2%a7\/"},"modified":"2025-06-28T17:26:59","modified_gmt":"2025-06-28T15:26:59","slug":"ciacoi-bazil-grigore-%c2%a7","status":"publish","type":"product","link":"https:\/\/uj.adatbank.ro\/lexikon\/termek\/ciacoi-bazil-grigore-%c2%a7\/","title":{"rendered":"CIACOI Bazil Grigore, \u00a7"},"content":{"rendered":"<p>Girolt, 1929. szept. 7., \u2020 Mv., 2005.: tan\u00e1r. \u2013 Az elemi iskol\u00e1t V\u00e1lasz\u00faton \u00e9s Szamos\u00fajv\u00e1ron (1936\u20131943), l\u00edc. -ot Kv.-on v\u00e9gzett (1943\u201348), majd k\u00e9t \u00e9vig a termel\u00e9sben dolgozott. Az egyetemet Ia\u015fiban (1950\u201351), majd Kv.-on t\u00f6rt\u00e9nelem szakon v\u00e9gezte (1951\u201354). Mv.-en tan\u00e1rk\u00e9nt dolgozott az Al. Papiu Ilarian L\u00edc.-ban (1954\u201362; 1964\u201388), a Bolyai Farkas L\u00edc.-ban (1962\u201364), az 1-es sz. Kiseg\u00edt\u0151 Iskol\u00e1ban nyugd\u00edjaz\u00e1s\u00e1ig (1988\u201392). Az I. -es fokozat\u00fa vizsga tudom\u00e1nyos dolgozat\u00e1nak c\u00edme: Al. Papiu Ilarian, personalitate marcant\u0103- concep\u0163ia istoric\u0103 \u015fi juridic\u0103 (1972). A Papiu L\u00edc.-ban fontos szerepe volt a n\u00e9vad\u00f3 szobr\u00e1nak vissza\u00e1ll\u00edt\u00e1s\u00e1ban az iskola el\u00e9 (1957) \u00e9s a l\u00edc. eredeti nev\u00e9nek visszaszerz\u00e9s\u00e9ben. Vezette a megye t\u00f6rt\u00e9nelemtan\u00e1rainak pedag\u00f3giai k\u00f6r\u00e9t, tagja volt az Ismeretterjeszt\u0151 Bizotts\u00e1gnak, a Rom\u00e1n Akad. t\u00f6rt\u00e9neti oszt\u00e1ly\u00e1nak k\u00fcls\u0151 munkat\u00e1rsa (1959\u2013), a Megyei Tan\u00fcgyi Oszt\u00e1ly \u00f6nk\u00e9ntes m\u00f3dszertan\u00e1sza. <strong>Kit\u00fcntet\u00e9sei:<\/strong> \u00e9rdemes tan\u00e1r (1971), kit\u00fcntetett tan\u00e1r (1982). Cikkei, tanulm\u00e1nyai a Vatra, Revista de istorie, Alpha, Gazeta \u00eenv\u0103\u0163\u0103m\u00eentului, Genera\u0163ii, St. R., Cuv\u00e2ntul liber, Unirea c. lapokban jelentek meg. Post mortem Mv. d\u00edszpolg\u00e1ra (2006). <br \/><strong>Irod.:<\/strong> Dasc\u0103li mure\u015feni, 1.<\/br><\/p>\n","protected":false},"excerpt":{"rendered":"<p>Girolt, 1929. szept. 7., \u2020 Mv., 2005.: tan\u00e1r. \u2013 Az elemi iskol\u00e1t V\u00e1lasz\u00faton \u00e9s Szamos\u00fajv\u00e1ron (1936\u20131943), l\u00edc. -ot Kv.-on v\u00e9gzett (1943\u201348), majd k\u00e9t \u00e9vig a termel\u00e9sben dolgozott. Az egyetemet Ia\u015fiban (1950\u201351), majd Kv.-on t\u00f6rt\u00e9nelem szakon v\u00e9gezte (1951\u201354). Mv.-en tan\u00e1rk\u00e9nt dolgozott az Al. Papiu Ilarian L\u00edc.-ban (1954\u201362; 1964\u201388), a Bolyai Farkas L\u00edc.-ban (1962\u201364), az 1-es sz. [&hellip;]<\/p>\n","protected":false},"featured_media":0,"comment_status":"open","ping_status":"closed","template":"","meta":[],"product_brand":[],"product_cat":[137],"product_tag":[],"class_list":{"0":"post-5698","1":"product","2":"type-product","3":"status-publish","5":"product_cat-maros-megyei-eletrajzi-lexikon","7":"first","8":"instock","9":"shipping-taxable","10":"product-type-simple"},"_links":{"self":[{"href":"https:\/\/uj.adatbank.ro\/lexikon\/wp-json\/wp\/v2\/product\/5698","targetHints":{"allow":["GET"]}}],"collection":[{"href":"https:\/\/uj.adatbank.ro\/lexikon\/wp-json\/wp\/v2\/product"}],"about":[{"href":"https:\/\/uj.adatbank.ro\/lexikon\/wp-json\/wp\/v2\/types\/product"}],"replies":[{"embeddable":true,"href":"https:\/\/uj.adatbank.ro\/lexikon\/wp-json\/wp\/v2\/comments?post=5698"}],"wp:attachment":[{"href":"https:\/\/uj.adatbank.ro\/lexikon\/wp-json\/wp\/v2\/media?parent=5698"}],"wp:term":[{"taxonomy":"product_brand","embeddable":true,"href":"https:\/\/uj.adatbank.ro\/lexikon\/wp-json\/wp\/v2\/product_brand?post=5698"},{"taxonomy":"product_cat","embeddable":true,"href":"https:\/\/uj.adatbank.ro\/lexikon\/wp-json\/wp\/v2\/product_cat?post=5698"},{"taxonomy":"product_tag","embeddable":true,"href":"https:\/\/uj.adatbank.ro\/lexikon\/wp-json\/wp\/v2\/product_tag?post=5698"}],"curies":[{"name":"wp","href":"https:\/\/api.w.org\/{rel}","templated":true}]}}

<p>Girolt, 1929. szept. 7., † Mv., 2005.: tanár. – Az elemi iskolát Válaszúton és Szamosújváron (1936–1943), líc. -ot Kv.-on végzett (1943–48), majd két évig a termelésben dolgozott. Az egyetemet Iaşiban (1950–51), majd Kv.-on történelem szakon végezte (1951–54). Mv.-en tanárként dolgozott az Al. Papiu Ilarian Líc.-ban (1954–62; 1964–88), a Bolyai Farkas Líc.-ban (1962–64), az 1-es sz. Kisegítő Iskolában nyugdíjazásáig (1988–92). Az I. -es fokozatú vizsga tudományos dolgozatának címe: Al. Papiu Ilarian, personalitate marcantă- concepţia istorică şi juridică (1972). A Papiu Líc.-ban fontos szerepe volt a névadó szobrának visszaállításában az iskola elé (1957) és a líc. eredeti nevének visszaszerzésében. Vezette a megye történelemtanárainak pedagógiai körét, tagja volt az Ismeretterjesztő Bizottságnak, a Román Akad. történeti osztályának külső munkatársa (1959–), a Megyei Tanügyi Osztály önkéntes módszertanásza. <strong>Kitüntetései:</strong> érdemes tanár (1971), kitüntetett tanár (1982). Cikkei, tanulmányai a Vatra, Revista de istorie, Alpha, Gazeta învăţămîntului, Generaţii, St. R., Cuvântul liber, Unirea c. lapokban jelentek meg. Post mortem Mv. díszpolgára (2006). <br /><strong>Irod.:</strong> Dascăli mureşeni, 1.</br></p>

<p>Girolt, 1929. szept. 7., † Mv., 2005.: tanár. – Az elemi iskolát Válaszúton és Szamosújváron (1936–1943), líc. -ot Kv.-on végzett (1943–48), majd két évig a termelésben dolgozott. Az egyetemet Iaşiban (1950–51), majd Kv.-on történelem szakon végezte (1951–54). Mv.-en tanárként dolgozott az Al. Papiu Ilarian Líc.-ban (1954–62; 1964–88), a Bolyai Farkas Líc.-ban (1962–64), az 1-es sz. [&hellip;]</p>
