{"id":5701,"date":"2025-06-28T17:27:04","date_gmt":"2025-06-28T15:27:04","guid":{"rendered":"https:\/\/uj.adatbank.ro\/lexikon\/termek\/cif-toader\/"},"modified":"2025-06-28T17:27:04","modified_gmt":"2025-06-28T15:27:04","slug":"cif-toader","status":"publish","type":"product","link":"https:\/\/uj.adatbank.ro\/lexikon\/termek\/cif-toader\/","title":{"rendered":"CIF Toader"},"content":{"rendered":"<p>? \u2020\u00a0? : ort. pap, tan\u00edt\u00f3. \u2013 Palotailv\u00e1n, a rom\u00e1n iskol\u00e1ban tan\u00edtott, amely a papilakban m\u0171k\u0151d\u00f6tt (1858\u2013). <br \/><strong>Irod.:<\/strong> Lunca Bradului<\/br><\/p>\n","protected":false},"excerpt":{"rendered":"<p>? \u2020\u00a0? : ort. pap, tan\u00edt\u00f3. \u2013 Palotailv\u00e1n, a rom\u00e1n iskol\u00e1ban tan\u00edtott, amely a papilakban m\u0171k\u0151d\u00f6tt (1858\u2013). Irod.: Lunca Bradului<\/p>\n","protected":false},"featured_media":0,"comment_status":"open","ping_status":"closed","template":"","meta":[],"product_brand":[],"product_cat":[137],"product_tag":[],"class_list":{"0":"post-5701","1":"product","2":"type-product","3":"status-publish","5":"product_cat-maros-megyei-eletrajzi-lexikon","7":"first","8":"instock","9":"shipping-taxable","10":"product-type-simple"},"_links":{"self":[{"href":"https:\/\/uj.adatbank.ro\/lexikon\/wp-json\/wp\/v2\/product\/5701","targetHints":{"allow":["GET"]}}],"collection":[{"href":"https:\/\/uj.adatbank.ro\/lexikon\/wp-json\/wp\/v2\/product"}],"about":[{"href":"https:\/\/uj.adatbank.ro\/lexikon\/wp-json\/wp\/v2\/types\/product"}],"replies":[{"embeddable":true,"href":"https:\/\/uj.adatbank.ro\/lexikon\/wp-json\/wp\/v2\/comments?post=5701"}],"wp:attachment":[{"href":"https:\/\/uj.adatbank.ro\/lexikon\/wp-json\/wp\/v2\/media?parent=5701"}],"wp:term":[{"taxonomy":"product_brand","embeddable":true,"href":"https:\/\/uj.adatbank.ro\/lexikon\/wp-json\/wp\/v2\/product_brand?post=5701"},{"taxonomy":"product_cat","embeddable":true,"href":"https:\/\/uj.adatbank.ro\/lexikon\/wp-json\/wp\/v2\/product_cat?post=5701"},{"taxonomy":"product_tag","embeddable":true,"href":"https:\/\/uj.adatbank.ro\/lexikon\/wp-json\/wp\/v2\/product_tag?post=5701"}],"curies":[{"name":"wp","href":"https:\/\/api.w.org\/{rel}","templated":true}]}}