{"id":5702,"date":"2025-06-28T17:27:07","date_gmt":"2025-06-28T15:27:07","guid":{"rendered":"https:\/\/uj.adatbank.ro\/lexikon\/termek\/cikudi-vlasa-mihail-ticudi-mihail\/"},"modified":"2025-06-28T17:27:07","modified_gmt":"2025-06-28T15:27:07","slug":"cikudi-vlasa-mihail-ticudi-mihail","status":"publish","type":"product","link":"https:\/\/uj.adatbank.ro\/lexikon\/termek\/cikudi-vlasa-mihail-ticudi-mihail\/","title":{"rendered":"CIKUDI Vlasa Mihail, \u0162icudi Mihail"},"content":{"rendered":"<p>? \u2020\u00a0? : ort. pap. \u2013 Mez\u0151szabadban szolg\u00e1lta kezdet\u00e9n kis fatemplom volt (1867\u201379), a jelenlegi ort. templom \u00e9p\u00edtet\u0151je. Kaintzel J\u00e1nos, r\u00e9geni \u00e9p\u00edt\u00e9sz, tervei szerint emelte a ma is haszn\u00e1latos ort. templomot (1869\u201371). <br \/><strong>Irod.:<\/strong> \u015eincan 2006<\/br><\/p>\n","protected":false},"excerpt":{"rendered":"<p>? \u2020\u00a0? : ort. pap. \u2013 Mez\u0151szabadban szolg\u00e1lta kezdet\u00e9n kis fatemplom volt (1867\u201379), a jelenlegi ort. templom \u00e9p\u00edtet\u0151je. Kaintzel J\u00e1nos, r\u00e9geni \u00e9p\u00edt\u00e9sz, tervei szerint emelte a ma is haszn\u00e1latos ort. templomot (1869\u201371). Irod.: \u015eincan 2006<\/p>\n","protected":false},"featured_media":0,"comment_status":"open","ping_status":"closed","template":"","meta":[],"product_brand":[],"product_cat":[137],"product_tag":[],"class_list":{"0":"post-5702","1":"product","2":"type-product","3":"status-publish","5":"product_cat-maros-megyei-eletrajzi-lexikon","7":"first","8":"instock","9":"shipping-taxable","10":"product-type-simple"},"_links":{"self":[{"href":"https:\/\/uj.adatbank.ro\/lexikon\/wp-json\/wp\/v2\/product\/5702","targetHints":{"allow":["GET"]}}],"collection":[{"href":"https:\/\/uj.adatbank.ro\/lexikon\/wp-json\/wp\/v2\/product"}],"about":[{"href":"https:\/\/uj.adatbank.ro\/lexikon\/wp-json\/wp\/v2\/types\/product"}],"replies":[{"embeddable":true,"href":"https:\/\/uj.adatbank.ro\/lexikon\/wp-json\/wp\/v2\/comments?post=5702"}],"wp:attachment":[{"href":"https:\/\/uj.adatbank.ro\/lexikon\/wp-json\/wp\/v2\/media?parent=5702"}],"wp:term":[{"taxonomy":"product_brand","embeddable":true,"href":"https:\/\/uj.adatbank.ro\/lexikon\/wp-json\/wp\/v2\/product_brand?post=5702"},{"taxonomy":"product_cat","embeddable":true,"href":"https:\/\/uj.adatbank.ro\/lexikon\/wp-json\/wp\/v2\/product_cat?post=5702"},{"taxonomy":"product_tag","embeddable":true,"href":"https:\/\/uj.adatbank.ro\/lexikon\/wp-json\/wp\/v2\/product_tag?post=5702"}],"curies":[{"name":"wp","href":"https:\/\/api.w.org\/{rel}","templated":true}]}}