{"id":5707,"date":"2025-06-28T17:27:14","date_gmt":"2025-06-28T15:27:14","guid":{"rendered":"https:\/\/uj.adatbank.ro\/lexikon\/termek\/cioba-irimie\/"},"modified":"2025-06-28T17:27:14","modified_gmt":"2025-06-28T15:27:14","slug":"cioba-irimie","status":"publish","type":"product","link":"https:\/\/uj.adatbank.ro\/lexikon\/termek\/cioba-irimie\/","title":{"rendered":"CIOBA Irimie,"},"content":{"rendered":"<p>Ciob\u0103 Irimie *1807., \u2020 1870. m\u00e1j. 28.: g\u00f6r. kat. pap. \u2013 G\u00f6rg\u00e9nyn\u00e1dasban szolg\u00e1lt (1838\u201370). Csal\u00e1dj\u00e1b\u00f3l \u00e9vtizedeken kereszt\u00fcl ker\u00fcltek ki a papok, akik ott is szolg\u00e1ltak. <br \/><strong>Irod.:<\/strong> Dobozi<\/br><\/p>\n","protected":false},"excerpt":{"rendered":"<p>Ciob\u0103 Irimie *1807., \u2020 1870. m\u00e1j. 28.: g\u00f6r. kat. pap. \u2013 G\u00f6rg\u00e9nyn\u00e1dasban szolg\u00e1lt (1838\u201370). Csal\u00e1dj\u00e1b\u00f3l \u00e9vtizedeken kereszt\u00fcl ker\u00fcltek ki a papok, akik ott is szolg\u00e1ltak. Irod.: Dobozi<\/p>\n","protected":false},"featured_media":0,"comment_status":"open","ping_status":"closed","template":"","meta":[],"product_brand":[],"product_cat":[137],"product_tag":[],"class_list":{"0":"post-5707","1":"product","2":"type-product","3":"status-publish","5":"product_cat-maros-megyei-eletrajzi-lexikon","7":"first","8":"instock","9":"shipping-taxable","10":"product-type-simple"},"_links":{"self":[{"href":"https:\/\/uj.adatbank.ro\/lexikon\/wp-json\/wp\/v2\/product\/5707","targetHints":{"allow":["GET"]}}],"collection":[{"href":"https:\/\/uj.adatbank.ro\/lexikon\/wp-json\/wp\/v2\/product"}],"about":[{"href":"https:\/\/uj.adatbank.ro\/lexikon\/wp-json\/wp\/v2\/types\/product"}],"replies":[{"embeddable":true,"href":"https:\/\/uj.adatbank.ro\/lexikon\/wp-json\/wp\/v2\/comments?post=5707"}],"wp:attachment":[{"href":"https:\/\/uj.adatbank.ro\/lexikon\/wp-json\/wp\/v2\/media?parent=5707"}],"wp:term":[{"taxonomy":"product_brand","embeddable":true,"href":"https:\/\/uj.adatbank.ro\/lexikon\/wp-json\/wp\/v2\/product_brand?post=5707"},{"taxonomy":"product_cat","embeddable":true,"href":"https:\/\/uj.adatbank.ro\/lexikon\/wp-json\/wp\/v2\/product_cat?post=5707"},{"taxonomy":"product_tag","embeddable":true,"href":"https:\/\/uj.adatbank.ro\/lexikon\/wp-json\/wp\/v2\/product_tag?post=5707"}],"curies":[{"name":"wp","href":"https:\/\/api.w.org\/{rel}","templated":true}]}}