{"id":5709,"date":"2025-06-28T17:27:20","date_gmt":"2025-06-28T15:27:20","guid":{"rendered":"https:\/\/uj.adatbank.ro\/lexikon\/termek\/ciobanu-gheorghe-cioban-gheorghe\/"},"modified":"2025-06-28T17:27:20","modified_gmt":"2025-06-28T15:27:20","slug":"ciobanu-gheorghe-cioban-gheorghe","status":"publish","type":"product","link":"https:\/\/uj.adatbank.ro\/lexikon\/termek\/ciobanu-gheorghe-cioban-gheorghe\/","title":{"rendered":"CIOBANU Gheorghe, Cioban Gheorghe"},"content":{"rendered":"<p>N\u00e1zn\u00e1nfalva, 1924., \u2020 Tg. Ocna, v. Maros\u00fajv\u00e1r, 1950. febr. 2.: egyetemista, antikommunista harcos. \u2013 Politikai okokb\u00f3l letart\u00f3ztatt\u00e1k, b\u00f6rt\u00f6nbe vetett\u00e9k, el\u00edt\u00e9lt\u00e9k (1949) \u00e9s kiv\u00e9gezt\u00e9k. <br \/><strong>Irod.:<\/strong> Balint; Ioni\u0163oiu, Cicerone<\/br><\/p>\n","protected":false},"excerpt":{"rendered":"<p>N\u00e1zn\u00e1nfalva, 1924., \u2020 Tg. Ocna, v. Maros\u00fajv\u00e1r, 1950. febr. 2.: egyetemista, antikommunista harcos. \u2013 Politikai okokb\u00f3l letart\u00f3ztatt\u00e1k, b\u00f6rt\u00f6nbe vetett\u00e9k, el\u00edt\u00e9lt\u00e9k (1949) \u00e9s kiv\u00e9gezt\u00e9k. Irod.: Balint; Ioni\u0163oiu, Cicerone<\/p>\n","protected":false},"featured_media":0,"comment_status":"open","ping_status":"closed","template":"","meta":[],"product_brand":[],"product_cat":[137],"product_tag":[],"class_list":{"0":"post-5709","1":"product","2":"type-product","3":"status-publish","5":"product_cat-maros-megyei-eletrajzi-lexikon","7":"first","8":"instock","9":"shipping-taxable","10":"product-type-simple"},"_links":{"self":[{"href":"https:\/\/uj.adatbank.ro\/lexikon\/wp-json\/wp\/v2\/product\/5709","targetHints":{"allow":["GET"]}}],"collection":[{"href":"https:\/\/uj.adatbank.ro\/lexikon\/wp-json\/wp\/v2\/product"}],"about":[{"href":"https:\/\/uj.adatbank.ro\/lexikon\/wp-json\/wp\/v2\/types\/product"}],"replies":[{"embeddable":true,"href":"https:\/\/uj.adatbank.ro\/lexikon\/wp-json\/wp\/v2\/comments?post=5709"}],"wp:attachment":[{"href":"https:\/\/uj.adatbank.ro\/lexikon\/wp-json\/wp\/v2\/media?parent=5709"}],"wp:term":[{"taxonomy":"product_brand","embeddable":true,"href":"https:\/\/uj.adatbank.ro\/lexikon\/wp-json\/wp\/v2\/product_brand?post=5709"},{"taxonomy":"product_cat","embeddable":true,"href":"https:\/\/uj.adatbank.ro\/lexikon\/wp-json\/wp\/v2\/product_cat?post=5709"},{"taxonomy":"product_tag","embeddable":true,"href":"https:\/\/uj.adatbank.ro\/lexikon\/wp-json\/wp\/v2\/product_tag?post=5709"}],"curies":[{"name":"wp","href":"https:\/\/api.w.org\/{rel}","templated":true}]}}