{"id":5710,"date":"2025-06-28T17:27:22","date_gmt":"2025-06-28T15:27:22","guid":{"rendered":"https:\/\/uj.adatbank.ro\/lexikon\/termek\/ciobanu-ioan-%c2%a7\/"},"modified":"2025-06-28T17:27:22","modified_gmt":"2025-06-28T15:27:22","slug":"ciobanu-ioan-%c2%a7","status":"publish","type":"product","link":"https:\/\/uj.adatbank.ro\/lexikon\/termek\/ciobanu-ioan-%c2%a7\/","title":{"rendered":"CIOBANU Ioan, \u00a7"},"content":{"rendered":"<p>Nagyteremi, 1910. \u00e1pr. 12., \u2020 Kv., 1974. aug. 4. : tan\u00e1r, botanikus. \u2013 Mv.-en a Papiu Ilarian L\u00edc.-ban v\u00e9gezte a k\u00f6z\u00e9piskol\u00e1t (1928) \u00e9s Kv.-on az egyetemet. Tan\u00e1r Kv.-on dr. docens, a biol\u00f3giai tudom\u00e1nyok doktora (1948), egyetemi tan\u00e1r, a Pedag\u00f3giai F\u0151iskola prorektora (1952\u201356, 1970\u201373), rektora (1960\u201374). Sz\u00e1mos tanulm\u00e1nya jelent meg k\u00fcl\u00f6nb\u00f6z\u0151 foly\u00f3iratokban. T\u00f6bb k\u00f6z\u00e9piskolai \u00e9s egyetemi tank\u00f6nyv \u00edr\u00f3ja, munkat\u00e1rsa a Dic\u0163ionar enciclopedic rom\u00e2n 4. k\u00f6tet\u00e9nek, Emil Pop tud\u00f3snak a palinologia (vir\u00e1gp\u00f3r elemz\u00e9s) megteremt\u0151j\u00e9nek tan\u00edtv\u00e1nya \u00e9s k\u00f6vet\u0151je. \u2013 <strong>F. m.:<\/strong> Botanica farmaceutic\u0103 (1948); Morfologia plantelor (Buc., 1965, 1971); Botanica pentru cl. a VIII-a (1967); Botanica pentru liceele agricole (1971); <strong>t\u00e1rssz.:<\/strong> N\u00f6v\u00e9nytan a VIII. o. sz\u00e1m\u00e1ra. (Tre\u0163iu Traian, Ghi\u015fa Eugen-nel, Buc., 1960, 1961, 1962, 1964); N\u00f6v\u00e9nytan. Tank\u00f6nyv a 12 o. iskol\u00e1k IX. o. sz\u00e1m\u00e1ra (Tre\u0163iu Traian, Ghi\u015fa Eugen-el. Buc., 1985, 1967); Compendiu de botanic\u0103 (Buc., 1977). <br \/><strong>Irod.:<\/strong> Clujenii ai sec. 20.; Formade; Studia Univ. Babe\u015f-Bolyai: Index alf. (1964, 1972); Todea\u2013F\u00fcl\u00f6p\u2013Avram<\/br><\/p>\n","protected":false},"excerpt":{"rendered":"<p>Nagyteremi, 1910. \u00e1pr. 12., \u2020 Kv., 1974. aug. 4. : tan\u00e1r, botanikus. \u2013 Mv.-en a Papiu Ilarian L\u00edc.-ban v\u00e9gezte a k\u00f6z\u00e9piskol\u00e1t (1928) \u00e9s Kv.-on az egyetemet. Tan\u00e1r Kv.-on dr. docens, a biol\u00f3giai tudom\u00e1nyok doktora (1948), egyetemi tan\u00e1r, a Pedag\u00f3giai F\u0151iskola prorektora (1952\u201356, 1970\u201373), rektora (1960\u201374). Sz\u00e1mos tanulm\u00e1nya jelent meg k\u00fcl\u00f6nb\u00f6z\u0151 foly\u00f3iratokban. T\u00f6bb k\u00f6z\u00e9piskolai \u00e9s egyetemi [&hellip;]<\/p>\n","protected":false},"featured_media":0,"comment_status":"open","ping_status":"closed","template":"","meta":[],"product_brand":[],"product_cat":[137],"product_tag":[],"class_list":{"0":"post-5710","1":"product","2":"type-product","3":"status-publish","5":"product_cat-maros-megyei-eletrajzi-lexikon","7":"first","8":"instock","9":"shipping-taxable","10":"product-type-simple"},"_links":{"self":[{"href":"https:\/\/uj.adatbank.ro\/lexikon\/wp-json\/wp\/v2\/product\/5710","targetHints":{"allow":["GET"]}}],"collection":[{"href":"https:\/\/uj.adatbank.ro\/lexikon\/wp-json\/wp\/v2\/product"}],"about":[{"href":"https:\/\/uj.adatbank.ro\/lexikon\/wp-json\/wp\/v2\/types\/product"}],"replies":[{"embeddable":true,"href":"https:\/\/uj.adatbank.ro\/lexikon\/wp-json\/wp\/v2\/comments?post=5710"}],"wp:attachment":[{"href":"https:\/\/uj.adatbank.ro\/lexikon\/wp-json\/wp\/v2\/media?parent=5710"}],"wp:term":[{"taxonomy":"product_brand","embeddable":true,"href":"https:\/\/uj.adatbank.ro\/lexikon\/wp-json\/wp\/v2\/product_brand?post=5710"},{"taxonomy":"product_cat","embeddable":true,"href":"https:\/\/uj.adatbank.ro\/lexikon\/wp-json\/wp\/v2\/product_cat?post=5710"},{"taxonomy":"product_tag","embeddable":true,"href":"https:\/\/uj.adatbank.ro\/lexikon\/wp-json\/wp\/v2\/product_tag?post=5710"}],"curies":[{"name":"wp","href":"https:\/\/api.w.org\/{rel}","templated":true}]}}

<p>Nagyteremi, 1910. ápr. 12., † Kv., 1974. aug. 4. : tanár, botanikus. – Mv.-en a Papiu Ilarian Líc.-ban végezte a középiskolát (1928) és Kv.-on az egyetemet. Tanár Kv.-on dr. docens, a biológiai tudományok doktora (1948), egyetemi tanár, a Pedagógiai Főiskola prorektora (1952–56, 1970–73), rektora (1960–74). Számos tanulmánya jelent meg különböző folyóiratokban. Több középiskolai és egyetemi tankönyv írója, munkatársa a Dicţionar enciclopedic român 4. kötetének, Emil Pop tudósnak a palinologia (virágpór elemzés) megteremtőjének tanítványa és követője. – <strong>F. m.:</strong> Botanica farmaceutică (1948); Morfologia plantelor (Buc., 1965, 1971); Botanica pentru cl. a VIII-a (1967); Botanica pentru liceele agricole (1971); <strong>társsz.:</strong> Növénytan a VIII. o. számára. (Treţiu Traian, Ghişa Eugen-nel, Buc., 1960, 1961, 1962, 1964); Növénytan. Tankönyv a 12 o. iskolák IX. o. számára (Treţiu Traian, Ghişa Eugen-el. Buc., 1985, 1967); Compendiu de botanică (Buc., 1977). <br /><strong>Irod.:</strong> Clujenii ai sec. 20.; Formade; Studia Univ. Babeş-Bolyai: Index alf. (1964, 1972); Todea–Fülöp–Avram</br></p>

<p>Nagyteremi, 1910. ápr. 12., † Kv., 1974. aug. 4. : tanár, botanikus. – Mv.-en a Papiu Ilarian Líc.-ban végezte a középiskolát (1928) és Kv.-on az egyetemet. Tanár Kv.-on dr. docens, a biológiai tudományok doktora (1948), egyetemi tanár, a Pedagógiai Főiskola prorektora (1952–56, 1970–73), rektora (1960–74). Számos tanulmánya jelent meg különböző folyóiratokban. Több középiskolai és egyetemi [&hellip;]</p>
