{"id":5717,"date":"2025-06-28T17:27:35","date_gmt":"2025-06-28T15:27:35","guid":{"rendered":"https:\/\/uj.adatbank.ro\/lexikon\/termek\/cioloca-ioan\/"},"modified":"2025-06-28T17:27:35","modified_gmt":"2025-06-28T15:27:35","slug":"cioloca-ioan","status":"publish","type":"product","link":"https:\/\/uj.adatbank.ro\/lexikon\/termek\/cioloca-ioan\/","title":{"rendered":"CIOLOCA Ioan"},"content":{"rendered":"<p>? \u2020 ? : tan\u00edt\u00f3. \u2013 Mez\u0151szentandr\u00e1son tan\u00edtott (1864\u20131901). Szolg\u00e1lata idej\u00e9ben \u00e9p\u00fclt fel az els\u0151 rom\u00e1n tannyelv\u0171 g. kat. iskola. <br \/><strong>Irod.:<\/strong> Lunca<\/br><\/p>\n","protected":false},"excerpt":{"rendered":"<p>? \u2020 ? : tan\u00edt\u00f3. \u2013 Mez\u0151szentandr\u00e1son tan\u00edtott (1864\u20131901). Szolg\u00e1lata idej\u00e9ben \u00e9p\u00fclt fel az els\u0151 rom\u00e1n tannyelv\u0171 g. kat. iskola. Irod.: Lunca<\/p>\n","protected":false},"featured_media":0,"comment_status":"open","ping_status":"closed","template":"","meta":[],"product_brand":[],"product_cat":[137],"product_tag":[],"class_list":{"0":"post-5717","1":"product","2":"type-product","3":"status-publish","5":"product_cat-maros-megyei-eletrajzi-lexikon","7":"first","8":"instock","9":"shipping-taxable","10":"product-type-simple"},"_links":{"self":[{"href":"https:\/\/uj.adatbank.ro\/lexikon\/wp-json\/wp\/v2\/product\/5717","targetHints":{"allow":["GET"]}}],"collection":[{"href":"https:\/\/uj.adatbank.ro\/lexikon\/wp-json\/wp\/v2\/product"}],"about":[{"href":"https:\/\/uj.adatbank.ro\/lexikon\/wp-json\/wp\/v2\/types\/product"}],"replies":[{"embeddable":true,"href":"https:\/\/uj.adatbank.ro\/lexikon\/wp-json\/wp\/v2\/comments?post=5717"}],"wp:attachment":[{"href":"https:\/\/uj.adatbank.ro\/lexikon\/wp-json\/wp\/v2\/media?parent=5717"}],"wp:term":[{"taxonomy":"product_brand","embeddable":true,"href":"https:\/\/uj.adatbank.ro\/lexikon\/wp-json\/wp\/v2\/product_brand?post=5717"},{"taxonomy":"product_cat","embeddable":true,"href":"https:\/\/uj.adatbank.ro\/lexikon\/wp-json\/wp\/v2\/product_cat?post=5717"},{"taxonomy":"product_tag","embeddable":true,"href":"https:\/\/uj.adatbank.ro\/lexikon\/wp-json\/wp\/v2\/product_tag?post=5717"}],"curies":[{"name":"wp","href":"https:\/\/api.w.org\/{rel}","templated":true}]}}