{"id":5718,"date":"2025-06-28T17:27:36","date_gmt":"2025-06-28T15:27:36","guid":{"rendered":"https:\/\/uj.adatbank.ro\/lexikon\/termek\/cioloca-simion-%c2%a7-csoloka-simon\/"},"modified":"2025-06-28T17:27:36","modified_gmt":"2025-06-28T15:27:36","slug":"cioloca-simion-%c2%a7-csoloka-simon","status":"publish","type":"product","link":"https:\/\/uj.adatbank.ro\/lexikon\/termek\/cioloca-simion-%c2%a7-csoloka-simon\/","title":{"rendered":"CIOLOCA Simion, \u00a7 Csoloka Simon"},"content":{"rendered":"<p>Mez\u0151szentandr\u00e1s, 1877., \u2020 G\u00f6rg\u00e9nyszentimre, 1946. j\u00fan. 14.: tan\u00edt\u00f3. \u2013 Elemi iskol\u00e1t a sz\u00fcl\u0151faluban, tan\u00edt\u00f3k\u00e9pz\u0151t Bal\u00e1zsfalv\u00e1n v\u00e9gzett (1877). Tan\u00edtani Mez\u0151\u00f6rm\u00e9nyesen kezdett, onnan Sz\u00e1szhidv\u00e9gre, L\u00fadv\u00e9gre helyezt\u00e9ki, majd Fels\u0151b\u00f6lk\u00e9nybe, ahol a falu els\u0151 tan\u00edt\u00f3ja volt (1907\u2013). Tan\u00edt\u00f3i lak\u00e1st \u00e9s \u00faj egytantermes iskol\u00e1t \u00e9p\u00edttetett. M\u00e1s 22 marosi pappal \u00e9s \u00e9rtelmis\u00e9givel egy\u00fctt letart\u00f3ztatt\u00e1k, \u00e9s Mo.-on beb\u00f6rt\u00f6n\u00f6zt\u00e9k (1916). G\u00f6rg\u00e9nyszentimr\u00e9re ker\u00fclt, mint igazgat\u00f3-tan\u00edt\u00f3 vonult nyugalomba (1935). <br \/><strong>Irod.:<\/strong> Dasc\u0103li mure\u015feni, 5.; Sz\u00e9kelyf\u00f6ld \u00ed. k<\/br><\/p>\n","protected":false},"excerpt":{"rendered":"<p>Mez\u0151szentandr\u00e1s, 1877., \u2020 G\u00f6rg\u00e9nyszentimre, 1946. j\u00fan. 14.: tan\u00edt\u00f3. \u2013 Elemi iskol\u00e1t a sz\u00fcl\u0151faluban, tan\u00edt\u00f3k\u00e9pz\u0151t Bal\u00e1zsfalv\u00e1n v\u00e9gzett (1877). Tan\u00edtani Mez\u0151\u00f6rm\u00e9nyesen kezdett, onnan Sz\u00e1szhidv\u00e9gre, L\u00fadv\u00e9gre helyezt\u00e9ki, majd Fels\u0151b\u00f6lk\u00e9nybe, ahol a falu els\u0151 tan\u00edt\u00f3ja volt (1907\u2013). Tan\u00edt\u00f3i lak\u00e1st \u00e9s \u00faj egytantermes iskol\u00e1t \u00e9p\u00edttetett. M\u00e1s 22 marosi pappal \u00e9s \u00e9rtelmis\u00e9givel egy\u00fctt letart\u00f3ztatt\u00e1k, \u00e9s Mo.-on beb\u00f6rt\u00f6n\u00f6zt\u00e9k (1916). G\u00f6rg\u00e9nyszentimr\u00e9re ker\u00fclt, mint [&hellip;]<\/p>\n","protected":false},"featured_media":0,"comment_status":"open","ping_status":"closed","template":"","meta":[],"product_brand":[],"product_cat":[137],"product_tag":[],"class_list":{"0":"post-5718","1":"product","2":"type-product","3":"status-publish","5":"product_cat-maros-megyei-eletrajzi-lexikon","7":"first","8":"instock","9":"shipping-taxable","10":"product-type-simple"},"_links":{"self":[{"href":"https:\/\/uj.adatbank.ro\/lexikon\/wp-json\/wp\/v2\/product\/5718","targetHints":{"allow":["GET"]}}],"collection":[{"href":"https:\/\/uj.adatbank.ro\/lexikon\/wp-json\/wp\/v2\/product"}],"about":[{"href":"https:\/\/uj.adatbank.ro\/lexikon\/wp-json\/wp\/v2\/types\/product"}],"replies":[{"embeddable":true,"href":"https:\/\/uj.adatbank.ro\/lexikon\/wp-json\/wp\/v2\/comments?post=5718"}],"wp:attachment":[{"href":"https:\/\/uj.adatbank.ro\/lexikon\/wp-json\/wp\/v2\/media?parent=5718"}],"wp:term":[{"taxonomy":"product_brand","embeddable":true,"href":"https:\/\/uj.adatbank.ro\/lexikon\/wp-json\/wp\/v2\/product_brand?post=5718"},{"taxonomy":"product_cat","embeddable":true,"href":"https:\/\/uj.adatbank.ro\/lexikon\/wp-json\/wp\/v2\/product_cat?post=5718"},{"taxonomy":"product_tag","embeddable":true,"href":"https:\/\/uj.adatbank.ro\/lexikon\/wp-json\/wp\/v2\/product_tag?post=5718"}],"curies":[{"name":"wp","href":"https:\/\/api.w.org\/{rel}","templated":true}]}}

<p>Mezőszentandrás, 1877., † Görgényszentimre, 1946. jún. 14.: tanító. – Elemi iskolát a szülőfaluban, tanítóképzőt Balázsfalván végzett (1877). Tanítani Mezőörményesen kezdett, onnan Szászhidvégre, Lúdvégre helyeztéki, majd Felsőbölkénybe, ahol a falu első tanítója volt (1907–). Tanítói lakást és új egytantermes iskolát építtetett. Más 22 marosi pappal és értelmiségivel együtt letartóztatták, és Mo.-on bebörtönözték (1916). Görgényszentimrére került, mint igazgató-tanító vonult nyugalomba (1935). <br /><strong>Irod.:</strong> Dascăli mureşeni, 5.; Székelyföld í. k</br></p>

<p>Mezőszentandrás, 1877., † Görgényszentimre, 1946. jún. 14.: tanító. – Elemi iskolát a szülőfaluban, tanítóképzőt Balázsfalván végzett (1877). Tanítani Mezőörményesen kezdett, onnan Szászhidvégre, Lúdvégre helyeztéki, majd Felsőbölkénybe, ahol a falu első tanítója volt (1907–). Tanítói lakást és új egytantermes iskolát építtetett. Más 22 marosi pappal és értelmiségivel együtt letartóztatták, és Mo.-on bebörtönözték (1916). Görgényszentimrére került, mint [&hellip;]</p>
