{"id":5722,"date":"2025-06-28T17:27:45","date_gmt":"2025-06-28T15:27:45","guid":{"rendered":"https:\/\/uj.adatbank.ro\/lexikon\/termek\/cioranu-serban-cioran-serban\/"},"modified":"2025-06-28T17:27:45","modified_gmt":"2025-06-28T15:27:45","slug":"cioranu-serban-cioran-serban","status":"publish","type":"product","link":"https:\/\/uj.adatbank.ro\/lexikon\/termek\/cioranu-serban-cioran-serban\/","title":{"rendered":"CIORANU \u015eerban, Cioran \u015eerban"},"content":{"rendered":"<p>? \u2020\u00a0? : \u00e9p\u00edt\u00e9szm\u00e9rn\u00f6k, villanytelep igazgat\u00f3. \u2013 A mv.-i k\u00f6z\u00fczemek igazgat\u00f3ja. V\u00e1rosi m\u0171szaki oszt\u00e1ly vezet\u0151je. Tervet k\u00e9sz\u00edtett a Maros szab\u00e1lyoz\u00e1s\u00e1ra a Nagyg\u00e1t alatti szakaszon (1927). A v\u00e1rosi mozi vezet\u0151je (1931). A v\u00e1rosi jegyz\u0151 helyettese (1938). Nev\u00e9hez f\u0171z\u0151dik a mv.-i sportp\u00e1lya \u00e9p\u00edt\u00e9se a Municipiumi Parkban (1929), amelyet lel\u00e1t\u00f3val is b\u0151v\u00edtettek (1934). Az ar\u00e9n\u00e1t a Maros Sportklub avatta fel, volt benne egy labdar\u00fag\u00f3 p\u00e1lya, t\u00e1vfut\u00f3 p\u00e1lya, 5 teniszp\u00e1lya \u00e9s egy korcsolapavilon (1936). \u2013 <strong>F. m.:<\/strong> <strong>t\u00e1rssz.:<\/strong> Programul de lucru \u015fi tarifele de ap\u0103 \u015fi canal (Tg. Mure\u015f, 1939); Tarifele de v\u00e2nzarea energiei electrice (Tg. M., 1939); Tarifele taxelor de ridicarea gunoaielor menajere (Tg. M., 1939). <br \/><strong>Irod.:<\/strong> F\u00fcl\u00f6p\u2013Ferencz; Id\u0151t\u00e1r 3; Ra\u0163iu: Sportul mure\u015fan<\/br><\/p>\n","protected":false},"excerpt":{"rendered":"<p>? \u2020\u00a0? : \u00e9p\u00edt\u00e9szm\u00e9rn\u00f6k, villanytelep igazgat\u00f3. \u2013 A mv.-i k\u00f6z\u00fczemek igazgat\u00f3ja. V\u00e1rosi m\u0171szaki oszt\u00e1ly vezet\u0151je. Tervet k\u00e9sz\u00edtett a Maros szab\u00e1lyoz\u00e1s\u00e1ra a Nagyg\u00e1t alatti szakaszon (1927). A v\u00e1rosi mozi vezet\u0151je (1931). A v\u00e1rosi jegyz\u0151 helyettese (1938). Nev\u00e9hez f\u0171z\u0151dik a mv.-i sportp\u00e1lya \u00e9p\u00edt\u00e9se a Municipiumi Parkban (1929), amelyet lel\u00e1t\u00f3val is b\u0151v\u00edtettek (1934). Az ar\u00e9n\u00e1t a Maros Sportklub [&hellip;]<\/p>\n","protected":false},"featured_media":0,"comment_status":"open","ping_status":"closed","template":"","meta":[],"product_brand":[],"product_cat":[137],"product_tag":[],"class_list":{"0":"post-5722","1":"product","2":"type-product","3":"status-publish","5":"product_cat-maros-megyei-eletrajzi-lexikon","7":"first","8":"instock","9":"shipping-taxable","10":"product-type-simple"},"_links":{"self":[{"href":"https:\/\/uj.adatbank.ro\/lexikon\/wp-json\/wp\/v2\/product\/5722","targetHints":{"allow":["GET"]}}],"collection":[{"href":"https:\/\/uj.adatbank.ro\/lexikon\/wp-json\/wp\/v2\/product"}],"about":[{"href":"https:\/\/uj.adatbank.ro\/lexikon\/wp-json\/wp\/v2\/types\/product"}],"replies":[{"embeddable":true,"href":"https:\/\/uj.adatbank.ro\/lexikon\/wp-json\/wp\/v2\/comments?post=5722"}],"wp:attachment":[{"href":"https:\/\/uj.adatbank.ro\/lexikon\/wp-json\/wp\/v2\/media?parent=5722"}],"wp:term":[{"taxonomy":"product_brand","embeddable":true,"href":"https:\/\/uj.adatbank.ro\/lexikon\/wp-json\/wp\/v2\/product_brand?post=5722"},{"taxonomy":"product_cat","embeddable":true,"href":"https:\/\/uj.adatbank.ro\/lexikon\/wp-json\/wp\/v2\/product_cat?post=5722"},{"taxonomy":"product_tag","embeddable":true,"href":"https:\/\/uj.adatbank.ro\/lexikon\/wp-json\/wp\/v2\/product_tag?post=5722"}],"curies":[{"name":"wp","href":"https:\/\/api.w.org\/{rel}","templated":true}]}}