{"id":5724,"date":"2025-06-28T17:27:49","date_gmt":"2025-06-28T15:27:49","guid":{"rendered":"https:\/\/uj.adatbank.ro\/lexikon\/termek\/ciorogaru-nicolae-%c2%a7\/"},"modified":"2025-06-28T17:27:49","modified_gmt":"2025-06-28T15:27:49","slug":"ciorogaru-nicolae-%c2%a7","status":"publish","type":"product","link":"https:\/\/uj.adatbank.ro\/lexikon\/termek\/ciorogaru-nicolae-%c2%a7\/","title":{"rendered":"CIOROGARU Nicolae, \u00a7"},"content":{"rendered":"<p>Szelindek, 1910. m\u00e1rc. 18., \u2020 Buk., 1973.: tan\u00edt\u00f3. \u2013 Tan\u00edt\u00f3k\u00e9pz\u0151t Szebenben v\u00e9gzett (1932). Holl\u00f3sark\u00e1ra helyezt\u00e9k tan\u00edtani (1932\u201335), onnan Erny\u00e9be ker\u00fclt (1938\u201340), elmenek\u00fclt Nagyekerekmez\u0151be (1940\u201345), ahol k\u00e9t \u00e9vig igazgat-tan\u00edt\u00f3 volt. Katonak\u00e9nt r\u00e9szt vett a II. vh. harcaiban (1940\u201344). Miut\u00e1n hazat\u00e9rt, Erny\u00e9ben tan\u00edtott (1945\u201346), onnan Meggyesfalv\u00e1ra helyezt\u00e9k, ahol igazgat\u00f3-tan\u00edt\u00f3k\u00e9nt m\u0171k\u0151d\u00f6tt (1946\u20131952). Marosszentgy\u00f6rgyre tan\u00edt\u00f3k\u00e9nt ill. helyettes tan\u00e1rk\u00e9nt ker\u00fclt (1952\u201367), ahol k\u00f6zben iskola igazgat\u00f3 is volt (1953\u201358). Mag\u00e1n\u00faton Kv.-on elv\u00e9gezte az egyetem t\u00f6rt\u00e9nelemtan\u00e1ri szak\u00e1t (1959\u201367). Az egyetem elv\u00e9gz\u00e9s\u00e9nek \u00e9v\u00e9ben nyugd\u00edjba vonult (1967). Buk. -be k\u00f6lt\u00f6z\u00f6tt a fi\u00e1hoz. <br \/><strong>Irod.:<\/strong> S\u00e2ngeorgiu de Mure\u015f<\/br><\/p>\n","protected":false},"excerpt":{"rendered":"<p>Szelindek, 1910. m\u00e1rc. 18., \u2020 Buk., 1973.: tan\u00edt\u00f3. \u2013 Tan\u00edt\u00f3k\u00e9pz\u0151t Szebenben v\u00e9gzett (1932). Holl\u00f3sark\u00e1ra helyezt\u00e9k tan\u00edtani (1932\u201335), onnan Erny\u00e9be ker\u00fclt (1938\u201340), elmenek\u00fclt Nagyekerekmez\u0151be (1940\u201345), ahol k\u00e9t \u00e9vig igazgat-tan\u00edt\u00f3 volt. Katonak\u00e9nt r\u00e9szt vett a II. vh. harcaiban (1940\u201344). Miut\u00e1n hazat\u00e9rt, Erny\u00e9ben tan\u00edtott (1945\u201346), onnan Meggyesfalv\u00e1ra helyezt\u00e9k, ahol igazgat\u00f3-tan\u00edt\u00f3k\u00e9nt m\u0171k\u0151d\u00f6tt (1946\u20131952). Marosszentgy\u00f6rgyre tan\u00edt\u00f3k\u00e9nt ill. helyettes tan\u00e1rk\u00e9nt ker\u00fclt [&hellip;]<\/p>\n","protected":false},"featured_media":0,"comment_status":"open","ping_status":"closed","template":"","meta":[],"product_brand":[],"product_cat":[137],"product_tag":[],"class_list":{"0":"post-5724","1":"product","2":"type-product","3":"status-publish","5":"product_cat-maros-megyei-eletrajzi-lexikon","7":"first","8":"instock","9":"shipping-taxable","10":"product-type-simple"},"_links":{"self":[{"href":"https:\/\/uj.adatbank.ro\/lexikon\/wp-json\/wp\/v2\/product\/5724","targetHints":{"allow":["GET"]}}],"collection":[{"href":"https:\/\/uj.adatbank.ro\/lexikon\/wp-json\/wp\/v2\/product"}],"about":[{"href":"https:\/\/uj.adatbank.ro\/lexikon\/wp-json\/wp\/v2\/types\/product"}],"replies":[{"embeddable":true,"href":"https:\/\/uj.adatbank.ro\/lexikon\/wp-json\/wp\/v2\/comments?post=5724"}],"wp:attachment":[{"href":"https:\/\/uj.adatbank.ro\/lexikon\/wp-json\/wp\/v2\/media?parent=5724"}],"wp:term":[{"taxonomy":"product_brand","embeddable":true,"href":"https:\/\/uj.adatbank.ro\/lexikon\/wp-json\/wp\/v2\/product_brand?post=5724"},{"taxonomy":"product_cat","embeddable":true,"href":"https:\/\/uj.adatbank.ro\/lexikon\/wp-json\/wp\/v2\/product_cat?post=5724"},{"taxonomy":"product_tag","embeddable":true,"href":"https:\/\/uj.adatbank.ro\/lexikon\/wp-json\/wp\/v2\/product_tag?post=5724"}],"curies":[{"name":"wp","href":"https:\/\/api.w.org\/{rel}","templated":true}]}}

<p>Szelindek, 1910. márc. 18., † Buk., 1973.: tanító. – Tanítóképzőt Szebenben végzett (1932). Hollósarkára helyezték tanítani (1932–35), onnan Ernyébe került (1938–40), elmenekült Nagyekerekmezőbe (1940–45), ahol két évig igazgat-tanító volt. Katonaként részt vett a II. vh. harcaiban (1940–44). Miután hazatért, Ernyében tanított (1945–46), onnan Meggyesfalvára helyezték, ahol igazgató-tanítóként műkődött (1946–1952). Marosszentgyörgyre tanítóként ill. helyettes tanárként került (1952–67), ahol közben iskola igazgató is volt (1953–58). Magánúton Kv.-on elvégezte az egyetem történelemtanári szakát (1959–67). Az egyetem elvégzésének évében nyugdíjba vonult (1967). Buk. -be költözött a fiához. <br /><strong>Irod.:</strong> Sângeorgiu de Mureş</br></p>

<p>Szelindek, 1910. márc. 18., † Buk., 1973.: tanító. – Tanítóképzőt Szebenben végzett (1932). Hollósarkára helyezték tanítani (1932–35), onnan Ernyébe került (1938–40), elmenekült Nagyekerekmezőbe (1940–45), ahol két évig igazgat-tanító volt. Katonaként részt vett a II. vh. harcaiban (1940–44). Miután hazatért, Ernyében tanított (1945–46), onnan Meggyesfalvára helyezték, ahol igazgató-tanítóként műkődött (1946–1952). Marosszentgyörgyre tanítóként ill. helyettes tanárként került [&hellip;]</p>
